-- Table structure for table `countries`
--

CREATE TABLE IF NOT EXISTS `countries` (
  `id` int UNSIGNED NOT NULL AUTO_INCREMENT,
  `code` varchar(2) CHARACTER SET utf8mb4 COLLATE utf8mb4_general_ci DEFAULT NULL,
  `name` varchar(191) CHARACTER SET utf8mb4 COLLATE utf8mb4_general_ci NOT NULL,
  `zone_id` int UNSIGNED NOT NULL DEFAULT '0',
  `status` tinyint(1) NOT NULL DEFAULT '1',
  `created_at` timestamp NULL DEFAULT NULL,
  `updated_at` timestamp NULL DEFAULT NULL,
  `deleted_at` timestamp NULL DEFAULT NULL,
  PRIMARY KEY (`id`),
  KEY `countries_status_name_index` (`status`,`name`)
) ENGINE=InnoDB AUTO_INCREMENT=247 DEFAULT CHARSET=utf8mb4 COLLATE=utf8mb4_general_ci;

--
-- Dumping data for table `countries`
--

INSERT INTO `countries` (`id`, `code`, `name`, `zone_id`, `status`, `created_at`, `updated_at`, `deleted_at`) VALUES
(1, 'AF', 'Afghanistan', 0, 0, '2021-04-05 19:36:30', '2021-10-10 19:04:13', NULL),
(2, 'AL', 'Albania', 0, 0, '2021-04-05 19:36:30', NULL, NULL),
(3, 'DZ', 'Algeria', 0, 0, '2021-04-05 19:36:30', NULL, NULL),
(4, 'AS', 'American Samoa', 0, 0, '2021-04-05 19:36:30', NULL, NULL),
(5, 'AD', 'Andorra', 0, 0, '2021-04-05 19:36:30', NULL, NULL),
(6, 'AO', 'Angola', 0, 0, '2021-04-05 19:36:30', NULL, NULL),
(7, 'AI', 'Anguilla', 0, 0, '2021-04-05 19:36:30', NULL, NULL),
(8, 'AQ', 'Antarctica', 0, 0, '2021-04-05 19:36:30', NULL, NULL),
(9, 'AG', 'Antigua And Barbuda', 0, 0, '2021-04-05 19:36:30', NULL, NULL),
(10, 'AR', 'Argentina', 0, 0, '2021-04-05 19:36:30', NULL, NULL),
(11, 'AM', 'Armenia', 0, 0, '2021-04-05 19:36:30', NULL, NULL),
(12, 'AW', 'Aruba', 0, 0, '2021-04-05 19:36:30', NULL, NULL),
(13, 'AU', 'Australia', 0, 0, '2021-04-05 19:36:30', NULL, NULL),
(14, 'AT', 'Austria', 0, 0, '2021-04-05 19:36:30', NULL, NULL),
(15, 'AZ', 'Azerbaijan', 0, 0, '2021-04-05 19:36:30', NULL, NULL),
(16, 'BS', 'Bahamas The', 0, 0, '2021-04-05 19:36:30', NULL, NULL),
(17, 'BH', 'Bahrain', 0, 0, '2021-04-05 19:36:30', NULL, NULL),
(18, 'BD', 'Bangladesh', 0, 0, '2021-04-05 19:36:30', NULL, NULL),
(19, 'BB', 'Barbados', 0, 0, '2021-04-05 19:36:30', NULL, NULL),
(20, 'BY', 'Belarus', 0, 0, '2021-04-05 19:36:30', NULL, NULL),
(21, 'BE', 'Belgium', 0, 0, '2021-04-05 19:36:30', NULL, NULL),
(22, 'BZ', 'Belize', 0, 0, '2021-04-05 19:36:30', NULL, NULL),
(23, 'BJ', 'Benin', 0, 0, '2021-04-05 19:36:30', NULL, NULL),
(24, 'BM', 'Bermuda', 0, 0, '2021-04-05 19:36:30', NULL, NULL),
(25, 'BT', 'Bhutan', 0, 0, '2021-04-05 19:36:30', NULL, NULL),
(26, 'BO', 'Bolivia', 0, 0, '2021-04-05 19:36:30', NULL, NULL),
(27, 'BA', 'Bosnia and Herzegovina', 0, 0, '2021-04-05 19:36:30', NULL, NULL),
(28, 'BW', 'Botswana', 0, 0, '2021-04-05 19:36:30', NULL, NULL),
(29, 'BV', 'Bouvet Island', 0, 0, '2021-04-05 19:36:30', NULL, NULL),
(30, 'BR', 'Brazil', 0, 0, '2021-04-05 19:36:30', NULL, NULL),
(31, 'IO', 'British Indian Ocean Territory', 0, 0, '2021-04-05 19:36:30', NULL, NULL),
(32, 'BN', 'Brunei', 0, 0, '2021-04-05 19:36:30', NULL, NULL),
(33, 'BG', 'Bulgaria', 0, 0, '2021-04-05 19:36:30', NULL, NULL),
(34, 'BF', 'Burkina Faso', 0, 0, '2021-04-05 19:36:30', NULL, NULL),
(35, 'BI', 'Burundi', 0, 0, '2021-04-05 19:36:30', NULL, NULL),
(36, 'KH', 'Cambodia', 0, 0, '2021-04-05 19:36:30', NULL, NULL),
(37, 'CM', 'Cameroon', 0, 0, '2021-04-05 19:36:30', NULL, NULL),
(38, 'CA', 'Canada', 0, 0, '2021-04-05 19:36:30', NULL, NULL),
(39, 'CV', 'Cape Verde', 0, 0, '2021-04-05 19:36:30', NULL, NULL),
(40, 'KY', 'Cayman Islands', 0, 0, '2021-04-05 19:36:30', NULL, NULL),
(41, 'CF', 'Central African Republic', 0, 0, '2021-04-05 19:36:30', NULL, NULL),
(42, 'TD', 'Chad', 0, 0, '2021-04-05 19:36:30', NULL, NULL),
(43, 'CL', 'Chile', 0, 0, '2021-04-05 19:36:30', NULL, NULL),
(44, 'CN', 'China', 0, 0, '2021-04-05 19:36:30', NULL, NULL),
(45, 'CX', 'Christmas Island', 0, 0, '2021-04-05 19:36:30', NULL, NULL),
(46, 'CC', 'Cocos (Keeling) Islands', 0, 0, '2021-04-05 19:36:30', NULL, NULL),
(47, 'CO', 'Colombia', 0, 0, '2021-04-05 19:36:30', NULL, NULL),
(48, 'KM', 'Comoros', 0, 0, '2021-04-05 19:36:30', NULL, NULL),
(49, 'CG', 'Republic Of The Congo', 0, 0, '2021-04-05 19:36:30', NULL, NULL),
(50, 'CD', 'Democratic Republic Of The Congo', 0, 0, '2021-04-05 19:36:30', NULL, NULL),
(51, 'CK', 'Cook Islands', 0, 0, '2021-04-05 19:36:30', NULL, NULL),
(52, 'CR', 'Costa Rica', 0, 0, '2021-04-05 19:36:30', NULL, NULL),
(53, 'CI', 'Cote DIvoire (Ivory Coast)', 0, 0, '2021-04-05 19:36:30', NULL, NULL),
(54, 'HR', 'Croatia (Hrvatska)', 0, 0, '2021-04-05 19:36:30', NULL, NULL),
(55, 'CU', 'Cuba', 0, 0, '2021-04-05 19:36:30', NULL, NULL),
(56, 'CY', 'Cyprus', 0, 0, '2021-04-05 19:36:30', NULL, NULL),
(57, 'CZ', 'Czech Republic', 0, 0, '2021-04-05 19:36:30', NULL, NULL),
(58, 'DK', 'Denmark', 0, 0, '2021-04-05 19:36:30', NULL, NULL),
(59, 'DJ', 'Djibouti', 0, 0, '2021-04-05 19:36:30', NULL, NULL),
(60, 'DM', 'Dominica', 0, 0, '2021-04-05 19:36:30', NULL, NULL),
(61, 'DO', 'Dominican Republic', 0, 0, '2021-04-05 19:36:30', NULL, NULL),
(62, 'TP', 'East Timor', 0, 0, '2021-04-05 19:36:30', NULL, NULL),
(63, 'EC', 'Ecuador', 0, 0, '2021-04-05 19:36:30', NULL, NULL),
(64, 'EG', 'Egypt', 0, 0, '2021-04-05 19:36:30', NULL, NULL),
(65, 'SV', 'El Salvador', 0, 0, '2021-04-05 19:36:30', NULL, NULL),
(66, 'GQ', 'Equatorial Guinea', 0, 0, '2021-04-05 19:36:30', NULL, NULL),
(67, 'ER', 'Eritrea', 0, 0, '2021-04-05 19:36:30', NULL, NULL),
(68, 'EE', 'Estonia', 0, 0, '2021-04-05 19:36:30', NULL, NULL),
(69, 'ET', 'Ethiopia', 0, 0, '2021-04-05 19:36:30', NULL, NULL),
(70, 'XA', 'External Territories of Australia', 0, 0, '2021-04-05 19:36:30', NULL, NULL),
(71, 'FK', 'Falkland Islands', 0, 0, '2021-04-05 19:36:30', NULL, NULL),
(72, 'FO', 'Faroe Islands', 0, 0, '2021-04-05 19:36:30', NULL, NULL),
(73, 'FJ', 'Fiji Islands', 0, 0, '2021-04-05 19:36:30', NULL, NULL),
(74, 'FI', 'Finland', 0, 0, '2021-04-05 19:36:30', NULL, NULL),
(75, 'FR', 'France', 0, 0, '2021-04-05 19:36:30', NULL, NULL),
(76, 'GF', 'French Guiana', 0, 0, '2021-04-05 19:36:30', NULL, NULL),
(77, 'PF', 'French Polynesia', 0, 0, '2021-04-05 19:36:30', NULL, NULL),
(78, 'TF', 'French Southern Territories', 0, 0, '2021-04-05 19:36:30', NULL, NULL),
(79, 'GA', 'Gabon', 0, 0, '2021-04-05 19:36:30', NULL, NULL),
(80, 'GM', 'Gambia The', 0, 0, '2021-04-05 19:36:30', NULL, NULL),
(81, 'GE', 'Georgia', 0, 0, '2021-04-05 19:36:30', NULL, NULL),
(82, 'DE', 'Germany', 0, 0, '2021-04-05 19:36:30', NULL, NULL),
(83, 'GH', 'Ghana', 0, 0, '2021-04-05 19:36:30', NULL, NULL),
(84, 'GI', 'Gibraltar', 0, 0, '2021-04-05 19:36:30', NULL, NULL),
(85, 'GR', 'Greece', 0, 0, '2021-04-05 19:36:30', NULL, NULL),
(86, 'GL', 'Greenland', 0, 0, '2021-04-05 19:36:30', NULL, NULL),
(87, 'GD', 'Grenada', 0, 0, '2021-04-05 19:36:30', NULL, NULL),
(88, 'GP', 'Guadeloupe', 0, 0, '2021-04-05 19:36:30', NULL, NULL),
(89, 'GU', 'Guam', 0, 0, '2021-04-05 19:36:30', NULL, NULL),
(90, 'GT', 'Guatemala', 0, 0, '2021-04-05 19:36:30', NULL, NULL),
(91, 'XU', 'Guernsey and Alderney', 0, 0, '2021-04-05 19:36:30', NULL, NULL),
(92, 'GN', 'Guinea', 0, 0, '2021-04-05 19:36:30', NULL, NULL),
(93, 'GW', 'Guinea-Bissau', 0, 0, '2021-04-05 19:36:30', NULL, NULL),
(94, 'GY', 'Guyana', 0, 0, '2021-04-05 19:36:30', NULL, NULL),
(95, 'HT', 'Haiti', 0, 0, '2021-04-05 19:36:30', NULL, NULL),
(96, 'HM', 'Heard and McDonald Islands', 0, 0, '2021-04-05 19:36:30', NULL, NULL),
(97, 'HN', 'Honduras', 0, 0, '2021-04-05 19:36:30', NULL, NULL),
(98, 'HK', 'Hong Kong S.A.R.', 0, 0, '2021-04-05 19:36:30', NULL, NULL),
(99, 'HU', 'Hungary', 0, 0, '2021-04-05 19:36:30', NULL, NULL),
(100, 'IS', 'Iceland', 0, 0, '2021-04-05 19:36:30', NULL, NULL),
(101, 'IN', 'India', 0, 1, '2021-04-05 19:36:30', '2025-08-16 06:05:51', NULL),
(102, 'ID', 'Indonesia', 0, 0, '2021-04-05 19:36:30', NULL, NULL),
(103, 'IR', 'Iran', 0, 0, '2021-04-05 19:36:30', NULL, NULL),
(104, 'IQ', 'Iraq', 0, 0, '2021-04-05 19:36:30', NULL, NULL),
(105, 'IE', 'Ireland', 0, 0, '2021-04-05 19:36:30', NULL, NULL),
(106, 'IL', 'Israel', 0, 0, '2021-04-05 19:36:30', NULL, NULL),
(107, 'IT', 'Italy', 0, 0, '2021-04-05 19:36:30', NULL, NULL),
(108, 'JM', 'Jamaica', 0, 0, '2021-04-05 19:36:30', NULL, NULL),
(109, 'JP', 'Japan', 0, 0, '2021-04-05 19:36:30', NULL, NULL),
(110, 'XJ', 'Jersey', 0, 0, '2021-04-05 19:36:30', NULL, NULL),
(111, 'JO', 'Jordan', 0, 0, '2021-04-05 19:36:30', NULL, NULL),
(112, 'KZ', 'Kazakhstan', 0, 0, '2021-04-05 19:36:30', NULL, NULL),
(113, 'KE', 'Kenya', 0, 0, '2021-04-05 19:36:30', NULL, NULL),
(114, 'KI', 'Kiribati', 0, 0, '2021-04-05 19:36:30', NULL, NULL),
(115, 'KP', 'Korea North', 0, 0, '2021-04-05 19:36:30', NULL, NULL),
(116, 'KR', 'Korea South', 0, 0, '2021-04-05 19:36:30', NULL, NULL),
(117, 'KW', 'Kuwait', 0, 0, '2021-04-05 19:36:30', NULL, NULL),
(118, 'KG', 'Kyrgyzstan', 0, 0, '2021-04-05 19:36:30', NULL, NULL),
(119, 'LA', 'Laos', 0, 0, '2021-04-05 19:36:30', NULL, NULL),
(120, 'LV', 'Latvia', 0, 0, '2021-04-05 19:36:30', NULL, NULL),
(121, 'LB', 'Lebanon', 0, 0, '2021-04-05 19:36:30', NULL, NULL),
(122, 'LS', 'Lesotho', 0, 0, '2021-04-05 19:36:30', NULL, NULL),
(123, 'LR', 'Liberia', 0, 0, '2021-04-05 19:36:30', NULL, NULL),
(124, 'LY', 'Libya', 0, 0, '2021-04-05 19:36:30', NULL, NULL),
(125, 'LI', 'Liechtenstein', 0, 0, '2021-04-05 19:36:30', NULL, NULL),
(126, 'LT', 'Lithuania', 0, 0, '2021-04-05 19:36:30', NULL, NULL),
(127, 'LU', 'Luxembourg', 0, 0, '2021-04-05 19:36:30', NULL, NULL),
(128, 'MO', 'Macau S.A.R.', 0, 0, '2021-04-05 19:36:30', NULL, NULL),
(129, 'MK', 'Macedonia', 0, 0, '2021-04-05 19:36:30', NULL, NULL),
(130, 'MG', 'Madagascar', 0, 0, '2021-04-05 19:36:30', NULL, NULL),
(131, 'MW', 'Malawi', 0, 0, '2021-04-05 19:36:30', NULL, NULL),
(132, 'MY', 'Malaysia', 0, 0, '2021-04-05 19:36:30', NULL, NULL),
(133, 'MV', 'Maldives', 0, 0, '2021-04-05 19:36:30', NULL, NULL),
(134, 'ML', 'Mali', 0, 0, '2021-04-05 19:36:30', NULL, NULL),
(135, 'MT', 'Malta', 0, 0, '2021-04-05 19:36:30', NULL, NULL),
(136, 'XM', 'Man (Isle of)', 0, 0, '2021-04-05 19:36:30', NULL, NULL),
(137, 'MH', 'Marshall Islands', 0, 0, '2021-04-05 19:36:30', NULL, NULL),
(138, 'MQ', 'Martinique', 0, 0, '2021-04-05 19:36:30', NULL, NULL),
(139, 'MR', 'Mauritania', 0, 0, '2021-04-05 19:36:30', NULL, NULL),
(140, 'MU', 'Mauritius', 0, 0, '2021-04-05 19:36:30', NULL, NULL),
(141, 'YT', 'Mayotte', 0, 0, '2021-04-05 19:36:30', NULL, NULL),
(142, 'MX', 'Mexico', 0, 0, '2021-04-05 19:36:30', NULL, NULL),
(143, 'FM', 'Micronesia', 0, 0, '2021-04-05 19:36:30', NULL, NULL),
(144, 'MD', 'Moldova', 0, 0, '2021-04-05 19:36:30', NULL, NULL),
(145, 'MC', 'Monaco', 0, 0, '2021-04-05 19:36:30', NULL, NULL),
(146, 'MN', 'Mongolia', 0, 0, '2021-04-05 19:36:30', NULL, NULL),
(147, 'MS', 'Montserrat', 0, 0, '2021-04-05 19:36:30', NULL, NULL),
(148, 'MA', 'Morocco', 0, 0, '2021-04-05 19:36:30', NULL, NULL),
(149, 'MZ', 'Mozambique', 0, 0, '2021-04-05 19:36:30', NULL, NULL),
(150, 'MM', 'Myanmar', 0, 0, '2021-04-05 19:36:30', NULL, NULL),
(151, 'NA', 'Namibia', 0, 0, '2021-04-05 19:36:30', NULL, NULL),
(152, 'NR', 'Nauru', 0, 0, '2021-04-05 19:36:30', NULL, NULL),
(153, 'NP', 'Nepal', 0, 0, '2021-04-05 19:36:30', NULL, NULL),
(154, 'AN', 'Netherlands Antilles', 0, 0, '2021-04-05 19:36:30', NULL, NULL),
(155, 'NL', 'Netherlands The', 0, 0, '2021-04-05 19:36:30', NULL, NULL),
(156, 'NC', 'New Caledonia', 0, 0, '2021-04-05 19:36:30', NULL, NULL),
(157, 'NZ', 'New Zealand', 0, 0, '2021-04-05 19:36:30', NULL, NULL),
(158, 'NI', 'Nicaragua', 0, 0, '2021-04-05 19:36:30', NULL, NULL),
(159, 'NE', 'Niger', 0, 0, '2021-04-05 19:36:30', NULL, NULL),
(160, 'NG', 'Nigeria', 0, 0, '2021-04-05 19:36:30', NULL, NULL),
(161, 'NU', 'Niue', 0, 0, '2021-04-05 19:36:30', NULL, NULL),
(162, 'NF', 'Norfolk Island', 0, 0, '2021-04-05 19:36:30', NULL, NULL),
(163, 'MP', 'Northern Mariana Islands', 0, 0, '2021-04-05 19:36:30', NULL, NULL),
(164, 'NO', 'Norway', 0, 0, '2021-04-05 19:36:30', NULL, NULL),
(165, 'OM', 'Oman', 0, 0, '2021-04-05 19:36:30', NULL, NULL),
(166, 'PK', 'Pakistan', 0, 0, '2021-04-05 19:36:30', NULL, NULL),
(167, 'PW', 'Palau', 0, 0, '2021-04-05 19:36:30', NULL, NULL),
(168, 'PS', 'Palestinian Territory Occupied', 0, 0, '2021-04-05 19:36:30', NULL, NULL),
(169, 'PA', 'Panama', 0, 0, '2021-04-05 19:36:30', NULL, NULL),
(170, 'PG', 'Papua new Guinea', 0, 0, '2021-04-05 19:36:30', NULL, NULL),
(171, 'PY', 'Paraguay', 0, 0, '2021-04-05 19:36:30', NULL, NULL),
(172, 'PE', 'Peru', 0, 0, '2021-04-05 19:36:30', NULL, NULL),
(173, 'PH', 'Philippines', 0, 0, '2021-04-05 19:36:30', NULL, NULL),
(174, 'PN', 'Pitcairn Island', 0, 0, '2021-04-05 19:36:30', NULL, NULL),
(175, 'PL', 'Poland', 0, 0, '2021-04-05 19:36:30', NULL, NULL),
(176, 'PT', 'Portugal', 0, 0, '2021-04-05 19:36:30', NULL, NULL),
(177, 'PR', 'Puerto Rico', 0, 0, '2021-04-05 19:36:30', NULL, NULL),
(178, 'QA', 'Qatar', 0, 0, '2021-04-05 19:36:30', NULL, NULL),
(179, 'RE', 'Reunion', 0, 0, '2021-04-05 19:36:30', NULL, NULL),
(180, 'RO', 'Romania', 0, 0, '2021-04-05 19:36:30', NULL, NULL),
(181, 'RU', 'Russia', 0, 0, '2021-04-05 19:36:30', NULL, NULL),
(182, 'RW', 'Rwanda', 0, 0, '2021-04-05 19:36:30', NULL, NULL),
(183, 'SH', 'Saint Helena', 0, 0, '2021-04-05 19:36:30', NULL, NULL),
(184, 'KN', 'Saint Kitts And Nevis', 0, 0, '2021-04-05 19:36:30', NULL, NULL),
(185, 'LC', 'Saint Lucia', 0, 0, '2021-04-05 19:36:30', NULL, NULL),
(186, 'PM', 'Saint Pierre and Miquelon', 0, 0, '2021-04-05 19:36:30', NULL, NULL),
(187, 'VC', 'Saint Vincent And The Grenadines', 0, 0, '2021-04-05 19:36:30', NULL, NULL),
(188, 'WS', 'Samoa', 0, 0, '2021-04-05 19:36:30', NULL, NULL),
(189, 'SM', 'San Marino', 0, 0, '2021-04-05 19:36:30', NULL, NULL),
(190, 'ST', 'Sao Tome and Principe', 0, 0, '2021-04-05 19:36:30', NULL, NULL),
(191, 'SA', 'Saudi Arabia', 0, 0, '2021-04-05 19:36:30', NULL, NULL),
(192, 'SN', 'Senegal', 0, 0, '2021-04-05 19:36:30', NULL, NULL),
(193, 'RS', 'Serbia', 0, 0, '2021-04-05 19:36:30', NULL, NULL),
(194, 'SC', 'Seychelles', 0, 0, '2021-04-05 19:36:30', NULL, NULL),
(195, 'SL', 'Sierra Leone', 0, 0, '2021-04-05 19:36:30', NULL, NULL),
(196, 'SG', 'Singapore', 0, 0, '2021-04-05 19:36:30', NULL, NULL),
(197, 'SK', 'Slovakia', 0, 0, '2021-04-05 19:36:30', NULL, NULL),
(198, 'SI', 'Slovenia', 0, 0, '2021-04-05 19:36:30', NULL, NULL),
(199, 'XG', 'Smaller Territories of the UK', 0, 0, '2021-04-05 19:36:30', NULL, NULL),
(200, 'SB', 'Solomon Islands', 0, 0, '2021-04-05 19:36:30', NULL, NULL),
(201, 'SO', 'Somalia', 0, 0, '2021-04-05 19:36:30', NULL, NULL),
(202, 'ZA', 'South Africa', 0, 0, '2021-04-05 19:36:30', NULL, NULL),
(203, 'GS', 'South Georgia', 0, 0, '2021-04-05 19:36:30', NULL, NULL),
(204, 'SS', 'South Sudan', 0, 0, '2021-04-05 19:36:30', NULL, NULL),
(205, 'ES', 'Spain', 0, 0, '2021-04-05 19:36:30', NULL, NULL),
(206, 'LK', 'Sri Lanka', 0, 0, '2021-04-05 19:36:30', NULL, NULL),
(207, 'SD', 'Sudan', 0, 0, '2021-04-05 19:36:30', NULL, NULL),
(208, 'SR', 'Suriname', 0, 0, '2021-04-05 19:36:30', NULL, NULL),
(209, 'SJ', 'Svalbard And Jan Mayen Islands', 0, 0, '2021-04-05 19:36:30', NULL, NULL),
(210, 'SZ', 'Swaziland', 0, 0, '2021-04-05 19:36:30', NULL, NULL),
(211, 'SE', 'Sweden', 0, 0, '2021-04-05 19:36:30', NULL, NULL),
(212, 'CH', 'Switzerland', 0, 0, '2021-04-05 19:36:30', NULL, NULL),
(213, 'SY', 'Syria', 0, 0, '2021-04-05 19:36:30', NULL, NULL),
(214, 'TW', 'Taiwan', 0, 0, '2021-04-05 19:36:30', NULL, NULL),
(215, 'TJ', 'Tajikistan', 0, 0, '2021-04-05 19:36:30', NULL, NULL),
(216, 'TZ', 'Tanzania', 0, 0, '2021-04-05 19:36:30', NULL, NULL),
(217, 'TH', 'Thailand', 0, 0, '2021-04-05 19:36:30', NULL, NULL),
(218, 'TG', 'Togo', 0, 0, '2021-04-05 19:36:30', NULL, NULL),
(219, 'TK', 'Tokelau', 0, 0, '2021-04-05 19:36:30', NULL, NULL),
(220, 'TO', 'Tonga', 0, 0, '2021-04-05 19:36:30', NULL, NULL),
(221, 'TT', 'Trinidad And Tobago', 0, 0, '2021-04-05 19:36:30', NULL, NULL),
(222, 'TN', 'Tunisia', 0, 0, '2021-04-05 19:36:30', NULL, NULL),
(223, 'TR', 'Turkey', 0, 0, '2021-04-05 19:36:30', NULL, NULL),
(224, 'TM', 'Turkmenistan', 0, 0, '2021-04-05 19:36:30', NULL, NULL),
(225, 'TC', 'Turks And Caicos Islands', 0, 0, '2021-04-05 19:36:30', NULL, NULL),
(226, 'TV', 'Tuvalu', 0, 0, '2021-04-05 19:36:30', NULL, NULL),
(227, 'UG', 'Uganda', 0, 0, '2021-04-05 19:36:30', NULL, NULL),
(228, 'UA', 'Ukraine', 0, 0, '2021-04-05 19:36:30', NULL, NULL),
(229, 'AE', 'United Arab Emirates', 0, 0, '2021-04-05 19:36:30', NULL, NULL),
(230, 'GB', 'United Kingdom', 0, 0, '2021-04-05 19:36:30', NULL, NULL),
(231, 'US', 'United States', 0, 0, '2021-04-05 19:36:30', NULL, NULL),
(232, 'UM', 'United States Minor Outlying Islands', 0, 0, '2021-04-05 19:36:30', NULL, NULL),
(233, 'UY', 'Uruguay', 0, 0, '2021-04-05 19:36:30', NULL, NULL),
(234, 'UZ', 'Uzbekistan', 0, 0, '2021-04-05 19:36:30', NULL, NULL),
(235, 'VU', 'Vanuatu', 0, 0, '2021-04-05 19:36:30', NULL, NULL),
(236, 'VA', 'Vatican City State (Holy See)', 0, 0, '2021-04-05 19:36:30', NULL, NULL),
(237, 'VE', 'Venezuela', 0, 0, '2021-04-05 19:36:30', NULL, NULL),
(238, 'VN', 'Vietnam', 0, 0, '2021-04-05 19:36:30', NULL, NULL),
(239, 'VG', 'Virgin Islands (British)', 0, 0, '2021-04-05 19:36:30', NULL, NULL),
(240, 'VI', 'Virgin Islands (US)', 0, 0, '2021-04-05 19:36:30', NULL, NULL),
(241, 'WF', 'Wallis And Futuna Islands', 0, 0, '2021-04-05 19:36:30', NULL, NULL),
(242, 'EH', 'Western Sahara', 0, 0, '2021-04-05 19:36:30', NULL, NULL),
(243, 'YE', 'Yemen', 0, 0, '2021-04-05 19:36:30', NULL, NULL),
(244, 'YU', 'Yugoslavia', 0, 0, '2021-04-05 19:36:30', NULL, NULL),
(245, 'ZM', 'Zambia', 0, 0, '2021-04-05 19:36:30', NULL, NULL),
(246, 'ZW', 'Zimbabwe', 0, 0, '2021-04-05 19:36:30', NULL, NULL);

-- --------------------------------------------------------

--
-- Table structure for table `coupons`
--

CREATE TABLE IF NOT EXISTS `coupons` (
  `id` bigint UNSIGNED NOT NULL AUTO_INCREMENT,
  `code` varchar(191) CHARACTER SET utf8mb4 COLLATE utf8mb4_general_ci NOT NULL,
  `type` enum('percentage','flat') CHARACTER SET utf8mb4 COLLATE utf8mb4_general_ci NOT NULL,
  `value` decimal(10,2) NOT NULL,
  `min_cart_value` decimal(10,2) DEFAULT NULL,
  `max_discount` decimal(10,2) DEFAULT NULL,
  `starts_at` timestamp NOT NULL,
  `ends_at` timestamp NOT NULL,
  `usage_limit` int DEFAULT NULL,
  `usage_per_user` int DEFAULT NULL,
  `is_active` tinyint(1) NOT NULL DEFAULT '1',
  `created_at` timestamp NULL DEFAULT NULL,
  `updated_at` timestamp NULL DEFAULT NULL,
  PRIMARY KEY (`id`),
  UNIQUE KEY `coupons_code_unique` (`code`),
  KEY `coupons_code_index` (`code`)
) ENGINE=InnoDB AUTO_INCREMENT=2 DEFAULT CHARSET=utf8mb4 COLLATE=utf8mb4_general_ci;

--
-- Dumping data for table `coupons`
--

INSERT INTO `coupons` (`id`, `code`, `type`, `value`, `min_cart_value`, `max_discount`, `starts_at`, `ends_at`, `usage_limit`, `usage_per_user`, `is_active`, `created_at`, `updated_at`) VALUES
(1, 'WELCOME', 'percentage', 10.00, 5000.00, 500.00, '2025-12-01 11:34:00', '2025-12-31 11:34:00', NULL, NULL, 1, '2025-12-02 06:04:51', '2025-12-02 06:06:37');

-- --------------------------------------------------------

--
-- Table structure for table `coupon_redemptions`
--

CREATE TABLE IF NOT EXISTS `coupon_redemptions` (
  `id` bigint UNSIGNED NOT NULL AUTO_INCREMENT,
  `coupon_id` bigint UNSIGNED NOT NULL,
  `user_id` bigint UNSIGNED DEFAULT NULL,
  `order_id` bigint UNSIGNED DEFAULT NULL,
  `used_at` timestamp NOT NULL,
  PRIMARY KEY (`id`),
  KEY `coupon_redemptions_order_id_foreign` (`order_id`),
  KEY `coupon_redemptions_coupon_id_index` (`coupon_id`),
  KEY `coupon_redemptions_user_id_index` (`user_id`)
) ENGINE=InnoDB AUTO_INCREMENT=2 DEFAULT CHARSET=utf8mb4 COLLATE=utf8mb4_general_ci;

--
-- Dumping data for table `coupon_redemptions`
--

INSERT INTO `coupon_redemptions` (`id`, `coupon_id`, `user_id`, `order_id`, `used_at`) VALUES
(1, 1, 1, 30, '2025-12-02 06:17:23');

-- --------------------------------------------------------

--
-- Table structure for table `delhivery_pickups`
--

CREATE TABLE IF NOT EXISTS `delhivery_pickups` (
  `id` bigint UNSIGNED NOT NULL AUTO_INCREMENT,
  `pickup_id` varchar(191) COLLATE utf8mb4_unicode_ci DEFAULT NULL,
  `pickup_location` varchar(255) COLLATE utf8mb4_unicode_ci NOT NULL,
  `expected_package_count` int NOT NULL,
  `pickup_date` date NOT NULL,
  `pickup_time` time NOT NULL,
  `api_pickup_response` text COLLATE utf8mb4_unicode_ci,
  `created_at` timestamp NULL DEFAULT NULL,
  `updated_at` timestamp NULL DEFAULT NULL,
  PRIMARY KEY (`id`),
  KEY `delhivery_pickups_pickup_id_index` (`pickup_id`),
  KEY `delhivery_pickups_pickup_date_index` (`pickup_date`)
) ENGINE=MyISAM DEFAULT CHARSET=utf8mb4 COLLATE=utf8mb4_unicode_ci;

-- --------------------------------------------------------

--
-- Table structure for table `failed_jobs`
--

CREATE TABLE IF NOT EXISTS `failed_jobs` (
  `id` bigint UNSIGNED NOT NULL AUTO_INCREMENT,
  `uuid` varchar(191) CHARACTER SET utf8mb4 COLLATE utf8mb4_general_ci NOT NULL,
  `connection` text CHARACTER SET utf8mb4 COLLATE utf8mb4_general_ci NOT NULL,
  `queue` text CHARACTER SET utf8mb4 COLLATE utf8mb4_general_ci NOT NULL,
  `payload` longtext CHARACTER SET utf8mb4 COLLATE utf8mb4_general_ci NOT NULL,
  `exception` longtext CHARACTER SET utf8mb4 COLLATE utf8mb4_general_ci NOT NULL,
  `failed_at` timestamp NOT NULL DEFAULT CURRENT_TIMESTAMP,
  PRIMARY KEY (`id`),
  UNIQUE KEY `failed_jobs_uuid_unique` (`uuid`)
) ENGINE=InnoDB DEFAULT CHARSET=utf8mb4 COLLATE=utf8mb4_general_ci;

-- --------------------------------------------------------

--
-- Table structure for table `feature_flags`
--

CREATE TABLE IF NOT EXISTS `feature_flags` (
  `id` bigint UNSIGNED NOT NULL AUTO_INCREMENT,
  `key` varchar(191) CHARACTER SET utf8mb4 COLLATE utf8mb4_general_ci NOT NULL,
  `name` varchar(255) CHARACTER SET utf8mb4 COLLATE utf8mb4_general_ci NOT NULL,
  `description` text CHARACTER SET utf8mb4 COLLATE utf8mb4_general_ci,
  `is_enabled` tinyint(1) NOT NULL DEFAULT '0',
  `target_users` json DEFAULT NULL,
  `rollout_percentage` decimal(5,2) NOT NULL DEFAULT '0.00',
  `starts_at` timestamp NULL DEFAULT NULL,
  `ends_at` timestamp NULL DEFAULT NULL,
  `metadata` json DEFAULT NULL,
  `created_at` timestamp NULL DEFAULT NULL,
  `updated_at` timestamp NULL DEFAULT NULL,
  PRIMARY KEY (`id`),
  UNIQUE KEY `feature_flags_key_unique` (`key`),
  KEY `feature_flags_is_enabled_index` (`is_enabled`),
  KEY `feature_flags_starts_at_index` (`starts_at`),
  KEY `feature_flags_ends_at_index` (`ends_at`)
) ENGINE=InnoDB DEFAULT CHARSET=utf8mb4 COLLATE=utf8mb4_general_ci;

-- --------------------------------------------------------

--
-- Table structure for table `jobs`
--

CREATE TABLE IF NOT EXISTS `jobs` (
  `id` bigint UNSIGNED NOT NULL AUTO_INCREMENT,
  `queue` varchar(191) CHARACTER SET utf8mb4 COLLATE utf8mb4_general_ci NOT NULL,
  `payload` longtext CHARACTER SET utf8mb4 COLLATE utf8mb4_general_ci NOT NULL,
  `attempts` tinyint UNSIGNED NOT NULL,
  `reserved_at` int UNSIGNED DEFAULT NULL,
  `available_at` int UNSIGNED NOT NULL,
  `created_at` int UNSIGNED NOT NULL,
  PRIMARY KEY (`id`),
  KEY `jobs_queue_index` (`queue`)
) ENGINE=InnoDB AUTO_INCREMENT=7 DEFAULT CHARSET=utf8mb4 COLLATE=utf8mb4_general_ci;

--
-- Dumping data for table `jobs`
--

INSERT INTO `jobs` (`id`, `queue`, `payload`, `attempts`, `reserved_at`, `available_at`, `created_at`) VALUES
(1, 'default', '{\"uuid\":\"b7753163-5d80-4e1e-8e10-5ab37693e127\",\"displayName\":\"App\\\\Listeners\\\\RecalculateRatingOnReviewChange\",\"job\":\"Illuminate\\\\Queue\\\\CallQueuedHandler@call\",\"maxTries\":null,\"maxExceptions\":null,\"failOnTimeout\":false,\"backoff\":null,\"timeout\":null,\"retryUntil\":null,\"data\":{\"commandName\":\"Illuminate\\\\Events\\\\CallQueuedListener\",\"command\":\"O:36:\\\"Illuminate\\\\Events\\\\CallQueuedListener\\\":22:{s:5:\\\"class\\\";s:45:\\\"App\\\\Listeners\\\\RecalculateRatingOnReviewChange\\\";s:6:\\\"method\\\";s:6:\\\"handle\\\";s:4:\\\"data\\\";a:1:{i:0;O:24:\\\"App\\\\Events\\\\ReviewCreated\\\":1:{s:6:\\\"review\\\";O:45:\\\"Illuminate\\\\Contracts\\\\Database\\\\ModelIdentifier\\\":5:{s:5:\\\"class\\\";s:24:\\\"App\\\\Models\\\\ProductReview\\\";s:2:\\\"id\\\";i:2;s:9:\\\"relations\\\";a:0:{}s:10:\\\"connection\\\";s:5:\\\"mysql\\\";s:15:\\\"collectionClass\\\";N;}}}s:5:\\\"tries\\\";N;s:13:\\\"maxExceptions\\\";N;s:7:\\\"backoff\\\";N;s:10:\\\"retryUntil\\\";N;s:7:\\\"timeout\\\";N;s:13:\\\"failOnTimeout\\\";b:0;s:17:\\\"shouldBeEncrypted\\\";b:0;s:3:\\\"job\\\";N;s:10:\\\"connection\\\";N;s:5:\\\"queue\\\";N;s:12:\\\"messageGroup\\\";N;s:12:\\\"deduplicator\\\";N;s:5:\\\"delay\\\";N;s:11:\\\"afterCommit\\\";N;s:10:\\\"middleware\\\";a:0:{}s:7:\\\"chained\\\";a:0:{}s:15:\\\"chainConnection\\\";N;s:10:\\\"chainQueue\\\";N;s:19:\\\"chainCatchCallbacks\\\";N;}\"},\"createdAt\":1766148938,\"delay\":null}', 0, NULL, 1766148938, 1766148938),
(2, 'default', '{\"uuid\":\"5547c5bd-e463-4925-b5b1-2530906e4b02\",\"displayName\":\"App\\\\Listeners\\\\RecalculateRatingOnReviewChange\",\"job\":\"Illuminate\\\\Queue\\\\CallQueuedHandler@call\",\"maxTries\":null,\"maxExceptions\":null,\"failOnTimeout\":false,\"backoff\":null,\"timeout\":null,\"retryUntil\":null,\"data\":{\"commandName\":\"Illuminate\\\\Events\\\\CallQueuedListener\",\"command\":\"O:36:\\\"Illuminate\\\\Events\\\\CallQueuedListener\\\":22:{s:5:\\\"class\\\";s:45:\\\"App\\\\Listeners\\\\RecalculateRatingOnReviewChange\\\";s:6:\\\"method\\\";s:6:\\\"handle\\\";s:4:\\\"data\\\";a:1:{i:0;O:24:\\\"App\\\\Events\\\\ReviewCreated\\\":1:{s:6:\\\"review\\\";O:45:\\\"Illuminate\\\\Contracts\\\\Database\\\\ModelIdentifier\\\":5:{s:5:\\\"class\\\";s:24:\\\"App\\\\Models\\\\ProductReview\\\";s:2:\\\"id\\\";i:2;s:9:\\\"relations\\\";a:0:{}s:10:\\\"connection\\\";s:5:\\\"mysql\\\";s:15:\\\"collectionClass\\\";N;}}}s:5:\\\"tries\\\";N;s:13:\\\"maxExceptions\\\";N;s:7:\\\"backoff\\\";N;s:10:\\\"retryUntil\\\";N;s:7:\\\"timeout\\\";N;s:13:\\\"failOnTimeout\\\";b:0;s:17:\\\"shouldBeEncrypted\\\";b:0;s:3:\\\"job\\\";N;s:10:\\\"connection\\\";N;s:5:\\\"queue\\\";N;s:12:\\\"messageGroup\\\";N;s:12:\\\"deduplicator\\\";N;s:5:\\\"delay\\\";N;s:11:\\\"afterCommit\\\";N;s:10:\\\"middleware\\\";a:0:{}s:7:\\\"chained\\\";a:0:{}s:15:\\\"chainConnection\\\";N;s:10:\\\"chainQueue\\\";N;s:19:\\\"chainCatchCallbacks\\\";N;}\"},\"createdAt\":1766148938,\"delay\":null}', 0, NULL, 1766148938, 1766148938),
(3, 'default', '{\"uuid\":\"2fff701f-76d7-45fb-b0e4-907b58a18fcf\",\"displayName\":\"App\\\\Listeners\\\\RecalculateRatingOnReviewChange\",\"job\":\"Illuminate\\\\Queue\\\\CallQueuedHandler@call\",\"maxTries\":null,\"maxExceptions\":null,\"failOnTimeout\":false,\"backoff\":null,\"timeout\":null,\"retryUntil\":null,\"data\":{\"commandName\":\"Illuminate\\\\Events\\\\CallQueuedListener\",\"command\":\"O:36:\\\"Illuminate\\\\Events\\\\CallQueuedListener\\\":22:{s:5:\\\"class\\\";s:45:\\\"App\\\\Listeners\\\\RecalculateRatingOnReviewChange\\\";s:6:\\\"method\\\";s:6:\\\"handle\\\";s:4:\\\"data\\\";a:1:{i:0;O:25:\\\"App\\\\Events\\\\ReviewApproved\\\":1:{s:6:\\\"review\\\";O:45:\\\"Illuminate\\\\Contracts\\\\Database\\\\ModelIdentifier\\\":5:{s:5:\\\"class\\\";s:24:\\\"App\\\\Models\\\\ProductReview\\\";s:2:\\\"id\\\";i:2;s:9:\\\"relations\\\";a:1:{i:0;s:7:\\\"product\\\";}s:10:\\\"connection\\\";s:5:\\\"mysql\\\";s:15:\\\"collectionClass\\\";N;}}}s:5:\\\"tries\\\";N;s:13:\\\"maxExceptions\\\";N;s:7:\\\"backoff\\\";N;s:10:\\\"retryUntil\\\";N;s:7:\\\"timeout\\\";N;s:13:\\\"failOnTimeout\\\";b:0;s:17:\\\"shouldBeEncrypted\\\";b:0;s:3:\\\"job\\\";N;s:10:\\\"connection\\\";N;s:5:\\\"queue\\\";N;s:12:\\\"messageGroup\\\";N;s:12:\\\"deduplicator\\\";N;s:5:\\\"delay\\\";N;s:11:\\\"afterCommit\\\";N;s:10:\\\"middleware\\\";a:0:{}s:7:\\\"chained\\\";a:0:{}s:15:\\\"chainConnection\\\";N;s:10:\\\"chainQueue\\\";N;s:19:\\\"chainCatchCallbacks\\\";N;}\"},\"createdAt\":1766473556,\"delay\":null}', 0, NULL, 1766473556, 1766473556),
(4, 'default', '{\"uuid\":\"ff2b20ca-2865-4c55-9bcc-b497b88d9c65\",\"displayName\":\"App\\\\Listeners\\\\RecalculateRatingOnReviewChange\",\"job\":\"Illuminate\\\\Queue\\\\CallQueuedHandler@call\",\"maxTries\":null,\"maxExceptions\":null,\"failOnTimeout\":false,\"backoff\":null,\"timeout\":null,\"retryUntil\":null,\"data\":{\"commandName\":\"Illuminate\\\\Events\\\\CallQueuedListener\",\"command\":\"O:36:\\\"Illuminate\\\\Events\\\\CallQueuedListener\\\":22:{s:5:\\\"class\\\";s:45:\\\"App\\\\Listeners\\\\RecalculateRatingOnReviewChange\\\";s:6:\\\"method\\\";s:6:\\\"handle\\\";s:4:\\\"data\\\";a:1:{i:0;O:25:\\\"App\\\\Events\\\\ReviewApproved\\\":1:{s:6:\\\"review\\\";O:45:\\\"Illuminate\\\\Contracts\\\\Database\\\\ModelIdentifier\\\":5:{s:5:\\\"class\\\";s:24:\\\"App\\\\Models\\\\ProductReview\\\";s:2:\\\"id\\\";i:2;s:9:\\\"relations\\\";a:1:{i:0;s:7:\\\"product\\\";}s:10:\\\"connection\\\";s:5:\\\"mysql\\\";s:15:\\\"collectionClass\\\";N;}}}s:5:\\\"tries\\\";N;s:13:\\\"maxExceptions\\\";N;s:7:\\\"backoff\\\";N;s:10:\\\"retryUntil\\\";N;s:7:\\\"timeout\\\";N;s:13:\\\"failOnTimeout\\\";b:0;s:17:\\\"shouldBeEncrypted\\\";b:0;s:3:\\\"job\\\";N;s:10:\\\"connection\\\";N;s:5:\\\"queue\\\";N;s:12:\\\"messageGroup\\\";N;s:12:\\\"deduplicator\\\";N;s:5:\\\"delay\\\";N;s:11:\\\"afterCommit\\\";N;s:10:\\\"middleware\\\";a:0:{}s:7:\\\"chained\\\";a:0:{}s:15:\\\"chainConnection\\\";N;s:10:\\\"chainQueue\\\";N;s:19:\\\"chainCatchCallbacks\\\";N;}\"},\"createdAt\":1766473556,\"delay\":null}', 0, NULL, 1766473556, 1766473556),
(5, 'default', '{\"uuid\":\"17e3fd18-dffa-4b68-b656-153643c98369\",\"displayName\":\"App\\\\Listeners\\\\RecalculateRatingOnReviewChange\",\"job\":\"Illuminate\\\\Queue\\\\CallQueuedHandler@call\",\"maxTries\":null,\"maxExceptions\":null,\"failOnTimeout\":false,\"backoff\":null,\"timeout\":null,\"retryUntil\":null,\"data\":{\"commandName\":\"Illuminate\\\\Events\\\\CallQueuedListener\",\"command\":\"O:36:\\\"Illuminate\\\\Events\\\\CallQueuedListener\\\":22:{s:5:\\\"class\\\";s:45:\\\"App\\\\Listeners\\\\RecalculateRatingOnReviewChange\\\";s:6:\\\"method\\\";s:6:\\\"handle\\\";s:4:\\\"data\\\";a:1:{i:0;O:24:\\\"App\\\\Events\\\\ReviewCreated\\\":1:{s:6:\\\"review\\\";O:45:\\\"Illuminate\\\\Contracts\\\\Database\\\\ModelIdentifier\\\":5:{s:5:\\\"class\\\";s:24:\\\"App\\\\Models\\\\ProductReview\\\";s:2:\\\"id\\\";i:3;s:9:\\\"relations\\\";a:0:{}s:10:\\\"connection\\\";s:5:\\\"mysql\\\";s:15:\\\"collectionClass\\\";N;}}}s:5:\\\"tries\\\";N;s:13:\\\"maxExceptions\\\";N;s:7:\\\"backoff\\\";N;s:10:\\\"retryUntil\\\";N;s:7:\\\"timeout\\\";N;s:13:\\\"failOnTimeout\\\";b:0;s:17:\\\"shouldBeEncrypted\\\";b:0;s:3:\\\"job\\\";N;s:10:\\\"connection\\\";N;s:5:\\\"queue\\\";N;s:12:\\\"messageGroup\\\";N;s:12:\\\"deduplicator\\\";N;s:5:\\\"delay\\\";N;s:11:\\\"afterCommit\\\";N;s:10:\\\"middleware\\\";a:0:{}s:7:\\\"chained\\\";a:0:{}s:15:\\\"chainConnection\\\";N;s:10:\\\"chainQueue\\\";N;s:19:\\\"chainCatchCallbacks\\\";N;}\"},\"createdAt\":1769852658,\"delay\":null}', 0, NULL, 1769852658, 1769852658),
(6, 'default', '{\"uuid\":\"ae9e8c70-6642-4ad8-8820-e6c75438615e\",\"displayName\":\"App\\\\Listeners\\\\RecalculateRatingOnReviewChange\",\"job\":\"Illuminate\\\\Queue\\\\CallQueuedHandler@call\",\"maxTries\":null,\"maxExceptions\":null,\"failOnTimeout\":false,\"backoff\":null,\"timeout\":null,\"retryUntil\":null,\"data\":{\"commandName\":\"Illuminate\\\\Events\\\\CallQueuedListener\",\"command\":\"O:36:\\\"Illuminate\\\\Events\\\\CallQueuedListener\\\":22:{s:5:\\\"class\\\";s:45:\\\"App\\\\Listeners\\\\RecalculateRatingOnReviewChange\\\";s:6:\\\"method\\\";s:6:\\\"handle\\\";s:4:\\\"data\\\";a:1:{i:0;O:24:\\\"App\\\\Events\\\\ReviewCreated\\\":1:{s:6:\\\"review\\\";O:45:\\\"Illuminate\\\\Contracts\\\\Database\\\\ModelIdentifier\\\":5:{s:5:\\\"class\\\";s:24:\\\"App\\\\Models\\\\ProductReview\\\";s:2:\\\"id\\\";i:3;s:9:\\\"relations\\\";a:0:{}s:10:\\\"connection\\\";s:5:\\\"mysql\\\";s:15:\\\"collectionClass\\\";N;}}}s:5:\\\"tries\\\";N;s:13:\\\"maxExceptions\\\";N;s:7:\\\"backoff\\\";N;s:10:\\\"retryUntil\\\";N;s:7:\\\"timeout\\\";N;s:13:\\\"failOnTimeout\\\";b:0;s:17:\\\"shouldBeEncrypted\\\";b:0;s:3:\\\"job\\\";N;s:10:\\\"connection\\\";N;s:5:\\\"queue\\\";N;s:12:\\\"messageGroup\\\";N;s:12:\\\"deduplicator\\\";N;s:5:\\\"delay\\\";N;s:11:\\\"afterCommit\\\";N;s:10:\\\"middleware\\\";a:0:{}s:7:\\\"chained\\\";a:0:{}s:15:\\\"chainConnection\\\";N;s:10:\\\"chainQueue\\\";N;s:19:\\\"chainCatchCallbacks\\\";N;}\"},\"createdAt\":1769852658,\"delay\":null}', 0, NULL, 1769852658, 1769852658);

-- --------------------------------------------------------

--
-- Table structure for table `migrations`
--

CREATE TABLE IF NOT EXISTS `migrations` (
  `id` int UNSIGNED NOT NULL AUTO_INCREMENT,
  `migration` varchar(255) CHARACTER SET utf8mb4 COLLATE utf8mb4_general_ci NOT NULL,
  `batch` int NOT NULL,
  PRIMARY KEY (`id`)
) ENGINE=InnoDB AUTO_INCREMENT=112 DEFAULT CHARSET=utf8mb4 COLLATE=utf8mb4_general_ci;

--
-- Dumping data for table `migrations`
--

INSERT INTO `migrations` (`id`, `migration`, `batch`) VALUES
(1, '2024_01_01_000001_create_users_table', 1),
(2, '2024_01_01_000002_create_addresses_table', 1),
(3, '2024_01_01_000003_create_categories_table', 1),
(4, '2024_01_01_000004_create_products_table', 1),
(5, '2024_01_01_000005_create_coupons_table', 1),
(6, '2024_01_01_000006_create_coupon_redemptions_table', 1),
(7, '2024_01_01_000007_create_carts_table', 1),
(8, '2024_01_01_000008_create_cart_items_table', 1),
(9, '2024_01_01_000009_create_orders_table', 1),
(10, '2024_01_01_000010_create_order_items_table', 1),
(11, '2024_01_01_000011_create_settings_table', 1),
(12, '2024_01_01_000012_create_otp_codes_table', 1),
(13, '2025_10_22_154134_create_cache_table', 1),
(14, '2025_10_22_154224_create_permission_tables', 1),
(15, '2025_10_22_160446_create_sessions_table', 1),
(16, '2025_10_22_165432_add_remember_token_to_users_table', 1),
(17, '2025_10_31_105833_add_image_path_to_categories_table', 1),
(18, '2025_10_31_105905_create_banners_table', 1),
(19, '2025_10_31_142626_add_barcode_to_products_table', 1),
(20, '2025_10_31_155929_update_products_sku_to_keywords', 1),
(21, '2025_10_31_163310_rename_sku_to_tags_in_products_table', 1),
(22, '2025_10_31_164057_make_tags_nullable_in_products_table', 1),
(23, '2025_10_31_170807_add_is_prebooking_to_products_table', 1),
(24, '2025_11_01_104954_create_units_table', 1),
(25, '2025_11_01_105003_add_unit_id_to_products_table', 1),
(26, '2025_11_12_070656_create_stock_reservations_table', 1),
(27, '2025_11_12_071220_add_performance_indexes', 1),
(28, '2025_11_12_073815_create_feature_flags_table', 1),
(29, '2025_11_12_073943_create_ab_tests_table', 1),
(30, '2025_11_12_131236_create_shipping_methods_table', 1),
(31, '2025_11_12_184757_create_attributes_table', 2),
(32, '2025_11_12_184801_create_attribute_values_table', 2),
(33, '2025_11_12_184803_create_product_variants_table', 2),
(34, '2025_11_12_184805_create_product_variant_attribute_value_table', 3),
(35, '2025_11_12_184807_create_variant_stock_movements_table', 3),
(36, '2025_11_12_184808_add_product_variant_id_to_cart_items_table', 3),
(37, '2025_11_12_184810_add_product_variant_id_to_order_items_table', 3),
(38, '2025_11_13_004522_convert_existing_products_to_default_variants', 3),
(39, '2025_11_13_023435_revert_product_variations_system', 4),
(40, '2025_11_13_035034_create_taxes_table', 5),
(41, '2025_11_13_035101_add_tax_fields_to_products_table', 5),
(42, '2025_11_13_081356_add_opening_stock_to_products_table', 6),
(43, '2025_11_13_081420_create_product_stock_movements_table', 6),
(44, '2025_11_21_112204_migrate_existing_stock_data_to_new_fields', 7),
(45, '2025_11_21_112834_remove_stock_column_from_products_table', 8),
(46, '2025_11_21_115626_add_pos_fields_to_orders_table', 9),
(48, '2025_11_21_161842_create_carriers_table', 10),
(49, '2025_11_21_161845_create_shipments_table', 11),
(51, '2025_11_21_162554_migrate_existing_delhivery_data_to_shipments_table', 12),
(52, '2025_11_22_062231_add_type_to_otp_codes_table', 13),
(53, '2025_11_24_000001_add_missing_foreign_keys', 14),
(54, '2025_11_24_000001_add_purchase_price_to_products_table', 15),
(55, '2025_11_24_000002_add_purchase_price_to_order_items_table', 15),
(56, '2025_11_24_000003_add_profit_settings_to_settings_table', 16),
(57, '2024_11_24_174000_add_banned_at_to_users_table', 17),
(58, '2025_11_28_123019_add_returned_status_to_orders_table', 18),
(59, '2025_12_03_145428_create_wishlists_table', 19),
(60, '2025_12_03_172357_create_product_media_table', 20),
(61, '2025_12_03_180753_add_wholesale_price_to_products_table', 21),
(62, '2025_12_03_180758_add_customer_type_to_users_table', 21),
(63, '2025_12_03_195634_create_product_reviews_table', 22),
(64, '2025_12_03_195635_add_rating_fields_to_products_table', 22),
(66, '2025_12_13_092722_add_status_to_attributes_table', 23),
(67, '2025_12_13_092722_add_sort_order_and_status_to_attribute_values_table', 24),
(68, '2025_12_13_092722_create_colors_table', 25),
(69, '2025_12_13_172445_add_awaiting_pickup_to_orders_table', 26),
(70, '2025_12_16_132108_add_user_type_to_users_table', 26),
(71, '2025_12_16_132354_populate_user_type_from_roles', 26),
(72, '2025_12_16_183010_populate_user_type_from_roles', 26),
(73, '2025_12_16_183036_add_user_type_to_users_table', 26),
(74, '2025_12_16_220841_drop_colors_table', 27),
(75, '2025_12_16_225233_add_product_type_and_brand_to_products_table', 27),
(76, '2025_12_16_225254_create_brands_table', 27),
(77, '2025_12_16_225314_create_product_variants_table', 28),
(78, '2025_12_16_225335_create_product_variant_attribute_values_table', 29),
(79, '2025_12_16_225355_add_product_variant_id_to_cart_items_table', 29),
(80, '2025_12_16_225419_add_product_variant_id_to_order_items_table', 29),
(81, '2025_12_16_225420_create_variant_stock_movements_table', 30),
(82, '2025_12_16_230615_add_brand_foreign_key_to_products_table', 30),
(83, '2025_12_17_134353_add_hsn_code_to_products_table', 30),
(84, '2025_12_18_192909_add_staff_number_to_users_table', 31),
(85, '2025_12_20_130410_add_tax_total_to_orders_table', 31),
(86, '2025_12_20_135731_add_gst_number_to_users_table', 31),
(87, '2025_12_21_000100_create_shipping_tables', 31),
(88, '2025_12_21_000101_add_location_fields_to_addresses_table', 31),
(89, '2025_12_21_095828_add_tax_amount_to_order_items_table', 31),
(90, '2025_12_22_154608_create_announcements_table', 32),
(91, '2025_12_27_231412_add_preferences_to_users_table', 33),
(92, '2025_12_28_004957_add_avatar_to_users_table', 33),
(93, '2026_01_09_135331_add_split_payment_fields_to_orders_table', 34),
(94, '2026_01_09_144420_add_change_amount_to_orders_table', 35),
(95, '2026_01_10_135049_create_delhivery_pickups_table', 36),
(96, '2026_01_23_185011_add_customization_charges_to_orders_table', 36),
(97, '2026_01_23_202212_remove_service_from_product_type', 37),
(98, '2026_01_26_122828_unify_products_table_add_parent_id_and_variant_fields', 38),
(99, '2026_01_26_122904_remove_product_variant_id_from_cart_items', 39),
(100, '2026_01_26_122914_remove_product_variant_id_from_order_items', 39),
(101, '2026_01_26_122922_unify_stock_movements', 40),
(102, '2026_01_26_122931_update_product_attribute_values_table', 41),
(103, '2026_01_26_122940_drop_product_variants_table', 41),
(104, '2026_01_26_195645_add_sku_column_to_products_table_if_not_exists', 42),
(105, '2026_01_26_202342_add_discount_percentage_to_order_items_table', 43),
(106, '2026_01_26_202609_add_role_discount_config_to_roles_table', 43),
(107, '2026_01_26_203223_update_orders_source_enum_add_pos_to_online', 43),
(108, '2026_01_27_120000_create_sms_templates_table', 44),
(109, '2026_01_28_162405_update_products_is_prebooking_and_is_featured_columns', 45),
(110, '2026_01_28_172445_add_awaiting_payment_to_orders_table', 45),
(111, '2026_02_02_000001_add_image_json_to_products_table', 46);

-- --------------------------------------------------------

--
-- Table structure for table `model_has_permissions`
--

CREATE TABLE IF NOT EXISTS `model_has_permissions` (
  `permission_id` bigint UNSIGNED NOT NULL,
  `model_type` varchar(100) CHARACTER SET utf8mb4 COLLATE utf8mb4_general_ci NOT NULL,
  `model_id` bigint UNSIGNED NOT NULL,
  PRIMARY KEY (`permission_id`,`model_id`,`model_type`),
  KEY `model_has_permissions_model_id_model_type_index` (`model_id`,`model_type`)
) ENGINE=InnoDB DEFAULT CHARSET=utf8mb4 COLLATE=utf8mb4_general_ci;

-- --------------------------------------------------------

--
-- Table structure for table `model_has_roles`
--

CREATE TABLE IF NOT EXISTS `model_has_roles` (
  `role_id` bigint UNSIGNED NOT NULL,
  `model_type` varchar(100) CHARACTER SET utf8mb4 COLLATE utf8mb4_general_ci NOT NULL,
  `model_id` bigint UNSIGNED NOT NULL,
  PRIMARY KEY (`role_id`,`model_id`,`model_type`),
  KEY `model_has_roles_model_id_model_type_index` (`model_id`,`model_type`)
) ENGINE=InnoDB DEFAULT CHARSET=utf8mb4 COLLATE=utf8mb4_general_ci;

--
-- Dumping data for table `model_has_roles`
--

INSERT INTO `model_has_roles` (`role_id`, `model_type`, `model_id`) VALUES
(4, 'App\\Models\\User', 5),
(6, 'App\\Models\\User', 8),
(6, 'App\\Models\\User', 15),
(4, 'App\\Models\\User', 16);

-- --------------------------------------------------------

--
-- Table structure for table `orders`
--

CREATE TABLE IF NOT EXISTS `orders` (
  `id` bigint UNSIGNED NOT NULL AUTO_INCREMENT,
  `user_id` bigint UNSIGNED NOT NULL,
  `staff_id` bigint UNSIGNED DEFAULT NULL,
  `source` enum('online','pos','pos_to_online') COLLATE utf8mb4_general_ci DEFAULT 'online',
  `address_snapshot` json NOT NULL,
  `coupon_id` bigint UNSIGNED DEFAULT NULL,
  `subtotal` decimal(10,2) NOT NULL,
  `discount_total` decimal(10,2) NOT NULL DEFAULT '0.00',
  `tax_total` decimal(10,2) NOT NULL DEFAULT '0.00',
  `shipping_total` decimal(10,2) NOT NULL DEFAULT '0.00',
  `customization_charges` decimal(10,2) NOT NULL DEFAULT '0.00',
  `total_payable` decimal(10,2) NOT NULL,
  `payment_status` enum('pending','paid','failed','refunded') CHARACTER SET utf8mb4 COLLATE utf8mb4_general_ci NOT NULL DEFAULT 'pending',
  `payment_method` enum('online','cod','cash','card','digital_wallet') CHARACTER SET utf8mb4 COLLATE utf8mb4_general_ci DEFAULT NULL,
  `cash_amount` decimal(10,2) DEFAULT NULL,
  `card_amount` decimal(10,2) DEFAULT NULL,
  `change_amount` decimal(10,2) DEFAULT '0.00',
  `status` enum('awaiting_payment','placed','confirmed','packed','awaiting_pickup','shipped','delivered','cancelled','returned') COLLATE utf8mb4_general_ci NOT NULL DEFAULT 'placed',
  `razorpay_order_id` varchar(191) CHARACTER SET utf8mb4 COLLATE utf8mb4_general_ci DEFAULT NULL,
  `razorpay_payment_id` varchar(191) CHARACTER SET utf8mb4 COLLATE utf8mb4_general_ci DEFAULT NULL,
  `razorpay_signature` varchar(191) CHARACTER SET utf8mb4 COLLATE utf8mb4_general_ci DEFAULT NULL,
  `delhivery_awb` varchar(191) CHARACTER SET utf8mb4 COLLATE utf8mb4_general_ci DEFAULT NULL,
  `delhivery_label_url` varchar(191) CHARACTER SET utf8mb4 COLLATE utf8mb4_general_ci DEFAULT NULL,
  `placed_at` timestamp NULL DEFAULT NULL,
  `created_at` timestamp NULL DEFAULT NULL,
  `updated_at` timestamp NULL DEFAULT NULL,
  PRIMARY KEY (`id`),
  KEY `orders_coupon_id_foreign` (`coupon_id`),
  KEY `orders_user_id_index` (`user_id`),
  KEY `orders_razorpay_order_id_index` (`razorpay_order_id`),
  KEY `orders_delhivery_awb_index` (`delhivery_awb`),
  KEY `idx_orders_status_payment` (`status`,`payment_status`),
  KEY `idx_orders_placed_at` (`placed_at`),
  KEY `idx_orders_user_status` (`user_id`,`status`),
  KEY `idx_orders_payment_status` (`payment_status`),
  KEY `orders_source_index` (`source`),
  KEY `orders_staff_id_index` (`staff_id`),
  KEY `idx_payment_status_source_date` (`payment_status`,`source`,`created_at`),
  KEY `idx_payment_method_status_date` (`payment_method`,`payment_status`,`created_at`)
) ENGINE=InnoDB AUTO_INCREMENT=108 DEFAULT CHARSET=utf8mb4 COLLATE=utf8mb4_general_ci;

--
-- Dumping data for table `orders`
--

INSERT INTO `orders` (`id`, `user_id`, `staff_id`, `source`, `address_snapshot`, `coupon_id`, `subtotal`, `discount_total`, `tax_total`, `shipping_total`, `customization_charges`, `total_payable`, `payment_status`, `payment_method`, `cash_amount`, `card_amount`, `change_amount`, `status`, `razorpay_order_id`, `razorpay_payment_id`, `razorpay_signature`, `delhivery_awb`, `delhivery_label_url`, `placed_at`, `created_at`, `updated_at`) VALUES
(1, 2, 1, 'pos', '{\"name\": \"anjaneya\", \"email\": \"\", \"mobile\": \"9966337446\"}', NULL, 450.00, 0.00, 0.00, 0.00, 0.00, 450.00, 'paid', 'card', NULL, NULL, 0.00, 'confirmed', NULL, NULL, NULL, NULL, NULL, '2025-11-24 11:21:10', '2025-11-24 11:21:10', '2025-11-24 11:21:10'),
(2, 3, 1, 'pos', '{\"name\": \"Anu\", \"email\": \"\", \"mobile\": \"773199663\"}', NULL, 3720.00, 0.00, 0.00, 0.00, 0.00, 3720.00, 'paid', 'card', NULL, NULL, 0.00, 'confirmed', NULL, NULL, NULL, NULL, NULL, '2025-11-24 11:22:13', '2025-11-24 11:22:13', '2025-11-24 11:22:13'),
(3, 3, 1, 'pos', '{\"name\": \"Anu\", \"email\": \"\", \"mobile\": \"773199663\"}', NULL, 1590.00, 0.00, 0.00, 0.00, 0.00, 1590.00, 'paid', 'card', NULL, NULL, 0.00, 'confirmed', NULL, NULL, NULL, NULL, NULL, '2025-11-24 11:42:17', '2025-11-24 11:42:17', '2025-11-24 11:42:17'),
(16, 3, 5, 'pos', '{\"name\": \"Anu\", \"email\": \"\", \"mobile\": \"7731996663\"}', NULL, 3590.00, 0.00, 0.00, 0.00, 0.00, 3590.00, 'paid', 'card', NULL, NULL, 0.00, 'confirmed', NULL, NULL, NULL, NULL, NULL, '2025-11-24 23:50:21', '2025-11-24 23:50:21', '2025-11-24 23:50:21'),
(28, 2, 1, 'pos', '{\"name\": \"anjaneya\", \"email\": \"\", \"mobile\": \"9966337446\"}', NULL, 6613.00, 661.30, 0.00, 0.00, 0.00, 5951.70, 'paid', 'card', NULL, NULL, 0.00, 'confirmed', NULL, NULL, NULL, NULL, NULL, '2025-12-02 06:08:49', '2025-12-02 06:08:49', '2025-12-02 06:08:49'),
(29, 1, NULL, 'online', '{\"pin\": \"500090\", \"city\": \"Hyderabad\", \"name\": \"Anjaneya Reddy challa\", \"line1\": \"Latha Residency, Prasathi Hills\", \"line2\": \"Pragathi Nagar\", \"state\": \"Telangana\", \"mobile\": \"09966337448\"}', 1, 5370.00, 500.00, 0.00, 100.00, 0.00, 4970.00, 'paid', 'online', NULL, NULL, 0.00, 'placed', 'order_RmjIqqcOGJaglv', 'pay_RmjOC9gpPxxLPV', 'd18fe4affa0287402104111451645d025cbc95c84196d97b8bdb655ba8bec609', NULL, NULL, '2025-12-02 06:15:23', '2025-12-02 06:10:03', '2025-12-02 06:15:23'),
(30, 1, NULL, 'online', '{\"pin\": \"500090\", \"city\": \"Hyderabad\", \"name\": \"Anjaneya Reddy challa\", \"line1\": \"Latha Residency, Prasathi Hills\", \"line2\": \"Pragathi Nagar\", \"state\": \"Telangana\", \"mobile\": \"09966337448\"}', 1, 5370.00, 500.00, 0.00, 100.00, 0.00, 4970.00, 'paid', 'online', NULL, NULL, 0.00, 'packed', 'order_RmjP1CTQWTaFo1', 'pay_RmjPVqWQl4u11Z', 'edb036db2b2052be0c6bf32b58a778fe26136bff4ebc49e51aeccd61e4b38934', NULL, NULL, '2025-12-02 06:17:23', '2025-12-02 06:15:54', '2025-12-09 04:04:33'),
(31, 1, NULL, 'online', '{\"pin\": \"500090\", \"city\": \"Hyderabad\", \"name\": \"Anjaneya Reddy challa\", \"line1\": \"Latha Residency, Prasathi Hills\", \"line2\": \"Pragathi Nagar\", \"state\": \"Telangana\", \"mobile\": \"09966337448\"}', NULL, 2680.00, 0.00, 0.00, 100.00, 0.00, 2780.00, 'paid', 'online', NULL, NULL, 0.00, 'placed', 'order_RmpIhlQBLHAHU1', 'pay_RmpJ6WQEbkSypt', '32290708d94668e30f5a56d5d0601032778478594a074aefb76f72a595385d67', NULL, NULL, '2025-12-02 12:02:44', '2025-12-02 12:02:04', '2025-12-02 12:02:44'),
(32, 1, NULL, 'online', '{\"pin\": \"500090\", \"city\": \"Hyderabad\", \"name\": \"Anjaneya Reddy challa\", \"line1\": \"Latha Residency, Prasathi Hills\", \"line2\": \"Pragathi Nagar\", \"state\": \"Telangana\", \"mobile\": \"09966337448\"}', NULL, 695.00, 0.00, 0.00, 100.00, 0.00, 795.00, 'paid', 'online', NULL, NULL, 0.00, 'shipped', 'order_RnDVsqdBoTHjt9', 'pay_RnDWR5aMbyoox1', '3c73709ae541b0e0b6b6f9e4aca1e63ad3efab373d2acea940655b962ea70bb2', '31457910000044', 'https://track.delhivery.com/api/p/packing_slip?wbns=31457910000044', '2025-12-03 11:44:00', '2025-12-03 11:43:11', '2025-12-16 10:30:16'),
(33, 2, 1, 'pos', '{\"name\": \"anjaneya\", \"email\": \"\", \"mobile\": \"9966337446\"}', NULL, 1435.00, 0.00, 0.00, 0.00, 0.00, 1435.00, 'paid', 'card', NULL, NULL, 0.00, 'confirmed', NULL, NULL, NULL, NULL, NULL, '2025-12-03 13:27:36', '2025-12-03 13:27:36', '2025-12-03 13:27:36'),
(34, 2, 5, 'pos', '{\"name\": \"anjaneya\", \"email\": \"\", \"mobile\": \"9966337446\"}', NULL, 3138.00, 0.00, 0.00, 0.00, 0.00, 3138.00, 'paid', 'card', NULL, NULL, 0.00, 'confirmed', NULL, NULL, NULL, NULL, NULL, '2025-12-05 09:04:07', '2025-12-05 09:04:07', '2025-12-05 09:04:07'),
(36, 5, NULL, 'online', '{\"pin\": \"500090\", \"city\": \"Hyderabad\", \"name\": \"Anjaneya Reddy challa\", \"line1\": \"Latha Residency, Prasathi Hills\", \"line2\": \"Pragathi Nagar\", \"state\": \"Telangana\", \"mobile\": \"09966337448\"}', NULL, 7069.00, 0.00, 0.00, 100.00, 0.00, 7169.00, 'pending', 'online', NULL, NULL, 0.00, 'cancelled', 'order_Rr4eD4NPn5X7u3', NULL, NULL, NULL, NULL, NULL, '2025-12-13 05:38:49', '2025-12-13 07:17:16'),
(37, 1, NULL, 'online', '{\"pin\": \"500090\", \"city\": \"Hyderabad\", \"name\": \"Anjaneya Reddy challa\", \"line1\": \"Latha Residency, Prasathi Hills\", \"line2\": \"Pragathi Nagar\", \"state\": \"Telangana\", \"mobile\": \"09966337448\"}', NULL, 295.00, 0.00, 0.00, 100.00, 0.00, 395.00, 'pending', 'online', NULL, NULL, 0.00, 'placed', 'order_S9b7GJaIgIZlID', NULL, NULL, NULL, NULL, NULL, '2025-12-13 11:00:41', '2026-01-29 06:36:35'),
(38, 5, NULL, 'online', '{\"pin\": \"500090\", \"city\": \"Hyderabad\", \"name\": \"Anjaneya Reddy challa\", \"line1\": \"Latha Residency, Prasathi Hills\", \"line2\": \"Pragathi Nagar\", \"state\": \"Telangana\", \"mobile\": \"09966337448\"}', NULL, 8068.00, 0.00, 0.00, 100.00, 0.00, 8168.00, 'paid', 'online', NULL, NULL, 0.00, 'packed', 'order_RrlDgzup7BESJj', 'pay_RrlEB2rWPGfbIt', '264b7c5228c70e93623673317c64183e48643bde89c18c21cb0f0c59ce8af353', NULL, NULL, '2025-12-15 04:48:24', '2025-12-15 04:37:25', '2025-12-16 10:33:34'),
(39, 13, 5, 'pos', '{\"name\": \"prasad\", \"email\": \"\", \"mobile\": \"7036248736\", \"delivery_type\": \"store_pickup\"}', NULL, 4285.00, 0.00, 0.00, 0.00, 0.00, 4285.00, 'paid', 'card', NULL, NULL, 0.00, 'delivered', NULL, NULL, NULL, NULL, NULL, '2025-12-17 10:59:27', '2025-12-17 10:59:27', '2025-12-17 10:59:27'),
(40, 13, 5, 'pos', '{\"name\": \"prasad\", \"email\": \"\", \"mobile\": \"7036248736\", \"delivery_type\": \"store_pickup\"}', NULL, 99.00, 0.00, 0.00, 0.00, 0.00, 99.00, 'paid', 'card', NULL, NULL, 0.00, 'delivered', NULL, NULL, NULL, NULL, NULL, '2025-12-17 11:00:00', '2025-12-17 11:00:00', '2025-12-17 11:00:00'),
(41, 13, 5, 'pos', '{\"pin\": \"533255\", \"city\": \"Ramachandrapuram\", \"name\": \"prasad\", \"email\": \"\", \"line1\": \"2-9/b, panchayathi street\", \"line2\": null, \"state\": \"AP\", \"mobile\": \"7036248736\", \"address_id\": 5, \"delivery_type\": \"courier\"}', NULL, 3284.00, 0.00, 0.00, 0.00, 0.00, 3284.00, 'paid', 'card', NULL, NULL, 0.00, 'confirmed', NULL, NULL, NULL, NULL, NULL, '2025-12-17 11:08:36', '2025-12-17 11:08:36', '2025-12-17 11:08:36'),
(42, 13, 5, 'pos', '{\"pin\": \"533255\", \"city\": \"Ramachandrapuram\", \"name\": \"prasad\", \"email\": \"\", \"line1\": \"2-9/b, panchayathi street\", \"line2\": null, \"state\": \"AP\", \"mobile\": \"7036248736\", \"address_id\": 5, \"delivery_type\": \"courier\"}', NULL, 1094.00, 0.00, 0.00, 0.00, 0.00, 1094.00, 'paid', 'card', NULL, NULL, 0.00, 'confirmed', NULL, NULL, NULL, NULL, NULL, '2025-12-17 11:38:43', '2025-12-17 11:38:43', '2025-12-17 11:38:43'),
(43, 13, 5, 'pos', '{\"pin\": \"533255\", \"city\": \"Ramachandrapuram\", \"name\": \"prasad\", \"email\": \"\", \"line1\": \"2-9/b, panchayathi street\", \"line2\": null, \"state\": \"AP\", \"mobile\": \"7036248736\", \"address_id\": 5, \"delivery_type\": \"courier\"}', NULL, 645.00, 0.00, 0.00, 0.00, 0.00, 645.00, 'paid', 'card', NULL, NULL, 0.00, 'packed', NULL, NULL, NULL, NULL, NULL, '2025-12-17 11:39:28', '2025-12-17 11:39:28', '2025-12-17 11:42:55'),
(44, 13, 5, 'pos', '{\"name\": \"prasad\", \"email\": \"\", \"mobile\": \"7036248736\", \"delivery_type\": \"store_pickup\"}', NULL, 2290.00, 0.00, 0.00, 0.00, 0.00, 2290.00, 'paid', 'card', NULL, NULL, 0.00, 'delivered', NULL, NULL, NULL, NULL, NULL, '2025-12-17 12:10:30', '2025-12-17 12:10:30', '2025-12-17 12:10:30'),
(45, 13, 5, 'pos', '{\"name\": \"prasad\", \"email\": \"\", \"mobile\": \"7036248736\", \"delivery_type\": \"store_pickup\"}', NULL, 1094.00, 0.00, 0.00, 0.00, 0.00, 1094.00, 'paid', 'card', NULL, NULL, 0.00, 'delivered', NULL, NULL, NULL, NULL, NULL, '2025-12-17 12:22:02', '2025-12-17 12:22:02', '2025-12-17 12:22:02'),
(46, 13, 5, 'pos', '{\"name\": \"prasad\", \"email\": \"\", \"mobile\": \"7036248736\", \"delivery_type\": \"store_pickup\"}', NULL, 2585.00, 0.00, 0.00, 0.00, 0.00, 2585.00, 'paid', 'card', NULL, NULL, 0.00, 'delivered', NULL, NULL, NULL, NULL, NULL, '2025-12-17 12:25:29', '2025-12-17 12:25:29', '2025-12-17 12:25:29'),
(47, 13, 5, 'pos', '{\"pin\": \"533255\", \"city\": \"Ramachandrapuram\", \"name\": \"prasad\", \"email\": \"\", \"line1\": \"2-9/b, panchayathi street\", \"line2\": null, \"state\": \"AP\", \"mobile\": \"7036248736\", \"address_id\": 5, \"delivery_type\": \"courier\"}', NULL, 1979.00, 0.00, 0.00, 0.00, 0.00, 1979.00, 'paid', 'card', NULL, NULL, 0.00, 'confirmed', NULL, NULL, NULL, NULL, NULL, '2025-12-17 12:28:57', '2025-12-17 12:28:57', '2025-12-17 12:28:57'),
(48, 13, 5, 'pos', '{\"name\": \"prasad\", \"email\": \"\", \"mobile\": \"7036248736\", \"delivery_type\": \"store_pickup\"}', NULL, 3785.00, 0.00, 0.00, 0.00, 0.00, 3785.00, 'paid', 'card', NULL, NULL, 0.00, 'delivered', NULL, NULL, NULL, NULL, NULL, '2025-12-18 04:31:59', '2025-12-18 04:31:59', '2025-12-18 04:31:59'),
(49, 13, 5, 'pos', '{\"name\": \"prasad\", \"email\": \"\", \"mobile\": \"7036248736\", \"delivery_type\": \"store_pickup\"}', NULL, 2195.00, 0.00, 0.00, 0.00, 0.00, 2195.00, 'paid', 'card', NULL, NULL, 0.00, 'delivered', NULL, NULL, NULL, NULL, NULL, '2025-12-18 04:34:33', '2025-12-18 04:34:33', '2025-12-18 04:34:33'),
(50, 13, 5, 'pos', '{\"name\": \"prasad\", \"email\": \"\", \"mobile\": \"7036248736\", \"delivery_type\": \"store_pickup\"}', NULL, 5030.00, 0.00, 0.00, 0.00, 0.00, 5030.00, 'paid', 'card', NULL, NULL, 0.00, 'delivered', NULL, NULL, NULL, NULL, NULL, '2025-12-18 05:03:24', '2025-12-18 05:03:24', '2025-12-18 05:03:24'),
(51, 13, 5, 'pos', '{\"name\": \"prasad\", \"email\": \"\", \"mobile\": \"7036248736\", \"delivery_type\": \"store_pickup\"}', NULL, 2584.00, 0.00, 0.00, 0.00, 0.00, 2584.00, 'paid', 'card', NULL, NULL, 0.00, 'delivered', NULL, NULL, NULL, NULL, NULL, '2025-12-18 05:05:23', '2025-12-18 05:05:23', '2025-12-18 05:05:23'),
(52, 13, 5, 'pos', '{\"name\": \"prasad\", \"email\": \"\", \"mobile\": \"7036248736\", \"delivery_type\": \"store_pickup\"}', NULL, 2584.00, 0.00, 0.00, 0.00, 0.00, 2584.00, 'paid', 'card', NULL, NULL, 0.00, 'delivered', NULL, NULL, NULL, NULL, NULL, '2025-12-18 05:19:57', '2025-12-18 05:19:57', '2025-12-18 05:19:57'),
(53, 13, 5, 'pos', '{\"name\": \"prasad\", \"email\": \"\", \"mobile\": \"7036248736\", \"delivery_type\": \"store_pickup\"}', NULL, 2430.00, 0.00, 0.00, 0.00, 0.00, 2430.00, 'paid', 'card', NULL, NULL, 0.00, 'delivered', NULL, NULL, NULL, NULL, NULL, '2025-12-18 05:39:12', '2025-12-18 05:39:12', '2025-12-18 05:39:12'),
(54, 13, 5, 'pos', '{\"pin\": \"533255\", \"city\": \"Ramachandrapuram\", \"name\": \"prasad\", \"email\": \"\", \"line1\": \"2-9/b, panchayathi street\", \"line2\": null, \"state\": \"AP\", \"mobile\": \"7036248736\", \"address_id\": 5, \"delivery_type\": \"courier\"}', NULL, 1984.00, 0.00, 0.00, 0.00, 0.00, 1984.00, 'paid', 'card', NULL, NULL, 0.00, 'confirmed', NULL, NULL, NULL, NULL, NULL, '2025-12-18 05:39:48', '2025-12-18 05:39:48', '2025-12-18 05:39:48'),
(55, 13, 5, 'pos', '{\"pin\": \"533255\", \"city\": \"Ramachandrapuram\", \"name\": \"prasad\", \"email\": \"\", \"line1\": \"2-9/b, panchayathi street\", \"line2\": null, \"state\": \"AP\", \"mobile\": \"7036248736\", \"address_id\": 5, \"delivery_type\": \"courier\"}', NULL, 989.00, 0.00, 0.00, 0.00, 0.00, 989.00, 'paid', 'card', NULL, NULL, 0.00, 'confirmed', NULL, NULL, NULL, NULL, NULL, '2025-12-18 05:41:16', '2025-12-18 05:41:16', '2025-12-18 05:41:16'),
(56, 13, 5, 'pos', '{\"pin\": \"533255\", \"city\": \"Ramachandrapuram\", \"name\": \"prasad\", \"email\": \"\", \"line1\": \"2-9/b, panchayathi street\", \"line2\": null, \"state\": \"AP\", \"mobile\": \"7036248736\", \"address_id\": 5, \"delivery_type\": \"courier\"}', NULL, 5875.00, 1762.50, 0.00, 0.00, 0.00, 4112.50, 'paid', 'card', NULL, NULL, 0.00, 'confirmed', NULL, NULL, NULL, NULL, NULL, '2025-12-18 05:52:13', '2025-12-18 05:52:13', '2025-12-18 05:52:13'),
(57, 13, 5, 'pos', '{\"pin\": \"533255\", \"city\": \"Ramachandrapuram\", \"name\": \"prasad\", \"email\": \"\", \"line1\": \"2-9/b, panchayathi street\", \"line2\": null, \"state\": \"AP\", \"mobile\": \"7036248736\", \"address_id\": 5, \"delivery_type\": \"courier\"}', NULL, 1435.00, 0.00, 0.00, 0.00, 0.00, 1435.00, 'paid', 'card', NULL, NULL, 0.00, 'confirmed', NULL, NULL, NULL, NULL, NULL, '2025-12-18 05:59:44', '2025-12-18 05:59:44', '2025-12-18 05:59:44'),
(58, 13, 5, 'pos', '{\"name\": \"prasad\", \"email\": \"\", \"mobile\": \"7036248736\", \"delivery_type\": \"store_pickup\"}', NULL, 1689.00, 0.00, 0.00, 0.00, 0.00, 1689.00, 'paid', 'card', NULL, NULL, 0.00, 'delivered', NULL, NULL, NULL, NULL, NULL, '2025-12-18 08:13:34', '2025-12-18 08:13:34', '2025-12-18 08:13:34'),
(59, 13, 5, 'pos', '{\"name\": \"prasad\", \"email\": \"\", \"mobile\": \"7036248736\", \"delivery_type\": \"store_pickup\"}', NULL, 1930.00, 0.00, 0.00, 0.00, 0.00, 1930.00, 'paid', 'card', NULL, NULL, 0.00, 'delivered', NULL, NULL, NULL, NULL, NULL, '2025-12-18 08:48:39', '2025-12-18 08:48:39', '2025-12-18 08:48:39'),
(60, 13, 5, 'pos', '{\"name\": \"prasad\", \"email\": \"\", \"mobile\": \"7036248736\", \"delivery_type\": \"store_pickup\"}', NULL, 1435.00, 0.00, 0.00, 0.00, 0.00, 1435.00, 'paid', 'card', NULL, NULL, 0.00, 'delivered', NULL, NULL, NULL, NULL, NULL, '2025-12-18 08:54:27', '2025-12-18 08:54:27', '2025-12-18 08:54:27'),
(61, 13, 5, 'pos', '{\"name\": \"prasad\", \"email\": \"\", \"mobile\": \"7036248736\", \"delivery_type\": \"store_pickup\"}', NULL, 2345.00, 0.00, 0.00, 0.00, 0.00, 2345.00, 'paid', 'card', NULL, NULL, 0.00, 'delivered', NULL, NULL, NULL, NULL, NULL, '2025-12-18 09:09:04', '2025-12-18 09:09:04', '2025-12-18 09:09:04'),
(62, 13, 5, 'pos', '{\"pin\": \"533255\", \"city\": \"Ramachandrapuram\", \"name\": \"prasad\", \"email\": \"\", \"line1\": \"2-9/b, panchayathi street\", \"line2\": null, \"state\": \"AP\", \"mobile\": \"7036248736\", \"address_id\": 5, \"delivery_type\": \"courier\"}', NULL, 840.00, 0.00, 0.00, 0.00, 0.00, 840.00, 'paid', 'card', NULL, NULL, 0.00, 'confirmed', NULL, NULL, NULL, NULL, NULL, '2025-12-18 09:10:13', '2025-12-18 09:10:14', '2025-12-18 09:10:14'),
(63, 13, 5, 'pos', '{\"pin\": \"533255\", \"city\": \"Ramachandrapuram\", \"name\": \"prasad K\", \"line1\": \"2-9/b, panchayathi street\", \"line2\": null, \"state\": \"Andhra Pradesh\", \"mobile\": \"7036248736\"}', NULL, 3535.00, 0.00, 0.00, 0.00, 0.00, 3535.00, 'paid', 'card', NULL, NULL, 0.00, 'packed', NULL, NULL, NULL, NULL, NULL, '2025-12-18 09:16:06', '2025-12-18 09:16:06', '2026-01-03 13:55:43'),
(64, 13, NULL, 'online', '{\"pin\": \"533255\", \"city\": \"Ramachandrapuram\", \"name\": \"Prasad\", \"line1\": \"2-9/b, panchayathi street\", \"line2\": null, \"state\": \"AP\", \"mobile\": \"7036248736\"}', NULL, 1200.00, 0.00, 0.00, 100.00, 0.00, 1300.00, 'paid', 'online', NULL, NULL, 0.00, 'placed', 'order_Rt6T89a6UcbDBy', 'pay_Rt6TPXDTScfoeo', 'a58e7a2c9373b8b793bd1b88eca58cef64ea355b0f287d79eccf1a57e30fb074', NULL, NULL, '2025-12-18 14:14:17', '2025-12-18 14:13:43', '2025-12-18 14:14:17'),
(65, 13, NULL, 'online', '{\"pin\": \"533255\", \"city\": \"Ramachandrapuram\", \"name\": \"Prasad\", \"line1\": \"2-9/b, panchayathi street\", \"line2\": null, \"state\": \"AP\", \"mobile\": \"7036248736\"}', NULL, 800.00, 0.00, 0.00, 100.00, 0.00, 900.00, 'pending', 'cod', NULL, NULL, 0.00, 'placed', NULL, NULL, NULL, NULL, NULL, '2025-12-18 16:55:06', '2025-12-18 16:55:06', '2025-12-18 16:55:06'),
(66, 13, NULL, 'online', '{\"pin\": \"533255\", \"city\": \"Ramachandrapuram\", \"name\": \"Prasad\", \"line1\": \"2-9/b, panchayathi street\", \"line2\": null, \"state\": \"AP\", \"mobile\": \"7036248736\"}', NULL, 1280.00, 0.00, 0.00, 100.00, 0.00, 1380.00, 'pending', 'cod', NULL, NULL, 0.00, 'shipped', NULL, NULL, NULL, '31457910000103', 'https://track.delhivery.com/api/p/packing_slip?wbns=31457910000103', '2025-12-18 16:58:48', '2025-12-18 16:58:48', '2026-01-06 09:51:23'),
(67, 13, NULL, 'online', '{\"pin\": \"533255\", \"city\": \"Ramachandrapuram\", \"name\": \"Prasad\", \"line1\": \"2-9/b, panchayathi street\", \"line2\": null, \"state\": \"AP\", \"mobile\": \"7036248736\"}', NULL, 960.00, 0.00, 0.00, 100.00, 0.00, 1060.00, 'pending', 'cod', NULL, NULL, 0.00, 'shipped', NULL, NULL, NULL, '31457910000055', 'https://track.delhivery.com/api/p/packing_slip?wbns=31457910000055', '2025-12-18 17:01:14', '2025-12-18 17:01:14', '2025-12-23 15:38:34'),
(68, 13, NULL, 'online', '{\"pin\": \"533255\", \"city\": \"Ramachandrapuram\", \"name\": \"Prasad\", \"line1\": \"2-9/b, panchayathi street\", \"line2\": null, \"state\": \"AP\", \"mobile\": \"7036248736\"}', NULL, 2220.00, 0.00, 0.00, 100.00, 0.00, 2320.00, 'pending', 'cod', NULL, NULL, 0.00, 'packed', NULL, NULL, NULL, NULL, NULL, '2025-12-18 17:04:07', '2025-12-18 17:04:07', '2025-12-23 09:26:06'),
(69, 13, 1, 'pos', '{\"pin\": \"533255\", \"city\": \"Ramachandrapuram\", \"name\": \"prasad\", \"email\": \"\", \"line1\": \"2-9/b, panchayathi street\", \"line2\": null, \"state\": \"AP\", \"mobile\": \"7036248736\", \"city_id\": null, \"country\": null, \"state_id\": null, \"address_id\": 5, \"country_id\": null, \"delivery_type\": \"courier\"}', NULL, 2185.00, 0.00, 0.00, 100.00, 0.00, 2285.00, 'paid', 'card', NULL, NULL, 0.00, 'shipped', NULL, NULL, NULL, '31457910000066', 'https://track.delhivery.com/api/p/packing_slip?wbns=31457910000066', '2025-12-22 06:05:21', '2025-12-22 06:05:21', '2026-01-03 13:45:39'),
(70, 13, 5, 'pos', '{\"name\": \"prasad\", \"email\": \"\", \"mobile\": \"7036248736\", \"delivery_type\": \"store_pickup\"}', NULL, 3240.00, 0.00, 94.37, 0.00, 0.00, 3240.00, 'paid', 'card', NULL, NULL, 0.00, 'delivered', NULL, NULL, NULL, NULL, NULL, '2025-12-22 06:25:05', '2025-12-22 06:25:05', '2025-12-22 06:25:05'),
(71, 13, 5, 'pos', '{\"pin\": \"533255\", \"city\": \"Ramachandrapuram\", \"name\": \"prasad\", \"email\": \"\", \"line1\": \"2-9/b, panchayathi street\", \"line2\": null, \"state\": \"AP\", \"mobile\": \"7036248736\", \"city_id\": null, \"country\": null, \"state_id\": null, \"address_id\": 5, \"country_id\": null, \"delivery_type\": \"courier\"}', NULL, 3479.00, 0.00, 101.33, 100.00, 0.00, 3579.00, 'paid', 'card', NULL, NULL, 0.00, 'packed', NULL, NULL, NULL, NULL, NULL, '2025-12-22 06:33:18', '2025-12-22 06:33:18', '2025-12-22 13:19:11'),
(72, 13, 5, 'pos', '{\"pin\": \"533255\", \"city\": \"Ramachandrapuram\", \"name\": \"prasad\", \"email\": \"\", \"line1\": \"2-9/b, panchayathi street\", \"line2\": null, \"state\": \"AP\", \"mobile\": \"7036248736\", \"city_id\": null, \"country\": null, \"state_id\": null, \"address_id\": 5, \"country_id\": null, \"delivery_type\": \"courier\"}', NULL, 3740.00, 0.00, 108.93, 100.00, 0.00, 3840.00, 'paid', 'card', NULL, NULL, 0.00, 'packed', NULL, NULL, NULL, NULL, NULL, '2025-12-22 06:38:21', '2025-12-22 06:38:21', '2025-12-22 12:51:13'),
(73, 13, 5, 'pos', '{\"pin\": \"533255\", \"city\": \"Ramachandrapuram\", \"name\": \"prasad\", \"email\": \"\", \"line1\": \"2-9/b, panchayathi street\", \"line2\": null, \"state\": \"AP\", \"mobile\": \"7036248736\", \"city_id\": null, \"country\": null, \"state_id\": null, \"address_id\": 5, \"country_id\": null, \"delivery_type\": \"courier\"}', NULL, 4285.00, 0.00, 124.81, 100.00, 0.00, 4385.00, 'paid', 'card', NULL, NULL, 0.00, 'shipped', NULL, NULL, NULL, 'LUAP0000556120', 'https://app.elite.ekartlogistics.in/api/v1/package/label?json_only=false&ids[]=LUAP0000556120', '2025-12-22 06:39:31', '2025-12-22 06:39:31', '2025-12-26 10:13:13'),
(74, 13, 1, 'pos', '{\"name\": \"prasad\", \"email\": \"\", \"mobile\": \"7036248736\", \"delivery_type\": \"store_pickup\"}', NULL, 300.00, 0.00, 8.74, 0.00, 0.00, 300.00, 'paid', 'card', NULL, NULL, 0.00, 'delivered', NULL, NULL, NULL, NULL, NULL, '2025-12-23 12:44:08', '2025-12-23 12:44:08', '2025-12-23 12:44:08'),
(75, 14, 1, 'pos', '{\"name\": \"Durga\", \"email\": \"\", \"mobile\": \"7036248733\", \"delivery_type\": \"store_pickup\"}', NULL, 1140.00, 140.00, 33.20, 0.00, 0.00, 1000.00, 'paid', 'card', NULL, NULL, 0.00, 'delivered', NULL, NULL, NULL, NULL, NULL, '2025-12-23 12:45:01', '2025-12-23 12:45:01', '2025-12-23 12:45:01'),
(76, 13, 1, 'pos', '{\"name\": \"prasad\", \"email\": \"\", \"mobile\": \"7036248736\", \"delivery_type\": \"store_pickup\"}', NULL, 1135.00, 340.50, 33.05, 0.00, 0.00, 794.50, 'paid', 'card', NULL, NULL, 0.00, 'delivered', NULL, NULL, NULL, NULL, NULL, '2025-12-23 12:51:10', '2025-12-23 12:51:10', '2025-12-23 12:51:10'),
(77, 14, 5, 'pos', '{\"name\": \"Durga\", \"email\": \"\", \"mobile\": \"7036248733\", \"delivery_type\": \"store_pickup\"}', NULL, 1094.00, 0.00, 31.86, 0.00, 0.00, 1094.00, 'paid', 'card', NULL, NULL, 0.00, 'delivered', NULL, NULL, NULL, NULL, NULL, '2025-12-29 04:45:14', '2025-12-29 04:45:14', '2025-12-29 04:45:14'),
(78, 7, 1, 'pos', '{\"name\": \"Sample2\", \"email\": \"\", \"mobile\": \"9090909091\", \"delivery_type\": \"store_pickup\"}', NULL, 995.00, 0.00, 28.98, 0.00, 0.00, 995.00, 'paid', 'cash', 1000.00, NULL, 0.00, 'delivered', NULL, NULL, NULL, NULL, NULL, '2026-01-09 08:56:01', '2026-01-09 08:56:01', '2026-01-09 08:56:01'),
(79, 18, 1, 'pos', '{\"name\": \"Sample\", \"email\": \"\", \"mobile\": \"8989121212\", \"delivery_type\": \"store_pickup\"}', NULL, 1890.00, 0.00, 55.05, 0.00, 0.00, 1890.00, 'paid', 'card', 700.00, 1210.00, 0.00, 'delivered', NULL, NULL, NULL, NULL, NULL, '2026-01-09 09:11:43', '2026-01-09 09:11:43', '2026-01-09 09:11:44'),
(80, 7, 1, 'pos', '{\"name\": \"Sample2\", \"email\": \"\", \"mobile\": \"9090909091\", \"delivery_type\": \"store_pickup\"}', NULL, 1094.00, 0.00, 31.86, 0.00, 0.00, 1094.00, 'paid', 'card', 120.00, 1000.00, 26.00, 'delivered', NULL, NULL, NULL, NULL, NULL, '2026-01-09 10:55:58', '2026-01-09 10:55:58', '2026-01-09 10:55:58'),
(81, 3, 1, 'pos', '{\"name\": \"Anu\", \"email\": \"\", \"mobile\": \"7731996663\", \"delivery_type\": \"store_pickup\"}', NULL, 1589.00, 0.00, 46.28, 0.00, 0.00, 1589.00, 'paid', 'card', 1000.00, 1000.00, 411.00, 'delivered', NULL, NULL, NULL, NULL, NULL, '2026-01-09 23:10:12', '2026-01-09 23:10:12', '2026-01-09 23:10:12'),
(82, 3, 1, 'pos', '{\"name\": \"Anu\", \"email\": \"\", \"mobile\": \"7731996663\", \"delivery_type\": \"store_pickup\"}', NULL, 2839.00, 0.00, 82.69, 0.00, 0.00, 2839.00, 'paid', 'card', 1000.00, 2000.00, 161.00, 'delivered', NULL, NULL, NULL, NULL, NULL, '2026-01-10 04:53:53', '2026-01-10 04:53:53', '2026-01-10 04:53:53'),
(83, 3, NULL, 'online', '{\"pin\": \"500090\", \"city\": \"Hyderabad\", \"name\": \"Anjaneya Reddy challa\", \"line1\": \"Latha Residency, Prasathi Hills\", \"line2\": \"Pragathi Nagar\", \"state\": \"Telangana\", \"mobile\": \"09966337448\", \"city_id\": null, \"country\": null, \"state_id\": null, \"country_id\": null}', NULL, 3125.00, 0.00, 91.02, 100.00, 0.00, 3225.00, 'paid', 'online', NULL, NULL, 0.00, 'shipped', 'order_S23dEgyqPwMPQo', 'pay_S23eF5M48Uqs9n', 'f656d04746cbc2395dfc7a7d54340bcf7a2fb103f252d0caf9e9df679d082875', 'LUAP0000666288', 'https://app.elite.ekartlogistics.in/api/v1/package/label?json_only=false&ids[]=LUAP0000666288', '2026-01-10 05:19:36', '2026-01-10 05:18:11', '2026-01-23 11:51:39'),
(84, 3, 1, 'pos', '{\"pin\": \"500049\", \"city\": \"Warangal\", \"name\": \"Anu\", \"email\": \"\", \"line1\": \"Flat 201, Block A\", \"line2\": \"Tejase Lakeview,Madhinaguda\", \"state\": \"Telangana\", \"mobile\": \"7731996663\", \"city_id\": 4505, \"country\": \"India\", \"state_id\": 36, \"address_id\": 9, \"country_id\": 101, \"delivery_type\": \"courier\"}', NULL, 1595.00, 0.00, 46.46, 100.00, 0.00, 1695.00, 'paid', 'card', 300.00, 1400.00, 5.00, 'confirmed', NULL, NULL, NULL, NULL, NULL, '2026-01-23 14:13:44', '2026-01-23 14:13:44', '2026-01-23 14:13:45'),
(85, 3, 1, 'pos', '{\"pin\": \"500049\", \"city\": \"Warangal\", \"name\": \"Anu\", \"email\": \"\", \"line1\": \"Flat 201, Block A\", \"line2\": \"Tejase Lakeview,Madhinaguda\", \"state\": \"Telangana\", \"mobile\": \"7731996663\", \"city_id\": 4505, \"country\": \"India\", \"state_id\": 36, \"address_id\": 9, \"country_id\": 101, \"delivery_type\": \"courier\"}', NULL, 3785.00, 189.25, 110.24, 100.00, 100.00, 3795.75, 'paid', 'card', 2000.00, 2000.00, 204.25, 'confirmed', NULL, NULL, NULL, NULL, NULL, '2026-01-23 14:17:53', '2026-01-23 14:17:53', '2026-01-23 14:17:54'),
(86, 3, 1, 'pos', '{\"pin\": \"500090\", \"city\": \"Bhainsa\", \"name\": \"Anu\", \"email\": \"\", \"line1\": \"Latha Residency, Prasathi Hills\", \"line2\": \"Pragathi Nagar\", \"state\": \"Telangana\", \"mobile\": \"7731996663\", \"city_id\": 4450, \"country\": \"India\", \"state_id\": 36, \"address_id\": 7, \"country_id\": 101, \"delivery_type\": \"courier\"}', NULL, 1694.00, 100.00, 49.33, 100.00, 99.00, 1793.00, 'paid', 'card', 1500.00, 500.00, 207.00, 'confirmed', NULL, NULL, NULL, NULL, NULL, '2026-01-23 14:21:30', '2026-01-23 14:21:30', '2026-01-23 14:21:30'),
(87, 19, 1, 'pos', '{\"name\": \"Walk In Customer\", \"email\": \"\", \"mobile\": \"9999999999\", \"delivery_type\": \"store_pickup\"}', NULL, 2590.00, 0.00, 75.44, 0.00, 0.00, 2590.00, 'paid', 'cash', 3000.00, NULL, 410.00, 'delivered', NULL, NULL, NULL, NULL, NULL, '2026-01-23 14:28:09', '2026-01-23 14:28:09', '2026-01-23 14:28:10'),
(88, 3, 1, 'pos', '{\"pin\": \"500090\", \"city\": \"Bhainsa\", \"name\": \"Anu\", \"email\": \"\", \"line1\": \"Latha Residency, Prasathi Hills\", \"line2\": \"Pragathi Nagar\", \"state\": \"Telangana\", \"mobile\": \"7731996663\", \"city_id\": 4450, \"country\": \"India\", \"state_id\": 36, \"address_id\": 7, \"country_id\": 101, \"delivery_type\": \"courier\"}', NULL, 4285.00, 214.25, 124.80, 100.00, 123.00, 4293.75, 'paid', 'card', 1000.00, 20000.00, 16706.25, 'confirmed', NULL, NULL, NULL, NULL, NULL, '2026-01-23 14:30:42', '2026-01-23 14:30:42', '2026-01-23 14:30:43'),
(89, 3, 1, 'pos', '{\"pin\": \"500049\", \"city\": \"Warangal\", \"name\": \"Anu\", \"email\": \"\", \"line1\": \"Flat 201, Block A\", \"line2\": \"Tejase Lakeview,Madhinaguda\", \"state\": \"Telangana\", \"mobile\": \"7731996663\", \"city_id\": 4505, \"country\": \"India\", \"state_id\": 36, \"address_id\": 9, \"country_id\": 101, \"delivery_type\": \"courier\"}', NULL, 11780.00, 0.00, 343.09, 100.00, 0.00, 11880.00, 'paid', 'card', NULL, 12000.00, 120.00, 'confirmed', NULL, NULL, NULL, NULL, NULL, '2026-01-23 15:01:52', '2026-01-23 15:01:52', '2026-01-23 15:01:53'),
(90, 3, 8, 'pos', '{\"name\": \"Anu\", \"email\": \"\", \"mobile\": \"7731996663\", \"delivery_type\": \"store_pickup\"}', NULL, 300.00, 0.00, 8.74, 0.00, 0.00, 300.00, 'paid', 'cash', 300.00, NULL, 0.00, 'delivered', NULL, NULL, NULL, NULL, NULL, '2026-01-26 14:35:23', '2026-01-26 14:35:23', '2026-01-26 14:35:24'),
(91, 3, 1, 'pos', '{\"name\": \"Anu\", \"email\": \"\", \"mobile\": \"7731996663\", \"delivery_type\": \"store_pickup\"}', NULL, 2875.00, 188.00, 83.74, 0.00, 0.00, 2687.00, 'paid', 'cash', 3000.00, NULL, 313.00, 'delivered', NULL, NULL, NULL, NULL, NULL, '2026-01-27 04:58:29', '2026-01-27 04:58:30', '2026-01-27 04:58:30'),
(92, 17, 8, 'pos_to_online', '{\"pin\": \"500090\", \"city\": \"Hyderabad\", \"name\": \"7036248736\", \"email\": \"\", \"line1\": \"Latha Residency, Prasathi Hills\", \"line2\": \"Pragathi Nagar\", \"state\": \"Telangana\", \"mobile\": \"7036248736\", \"city_id\": 4460, \"country\": \"India\", \"state_id\": 36, \"address_id\": 10, \"country_id\": 101, \"delivery_type\": \"courier\"}', NULL, 2085.00, 150.00, 60.73, 100.00, 0.00, 2035.00, 'paid', 'card', NULL, 2100.00, 65.00, 'confirmed', NULL, NULL, NULL, NULL, NULL, '2026-01-27 06:15:07', '2026-01-27 06:15:07', '2026-01-27 06:15:07'),
(93, 3, 1, 'pos_to_online', '{\"pin\": \"500090\", \"city\": \"Hyderabad\", \"name\": \"Anu\", \"email\": \"\", \"line1\": \"Latha Residency, Prasathi Hills\", \"line2\": \"Pragathi Nagar\", \"state\": \"Telangana\", \"mobile\": \"7731996663\", \"city_id\": null, \"country\": null, \"state_id\": null, \"address_id\": 3, \"country_id\": null, \"delivery_type\": \"courier\"}', NULL, 3785.00, 538.00, 110.24, 100.00, 600.00, 3947.00, 'paid', 'cash', 4000.00, NULL, 53.00, 'confirmed', NULL, NULL, NULL, NULL, NULL, '2026-01-27 06:35:35', '2026-01-27 06:35:35', '2026-01-27 06:35:35'),
(94, 3, 1, 'pos_to_online', '{\"pin\": \"500090\", \"city\": \"Hyderabad\", \"name\": \"Anu\", \"email\": \"\", \"line1\": \"Latha Residency, Prasathi Hills\", \"line2\": \"Pragathi Nagar\", \"state\": \"Telangana\", \"mobile\": \"7731996663\", \"city_id\": null, \"country\": null, \"state_id\": null, \"address_id\": 3, \"country_id\": null, \"delivery_type\": \"courier\"}', NULL, 2640.00, 0.00, 76.90, 100.00, 100.00, 2840.00, 'paid', 'cash', 3000.00, NULL, 160.00, 'confirmed', NULL, NULL, NULL, NULL, NULL, '2026-01-27 06:42:33', '2026-01-27 06:42:33', '2026-01-27 06:42:33'),
(95, 20, 5, 'pos_to_online', '{\"pin\": \"500090\", \"city\": \"Armoor\", \"name\": \"Anjaneya\", \"email\": \"\", \"line1\": \"Latha Residency, Prasathi Hills\", \"line2\": \"Pragathi Nagar\", \"state\": \"Telangana\", \"mobile\": \"8989898998\", \"city_id\": 4444, \"country\": \"India\", \"state_id\": 36, \"address_id\": 11, \"country_id\": 101, \"delivery_type\": \"courier\"}', NULL, 6480.00, 34.75, 188.73, 100.00, 0.00, 6545.25, 'paid', 'cash', 7000.00, NULL, 454.75, 'confirmed', NULL, NULL, NULL, NULL, NULL, '2026-01-27 07:11:31', '2026-01-27 07:11:31', '2026-01-27 07:11:32'),
(96, 19, 1, 'pos', '{\"name\": \"Walk In Customer\", \"email\": \"\", \"mobile\": \"9999999999\", \"delivery_type\": \"store_pickup\"}', NULL, 3639.00, 159.50, 105.99, 0.00, 0.00, 3479.50, 'paid', 'cash', 4000.00, NULL, 520.50, 'delivered', NULL, NULL, NULL, NULL, NULL, '2026-01-27 08:06:20', '2026-01-27 08:06:20', '2026-01-27 08:06:20'),
(97, 19, 8, 'pos', '{\"name\": \"Walk In Customer\", \"email\": \"\", \"mobile\": \"9999999999\", \"delivery_type\": \"store_pickup\"}', NULL, 1485.00, 0.00, 43.25, 0.00, 0.00, 1485.00, 'paid', 'cash', 1500.00, NULL, 15.00, 'delivered', NULL, NULL, NULL, NULL, NULL, '2026-01-27 12:25:06', '2026-01-27 12:25:06', '2026-01-27 12:25:07'),
(98, 19, 16, 'pos', '{\"name\": \"Walk In Customer\", \"email\": \"\", \"mobile\": \"9999999999\", \"delivery_type\": \"store_pickup\"}', NULL, 11345.00, 0.00, 330.43, 0.00, 0.00, 11345.00, 'paid', 'cash', 12000.00, NULL, 655.00, 'delivered', NULL, NULL, NULL, NULL, NULL, '2026-01-27 12:25:44', '2026-01-27 12:25:44', '2026-01-27 12:25:45'),
(99, 19, 15, 'pos', '{\"name\": \"Walk In Customer\", \"email\": \"\", \"mobile\": \"9999999999\", \"delivery_type\": \"store_pickup\"}', NULL, 16720.00, 0.00, 486.99, 0.00, 0.00, 16720.00, 'paid', 'cash', 17000.00, NULL, 280.00, 'delivered', NULL, NULL, NULL, NULL, NULL, '2026-01-27 12:26:11', '2026-01-27 12:26:11', '2026-01-27 12:26:11'),
(100, 19, 5, 'pos', '{\"name\": \"Walk In Customer\", \"email\": \"\", \"mobile\": \"9999999999\", \"delivery_type\": \"store_pickup\"}', NULL, 4383.00, 0.00, 127.65, 0.00, 0.00, 4383.00, 'paid', 'cash', 5000.00, NULL, 617.00, 'delivered', NULL, NULL, NULL, NULL, NULL, '2026-01-27 12:26:31', '2026-01-27 12:26:31', '2026-01-27 12:26:32'),
(101, 19, 16, 'pos', '{\"name\": \"Walk In Customer\", \"email\": \"\", \"mobile\": \"9999999999\", \"delivery_type\": \"store_pickup\"}', NULL, 730.00, 33.50, 21.26, 0.00, 0.00, 696.50, 'paid', 'card', NULL, 700.00, 3.50, 'delivered', NULL, NULL, NULL, NULL, NULL, '2026-01-28 13:12:12', '2026-01-28 13:12:12', '2026-01-28 13:12:13'),
(102, 19, 1, 'pos', '{\"name\": \"Walk In Customer\", \"email\": \"\", \"mobile\": \"9999999999\", \"delivery_type\": \"store_pickup\"}', NULL, 695.00, 0.00, 20.24, 0.00, 0.00, 695.00, 'paid', 'cash', 700.00, NULL, 5.00, 'delivered', NULL, NULL, NULL, NULL, NULL, '2026-01-29 06:48:46', '2026-01-29 06:48:46', '2026-01-29 06:48:47'),
(103, 3, 1, 'pos', '{\"name\": \"Anu\", \"email\": \"\", \"mobile\": \"7731996663\", \"delivery_type\": \"store_pickup\"}', NULL, 2290.00, 0.00, 66.70, 0.00, 0.00, 2290.00, 'paid', 'cash', 2300.00, NULL, 10.00, 'delivered', NULL, NULL, NULL, NULL, NULL, '2026-01-29 06:52:44', '2026-01-29 06:52:44', '2026-01-29 06:52:44'),
(104, 3, 1, 'pos', '{\"name\": \"Anu\", \"email\": \"\", \"mobile\": \"7731996663\", \"delivery_type\": \"store_pickup\"}', NULL, 990.00, 0.00, 28.83, 0.00, 0.00, 990.00, 'paid', 'cash', 1000.00, NULL, 10.00, 'delivered', NULL, NULL, NULL, NULL, NULL, '2026-01-29 06:57:36', '2026-01-29 06:57:36', '2026-01-29 06:57:37'),
(105, 19, 1, 'pos', '{\"name\": \"Walk In Customer\", \"email\": \"\", \"mobile\": \"9999999999\", \"delivery_type\": \"store_pickup\"}', NULL, 999.00, 0.00, 29.10, 0.00, 0.00, 999.00, 'paid', 'cash', 1000.00, NULL, 1.00, 'delivered', NULL, NULL, NULL, NULL, NULL, '2026-01-29 07:00:01', '2026-01-29 07:00:01', '2026-01-29 07:00:01'),
(106, 3, 1, 'pos', '{\"name\": \"Anu\", \"email\": \"\", \"mobile\": \"7731996663\", \"delivery_type\": \"store_pickup\"}', NULL, 4075.00, 159.25, 118.68, 0.00, 0.00, 3915.75, 'paid', 'card', 3000.00, 1000.00, 84.25, 'delivered', NULL, NULL, NULL, NULL, NULL, '2026-02-02 09:24:57', '2026-02-02 09:24:57', '2026-02-02 09:24:58'),
(107, 19, 16, 'pos', '{\"name\": \"Walk In Customer\", \"email\": \"\", \"mobile\": \"9999999999\", \"delivery_type\": \"store_pickup\"}', NULL, 2088.00, 59.80, 0.00, 0.00, 0.00, 2028.20, 'paid', 'cash', 2100.00, NULL, 71.80, 'delivered', NULL, NULL, NULL, NULL, NULL, '2026-02-04 08:40:33', '2026-02-04 08:40:33', '2026-02-04 08:40:34');

-- --------------------------------------------------------

--
-- Table structure for table `order_items`
--

CREATE TABLE IF NOT EXISTS `order_items` (
  `id` bigint UNSIGNED NOT NULL AUTO_INCREMENT,
  `order_id` bigint UNSIGNED NOT NULL,
  `product_id` bigint UNSIGNED NOT NULL,
  `name` varchar(255) CHARACTER SET utf8mb4 COLLATE utf8mb4_general_ci NOT NULL,
  `sku` varchar(255) CHARACTER SET utf8mb4 COLLATE utf8mb4_general_ci NOT NULL,
  `qty` int NOT NULL,
  `price` decimal(10,2) NOT NULL,
  `discount_percentage` decimal(5,2) DEFAULT NULL,
  `line_total` decimal(10,2) NOT NULL,
  `tax_amount` decimal(10,2) NOT NULL DEFAULT '0.00',
  `purchase_price` decimal(12,2) DEFAULT NULL,
  `allocated_discount` decimal(12,2) NOT NULL DEFAULT '0.00',
  `allocated_shipping` decimal(12,2) NOT NULL DEFAULT '0.00',
  `allocated_extra_costs` decimal(12,2) NOT NULL DEFAULT '0.00',
  PRIMARY KEY (`id`),
  KEY `order_items_order_id_index` (`order_id`),
  KEY `order_items_product_id_index` (`product_id`),
  KEY `order_items_purchase_price_index` (`purchase_price`)
) ENGINE=InnoDB AUTO_INCREMENT=291 DEFAULT CHARSET=utf8mb4 COLLATE=utf8mb4_general_ci;

--
-- Dumping data for table `order_items`
--

INSERT INTO `order_items` (`id`, `order_id`, `product_id`, `name`, `sku`, `qty`, `price`, `discount_percentage`, `line_total`, `tax_amount`, `purchase_price`, `allocated_discount`, `allocated_shipping`, `allocated_extra_costs`) VALUES
(1, 1, 4, 'lockets with chains', 'BC-20251112-630999', 1, 450.00, NULL, 450.00, 0.00, 337.50, 0.00, 0.00, 0.00),
(2, 2, 6, 'SINGLE LINE MANGALSUTRA', 'BC-20251112-645836', 1, 295.00, NULL, 295.00, 0.00, 221.25, 0.00, 0.00, 0.00),
(3, 2, 8, 'SHORT NECKLACE', 'BC-20251112-048327', 1, 1295.00, NULL, 1295.00, 0.00, 971.25, 0.00, 0.00, 0.00),
(4, 2, 37, 'CHAIN WITH LOCKET', 'BC-20251112-421311', 1, 545.00, NULL, 545.00, 0.00, 408.75, 0.00, 0.00, 0.00),
(5, 2, 44, 'LONG MANGALSUTRA', 'BC-20251112-991239', 1, 695.00, NULL, 695.00, 0.00, 521.25, 0.00, 0.00, 0.00),
(6, 2, 46, 'POLKY STONES BEEDS WITH EAR RINGS', 'BC-20251112-469481', 1, 395.00, NULL, 395.00, 0.00, 296.25, 0.00, 0.00, 0.00),
(7, 2, 63, 'SHORT MANGALSUTRAS', 'BC-20251112-968159', 1, 495.00, NULL, 495.00, 0.00, 371.25, 0.00, 0.00, 0.00),
(8, 3, 73, 'KIDS VADDANAM', 'BC-20251112-194060', 1, 895.00, NULL, 895.00, 0.00, 671.25, 0.00, 0.00, 0.00),
(9, 3, 74, 'CHANDRAHARAM', 'BC-20251112-546122', 1, 695.00, NULL, 695.00, 0.00, 521.25, 0.00, 0.00, 0.00),
(10, 16, 7, 'Short necklaces with Full Stones', 'BC-20251112-899760', 1, 1595.00, NULL, 1595.00, 0.00, 1196.25, 0.00, 0.00, 0.00),
(11, 16, 10, 'LONG NECKLACE', 'BC-20251112-936573', 1, 1995.00, NULL, 1995.00, 0.00, 1496.25, 0.00, 0.00, 0.00),
(12, 20, 8, 'SHORT NECKLACE', 'BC-20251112-048327', 1, 1295.00, NULL, 1295.00, 0.00, 971.25, 0.00, 56.45, 0.00),
(13, 20, 106, 'Rings for women', 'BC-20251113-063361', 1, 999.00, NULL, 999.00, 0.00, 749.25, 0.00, 43.55, 0.00),
(14, 22, 6, 'SINGLE LINE MANGALSUTRA', 'BC-20251112-645836', 1, 295.00, NULL, 295.00, 0.00, 221.25, 0.00, 22.87, 0.00),
(15, 22, 9, 'CHOKER', 'BC-20251112-672492', 1, 995.00, NULL, 995.00, 0.00, 746.25, 0.00, 77.13, 0.00),
(16, 23, 9, 'CHOKER', 'BC-20251112-672492', 1, 995.00, NULL, 995.00, 0.00, 746.25, 0.00, 34.44, 0.00),
(17, 23, 73, 'KIDS VADDANAM', 'BC-20251112-194060', 1, 895.00, NULL, 895.00, 0.00, 671.25, 0.00, 30.98, 0.00),
(18, 23, 106, 'Rings for women', 'BC-20251113-063361', 1, 999.00, NULL, 999.00, 0.00, 749.25, 0.00, 34.58, 0.00),
(19, 25, 9, 'CHOKER', 'BC-20251112-672492', 2, 995.00, NULL, 1990.00, 0.00, 746.25, 0.00, 100.00, 0.00),
(20, 27, 47, 'NECKLACE SET', 'BC-20251112-553314', 1, 3190.00, NULL, 3190.00, 0.00, 2392.50, 0.00, 42.11, 0.00),
(21, 27, 57, 'SHORT HARAM', 'BC-20251112-445506', 1, 3490.00, NULL, 3490.00, 0.00, 2617.50, 0.00, 46.07, 0.00),
(22, 27, 67, 'PENDENT', 'BC-20251112-303935', 1, 895.00, NULL, 895.00, 0.00, 671.25, 0.00, 11.82, 0.00),
(23, 28, 11, 'JHUMKAS', 'BC-20251112-549495', 1, 99.00, NULL, 99.00, 0.00, 74.25, 9.90, 0.00, 0.00),
(24, 28, 12, 'HANGINS', 'BC-20251112-658847', 1, 595.00, NULL, 595.00, 0.00, 446.25, 59.50, 0.00, 0.00),
(25, 28, 13, 'GJ JHUMKAS', 'BC-20251112-058062', 1, 895.00, NULL, 895.00, 0.00, 671.25, 89.50, 0.00, 0.00),
(26, 28, 22, 'MATILS', 'BC-20251112-390308', 1, 250.00, NULL, 250.00, 0.00, 187.50, 25.00, 0.00, 0.00),
(27, 28, 18, 'BRACELET', 'BC-20251112-196700', 1, 295.00, NULL, 295.00, 0.00, 221.25, 29.50, 0.00, 0.00),
(28, 28, 43, 'STUDS', 'BC-20251112-711735', 1, 99.00, NULL, 99.00, 0.00, 74.25, 9.90, 0.00, 0.00),
(29, 28, 44, 'LONG MANGALSUTRA', 'BC-20251112-991239', 1, 695.00, NULL, 695.00, 0.00, 521.25, 69.50, 0.00, 0.00),
(30, 28, 94, 'KAASUMALA', 'BC-20251112-223936', 1, 3190.00, NULL, 3190.00, 0.00, 2392.50, 319.00, 0.00, 0.00),
(31, 28, 45, 'CHAIN WITH EAR RINGS', 'BC-20251112-215501', 1, 495.00, NULL, 495.00, 0.00, 371.25, 49.50, 0.00, 0.00),
(32, 30, 6, 'SINGLE LINE MANGALSUTRA', 'BC-20251112-645836', 2, 295.00, NULL, 590.00, 0.00, 221.25, 54.93, 10.99, 0.00),
(33, 30, 10, 'LONG NECKLACE', 'BC-20251112-936573', 2, 1995.00, NULL, 3990.00, 0.00, 1496.25, 371.51, 74.30, 0.00),
(34, 30, 81, 'MICRO PLATEDBANGLES', 'BC-20251112-551110', 2, 395.00, NULL, 790.00, 0.00, 296.25, 73.56, 14.71, 0.00),
(35, 31, 75, 'BANGES', 'BC-20251112-683386', 1, 1395.00, NULL, 1395.00, 0.00, 1046.25, 0.00, 52.05, 0.00),
(36, 31, 98, 'BRACELETS', 'BC-20251112-580085', 1, 295.00, NULL, 295.00, 0.00, 221.25, 0.00, 11.01, 0.00),
(37, 31, 102, 'BLACK BEEDS', 'BC-20251112-299445', 1, 495.00, NULL, 495.00, 0.00, 371.25, 0.00, 18.47, 0.00),
(38, 31, 103, 'HASSEL', 'BC-20251112-502133', 1, 495.00, NULL, 495.00, 0.00, 371.25, 0.00, 18.47, 0.00),
(39, 32, 96, 'EAR CUFF JHUMKAS', 'BC-20251112-450961', 1, 695.00, NULL, 695.00, 0.00, 521.25, 0.00, 100.00, 0.00),
(40, 33, 107, '7up', '83784426', 1, 140.00, NULL, 140.00, 0.00, 100.00, 0.00, 0.00, 0.00),
(41, 33, 8, 'SHORT NECKLACE', 'BC-20251112-048327', 1, 1295.00, NULL, 1295.00, 0.00, 971.25, 0.00, 0.00, 0.00),
(42, 34, 33, 'RICE BALLS BEEDS', 'BC-20251112-332293', 1, 350.00, NULL, 350.00, 0.00, 262.50, 0.00, 0.00, 0.00),
(43, 34, 16, 'BEEDS', 'BC-20251112-165796', 1, 1695.00, NULL, 1695.00, 0.00, 1271.25, 0.00, 0.00, 0.00),
(44, 34, 13, 'GJ JHUMKAS', 'BC-20251112-058062', 1, 895.00, NULL, 895.00, 0.00, 671.25, 0.00, 0.00, 0.00),
(45, 34, 11, 'JHUMKAS', 'BC-20251112-549495', 2, 99.00, NULL, 198.00, 0.00, 74.25, 0.00, 0.00, 0.00),
(46, 36, 9, 'CHOKER', 'BC-20251112-672492', 1, 995.00, NULL, 995.00, 0.00, 746.25, 0.00, 14.08, 0.00),
(47, 36, 94, 'KAASUMALA', 'BC-20251112-223936', 1, 3190.00, NULL, 3190.00, 0.00, 2392.50, 0.00, 45.13, 0.00),
(48, 36, 103, 'HASSEL', 'BC-20251112-502133', 1, 495.00, NULL, 495.00, 0.00, 371.25, 0.00, 7.00, 0.00),
(49, 36, 104, 'PENDENTS', 'BC-20251112-242462', 2, 695.00, NULL, 1390.00, 0.00, 521.25, 0.00, 19.66, 0.00),
(50, 36, 106, 'Rings for women', 'BC-20251113-063361', 1, 999.00, NULL, 999.00, 0.00, 749.25, 0.00, 14.13, 0.00),
(51, 37, 6, 'SINGLE LINE MANGALSUTRA', 'BC-20251112-645836', 1, 295.00, NULL, 295.00, 0.00, 221.25, 0.00, 100.00, 0.00),
(57, 38, 9, 'CHOKER', 'BC-20251112-672492', 1, 995.00, NULL, 995.00, 0.00, 746.25, 0.00, 12.33, 0.00),
(58, 38, 94, 'KAASUMALA', 'BC-20251112-223936', 1, 3190.00, NULL, 3190.00, 0.00, 2392.50, 0.00, 39.54, 0.00),
(59, 38, 103, 'HASSEL', 'BC-20251112-502133', 1, 495.00, NULL, 495.00, 0.00, 371.25, 0.00, 6.14, 0.00),
(60, 38, 104, 'PENDENTS', 'BC-20251112-242462', 2, 695.00, NULL, 1390.00, 0.00, 521.25, 0.00, 17.23, 0.00),
(61, 38, 106, 'Rings for women', 'BC-20251113-063361', 2, 999.00, NULL, 1998.00, 0.00, 749.25, 0.00, 24.76, 0.00),
(62, 39, 8, 'SHORT NECKLACE', 'BC-20251112-048327', 1, 1295.00, NULL, 1295.00, 0.00, 971.25, 0.00, 0.00, 0.00),
(63, 39, 9, 'CHOKER', 'BC-20251112-672492', 1, 995.00, NULL, 995.00, 0.00, 746.25, 0.00, 0.00, 0.00),
(64, 39, 10, 'LONG NECKLACE', 'BC-20251112-936573', 1, 1995.00, NULL, 1995.00, 0.00, 1496.25, 0.00, 0.00, 0.00),
(65, 40, 11, 'JHUMKAS', 'BC-20251112-549495', 1, 99.00, NULL, 99.00, 0.00, 74.25, 0.00, 0.00, 0.00),
(66, 41, 9, 'CHOKER', 'BC-20251112-672492', 1, 995.00, NULL, 995.00, 0.00, 746.25, 0.00, 0.00, 0.00),
(67, 41, 11, 'JHUMKAS', 'BC-20251112-549495', 1, 99.00, NULL, 99.00, 0.00, 74.25, 0.00, 0.00, 0.00),
(68, 41, 8, 'SHORT NECKLACE', 'BC-20251112-048327', 1, 1295.00, NULL, 1295.00, 0.00, 971.25, 0.00, 0.00, 0.00),
(69, 41, 21, 'SHORT MANGALSUTRA', 'BC-20251112-387622', 1, 350.00, NULL, 350.00, 0.00, 262.50, 0.00, 0.00, 0.00),
(70, 41, 17, 'CHAINS', 'BC-20251112-041398', 1, 545.00, NULL, 545.00, 0.00, 408.75, 0.00, 0.00, 0.00),
(71, 42, 11, 'JHUMKAS', 'BC-20251112-549495', 1, 99.00, NULL, 99.00, 0.00, 74.25, 0.00, 0.00, 0.00),
(72, 42, 9, 'CHOKER', 'BC-20251112-672492', 1, 995.00, NULL, 995.00, 0.00, 746.25, 0.00, 0.00, 0.00),
(73, 43, 21, 'SHORT MANGALSUTRA', 'BC-20251112-387622', 1, 350.00, NULL, 350.00, 0.00, 262.50, 0.00, 0.00, 0.00),
(74, 43, 27, 'CHAIN', 'BC-20251112-131810', 1, 295.00, NULL, 295.00, 0.00, 221.25, 0.00, 0.00, 0.00),
(75, 44, 8, 'SHORT NECKLACE', 'BC-20251112-048327', 1, 1295.00, NULL, 1295.00, 0.00, 971.25, 0.00, 0.00, 0.00),
(76, 44, 9, 'CHOKER', 'BC-20251112-672492', 1, 995.00, NULL, 995.00, 0.00, 746.25, 0.00, 0.00, 0.00),
(77, 45, 9, 'CHOKER', 'BC-20251112-672492', 1, 995.00, NULL, 995.00, 0.00, 746.25, 0.00, 0.00, 0.00),
(78, 45, 11, 'JHUMKAS', 'BC-20251112-549495', 1, 99.00, NULL, 99.00, 0.00, 74.25, 0.00, 0.00, 0.00),
(79, 46, 9, 'CHOKER', 'BC-20251112-672492', 2, 995.00, NULL, 1990.00, 0.00, 746.25, 0.00, 0.00, 0.00),
(80, 46, 12, 'HANGINS', 'BC-20251112-658847', 1, 595.00, NULL, 595.00, 0.00, 446.25, 0.00, 0.00, 0.00),
(81, 47, 6, 'SINGLE LINE MANGALSUTRA', 'BC-20251112-645836', 1, 295.00, NULL, 295.00, 0.00, 221.25, 0.00, 0.00, 0.00),
(82, 47, 9, 'CHOKER', 'BC-20251112-672492', 1, 995.00, NULL, 995.00, 0.00, 746.25, 0.00, 0.00, 0.00),
(83, 47, 11, 'JHUMKAS', 'BC-20251112-549495', 1, 99.00, NULL, 99.00, 0.00, 74.25, 0.00, 0.00, 0.00),
(84, 47, 18, 'BRACELET', 'BC-20251112-196700', 1, 295.00, NULL, 295.00, 0.00, 221.25, 0.00, 0.00, 0.00),
(85, 47, 27, 'CHAIN', 'BC-20251112-131810', 1, 295.00, NULL, 295.00, 0.00, 221.25, 0.00, 0.00, 0.00),
(86, 48, 13, 'GJ JHUMKAS', 'BC-20251112-058062', 1, 895.00, NULL, 895.00, 0.00, 671.25, 0.00, 0.00, 0.00),
(87, 48, 16, 'BEEDS', 'BC-20251112-165796', 1, 1695.00, NULL, 1695.00, 0.00, 1271.25, 0.00, 0.00, 0.00),
(88, 48, 21, 'SHORT MANGALSUTRA', 'BC-20251112-387622', 1, 350.00, NULL, 350.00, 0.00, 262.50, 0.00, 0.00, 0.00),
(89, 48, 31, 'VANKI RINGS', 'BC-20251112-903274', 1, 150.00, NULL, 150.00, 0.00, 112.50, 0.00, 0.00, 0.00),
(90, 48, 35, 'LOCKET SET WITH EAR RINGS', 'BC-20251112-298408', 1, 695.00, NULL, 695.00, 0.00, 521.25, 0.00, 0.00, 0.00),
(91, 49, 16, 'BEEDS', 'BC-20251112-165796', 1, 1695.00, NULL, 1695.00, 0.00, 1271.25, 0.00, 0.00, 0.00),
(92, 49, 21, 'SHORT MANGALSUTRA', 'BC-20251112-387622', 1, 350.00, NULL, 350.00, 0.00, 262.50, 0.00, 0.00, 0.00),
(93, 49, 31, 'VANKI RINGS', 'BC-20251112-903274', 1, 150.00, NULL, 150.00, 0.00, 112.50, 0.00, 0.00, 0.00),
(94, 52, 9, 'CHOKER', 'BC-20251112-672492', 1, 995.00, NULL, 995.00, 0.00, 746.25, 0.00, 0.00, 0.00),
(95, 52, 11, 'JHUMKAS', 'BC-20251112-549495', 1, 99.00, NULL, 99.00, 0.00, 74.25, 0.00, 0.00, 0.00),
(96, 52, 12, 'HANGINS', 'BC-20251112-658847', 1, 595.00, NULL, 595.00, 0.00, 446.25, 0.00, 0.00, 0.00),
(97, 52, 13, 'GJ JHUMKAS', 'BC-20251112-058062', 1, 895.00, NULL, 895.00, 0.00, 671.25, 0.00, 0.00, 0.00),
(98, 53, 9, 'CHOKER', 'BC-20251112-672492', 1, 995.00, NULL, 995.00, 0.00, 746.25, 0.00, 0.00, 0.00),
(99, 53, 12, 'HANGINS', 'BC-20251112-658847', 1, 595.00, NULL, 595.00, 0.00, 446.25, 0.00, 0.00, 0.00),
(100, 53, 18, 'BRACELET', 'BC-20251112-196700', 1, 295.00, NULL, 295.00, 0.00, 221.25, 0.00, 0.00, 0.00),
(101, 53, 17, 'CHAINS', 'BC-20251112-041398', 1, 545.00, NULL, 545.00, 0.00, 408.75, 0.00, 0.00, 0.00),
(102, 54, 9, 'CHOKER', 'BC-20251112-672492', 1, 995.00, NULL, 995.00, 0.00, 746.25, 0.00, 0.00, 0.00),
(103, 54, 11, 'JHUMKAS', 'BC-20251112-549495', 1, 99.00, NULL, 99.00, 0.00, 74.25, 0.00, 0.00, 0.00),
(104, 54, 12, 'HANGINS', 'BC-20251112-658847', 1, 595.00, NULL, 595.00, 0.00, 446.25, 0.00, 0.00, 0.00),
(105, 54, 18, 'BRACELET', 'BC-20251112-196700', 1, 295.00, NULL, 295.00, 0.00, 221.25, 0.00, 0.00, 0.00),
(106, 55, 11, 'JHUMKAS', 'BC-20251112-549495', 1, 99.00, NULL, 99.00, 0.00, 74.25, 0.00, 0.00, 0.00),
(107, 55, 12, 'HANGINS', 'BC-20251112-658847', 1, 595.00, NULL, 595.00, 0.00, 446.25, 0.00, 0.00, 0.00),
(108, 55, 18, 'BRACELET', 'BC-20251112-196700', 1, 295.00, NULL, 295.00, 0.00, 221.25, 0.00, 0.00, 0.00),
(109, 56, 40, 'LONG HAAR', 'BC-20251112-523117', 1, 3890.00, NULL, 3890.00, 0.00, 2917.50, 1167.00, 0.00, 0.00),
(110, 56, 35, 'LOCKET SET WITH EAR RINGS', 'BC-20251112-298408', 1, 695.00, NULL, 695.00, 0.00, 521.25, 208.50, 0.00, 0.00),
(111, 56, 27, 'CHAIN', 'BC-20251112-131810', 1, 295.00, NULL, 295.00, 0.00, 221.25, 88.50, 0.00, 0.00),
(112, 56, 37, 'CHAIN WITH LOCKET', 'BC-20251112-421311', 1, 545.00, NULL, 545.00, 0.00, 408.75, 163.50, 0.00, 0.00),
(113, 56, 36, 'SINGLE LINE MANGALSUTRAS', 'BC-20251112-286392', 1, 450.00, NULL, 450.00, 0.00, 337.50, 135.00, 0.00, 0.00),
(114, 57, 17, 'CHAINS', 'BC-20251112-041398', 1, 545.00, NULL, 545.00, 0.00, 408.75, 0.00, 0.00, 0.00),
(115, 57, 18, 'BRACELET', 'BC-20251112-196700', 1, 295.00, NULL, 295.00, 0.00, 221.25, 0.00, 0.00, 0.00),
(116, 57, 12, 'HANGINS', 'BC-20251112-658847', 1, 595.00, NULL, 595.00, 0.00, 446.25, 0.00, 0.00, 0.00),
(117, 58, 9, 'CHOKER', 'BC-20251112-672492', 1, 995.00, NULL, 995.00, 0.00, 746.25, 0.00, 0.00, 0.00),
(118, 58, 11, 'JHUMKAS', 'BC-20251112-549495', 1, 99.00, NULL, 99.00, 0.00, 74.25, 0.00, 0.00, 0.00),
(119, 58, 12, 'HANGINS', 'BC-20251112-658847', 1, 595.00, NULL, 595.00, 0.00, 446.25, 0.00, 0.00, 0.00),
(120, 59, 17, 'CHAINS', 'BC-20251112-041398', 3, 545.00, NULL, 1635.00, 0.00, 408.75, 0.00, 0.00, 0.00),
(121, 59, 18, 'BRACELET', 'BC-20251112-196700', 1, 295.00, NULL, 295.00, 0.00, 221.25, 0.00, 0.00, 0.00),
(122, 60, 12, 'HANGINS', 'BC-20251112-658847', 1, 595.00, NULL, 595.00, 0.00, 446.25, 0.00, 0.00, 0.00),
(123, 60, 18, 'BRACELET', 'BC-20251112-196700', 1, 295.00, NULL, 295.00, 0.00, 221.25, 0.00, 0.00, 0.00),
(124, 60, 17, 'CHAINS', 'BC-20251112-041398', 1, 545.00, NULL, 545.00, 0.00, 408.75, 0.00, 0.00, 0.00),
(125, 61, 21, 'SHORT MANGALSUTRA', 'BC-20251112-387622', 1, 350.00, NULL, 350.00, 0.00, 262.50, 0.00, 0.00, 0.00),
(126, 61, 16, 'BEEDS', 'BC-20251112-165796', 1, 1695.00, NULL, 1695.00, 0.00, 1271.25, 0.00, 0.00, 0.00),
(127, 61, 31, 'VANKI RINGS', 'BC-20251112-903274', 2, 150.00, NULL, 300.00, 0.00, 112.50, 0.00, 0.00, 0.00),
(128, 62, 22, 'MATILS', 'BC-20251112-390308', 1, 250.00, NULL, 250.00, 0.00, 187.50, 0.00, 0.00, 0.00),
(129, 62, 27, 'CHAIN', 'BC-20251112-131810', 2, 295.00, NULL, 590.00, 0.00, 221.25, 0.00, 0.00, 0.00),
(130, 63, 12, 'HANGINS', 'BC-20251112-658847', 1, 595.00, NULL, 595.00, 0.00, 446.25, 0.00, 0.00, 0.00),
(131, 63, 13, 'GJ JHUMKAS', 'BC-20251112-058062', 1, 895.00, NULL, 895.00, 0.00, 671.25, 0.00, 0.00, 0.00),
(132, 63, 16, 'BEEDS', 'BC-20251112-165796', 1, 1695.00, NULL, 1695.00, 0.00, 1271.25, 0.00, 0.00, 0.00),
(133, 63, 21, 'SHORT MANGALSUTRA', 'BC-20251112-387622', 1, 350.00, NULL, 350.00, 0.00, 262.50, 0.00, 0.00, 0.00),
(134, 64, 109, 'Bangles - Size: 2.2', 'VAR-109-1766053814-5328', 3, 400.00, NULL, 1200.00, 0.00, 250.00, 0.00, 100.00, 0.00),
(135, 65, 109, 'Bangles - Size: 2.2', 'VAR-109-1766053814-5328', 2, 400.00, NULL, 800.00, 0.00, 250.00, 0.00, 100.00, 0.00),
(136, 66, 109, 'Bangles - Size: 2.4', 'VAR-109-1766077090-6030', 4, 320.00, NULL, 1280.00, 0.00, 220.00, 0.00, 100.00, 0.00),
(137, 67, 109, 'Bangles - Size: 2.4', 'VAR-109-1766077090-6030', 3, 320.00, NULL, 960.00, 0.00, 220.00, 0.00, 100.00, 0.00),
(138, 68, 109, 'Bangles - Model: Model 1 - Model: Model 2', 'VAR-109-1766077344-8903', 10, 222.00, NULL, 2220.00, 0.00, 111.00, 0.00, 100.00, 0.00),
(139, 69, 35, 'LOCKET SET WITH EAR RINGS', 'BC-20251112-298408', 1, 695.00, NULL, 695.00, 0.00, 521.25, 0.00, 31.81, 0.00),
(140, 69, 31, 'VANKI RINGS', 'BC-20251112-903274', 2, 150.00, NULL, 300.00, 0.00, 112.50, 0.00, 13.73, 0.00),
(141, 69, 12, 'HANGINS', 'BC-20251112-658847', 2, 595.00, NULL, 1190.00, 0.00, 446.25, 0.00, 54.46, 0.00),
(142, 70, 13, 'GJ JHUMKAS', 'BC-20251112-058062', 1, 895.00, NULL, 895.00, 26.07, 671.25, 0.00, 0.00, 0.00),
(143, 70, 16, 'BEEDS', 'BC-20251112-165796', 1, 1695.00, NULL, 1695.00, 49.37, 1271.25, 0.00, 0.00, 0.00),
(144, 70, 21, 'SHORT MANGALSUTRA', 'BC-20251112-387622', 1, 350.00, NULL, 350.00, 10.19, 262.50, 0.00, 0.00, 0.00),
(145, 70, 31, 'VANKI RINGS', 'BC-20251112-903274', 2, 150.00, NULL, 300.00, 8.74, 112.50, 0.00, 0.00, 0.00),
(146, 71, 9, 'CHOKER', 'BC-20251112-672492', 1, 995.00, NULL, 995.00, 28.98, 746.25, 0.00, 28.60, 0.00),
(147, 71, 11, 'JHUMKAS', 'BC-20251112-549495', 1, 99.00, NULL, 99.00, 2.88, 74.25, 0.00, 2.85, 0.00),
(148, 71, 12, 'HANGINS', 'BC-20251112-658847', 1, 595.00, NULL, 595.00, 17.33, 446.25, 0.00, 17.10, 0.00),
(149, 71, 13, 'GJ JHUMKAS', 'BC-20251112-058062', 2, 895.00, NULL, 1790.00, 52.14, 671.25, 0.00, 51.45, 0.00),
(150, 72, 21, 'SHORT MANGALSUTRA', 'BC-20251112-387622', 1, 350.00, NULL, 350.00, 10.19, 262.50, 0.00, 9.36, 0.00),
(151, 72, 16, 'BEEDS', 'BC-20251112-165796', 2, 1695.00, NULL, 3390.00, 98.74, 1271.25, 0.00, 90.64, 0.00),
(152, 73, 16, 'BEEDS', 'BC-20251112-165796', 2, 1695.00, NULL, 3390.00, 98.74, 1271.25, 0.00, 79.11, 0.00),
(153, 73, 13, 'GJ JHUMKAS', 'BC-20251112-058062', 1, 895.00, NULL, 895.00, 26.07, 671.25, 0.00, 20.89, 0.00),
(154, 74, 31, 'VANKI RINGS', 'BC-20251112-903274', 2, 150.00, NULL, 300.00, 8.74, 112.50, 0.00, 0.00, 0.00),
(155, 75, 31, 'VANKI RINGS', 'BC-20251112-903274', 1, 150.00, NULL, 150.00, 4.37, 112.50, 18.42, 0.00, 0.00),
(156, 75, 35, 'LOCKET SET WITH EAR RINGS', 'BC-20251112-298408', 1, 695.00, NULL, 695.00, 20.24, 521.25, 85.35, 0.00, 0.00),
(157, 75, 18, 'BRACELET', 'BC-20251112-196700', 1, 295.00, NULL, 295.00, 8.59, 221.25, 36.23, 0.00, 0.00),
(158, 76, 18, 'BRACELET', 'BC-20251112-196700', 2, 295.00, NULL, 590.00, 17.18, 221.25, 177.00, 0.00, 0.00),
(159, 76, 17, 'CHAINS', 'BC-20251112-041398', 1, 545.00, NULL, 545.00, 15.87, 408.75, 163.50, 0.00, 0.00),
(160, 77, 9, 'CHOKER', 'BC-20251112-672492', 1, 995.00, NULL, 995.00, 28.98, 746.25, 0.00, 0.00, 0.00),
(161, 77, 11, 'JHUMKAS', 'BC-20251112-549495', 1, 99.00, NULL, 99.00, 2.88, 74.25, 0.00, 0.00, 0.00),
(162, 78, 9, 'CHOKER', 'BC-20251112-672492', 1, 995.00, NULL, 995.00, 28.98, 746.25, 0.00, 0.00, 0.00),
(163, 79, 7, 'Short necklaces with Full Stones', 'BC-20251112-899760', 1, 1595.00, NULL, 1595.00, 46.46, 1196.25, 0.00, 0.00, 0.00),
(164, 79, 6, 'SINGLE LINE MANGALSUTRA', 'BC-20251112-645836', 1, 295.00, NULL, 295.00, 8.59, 221.25, 0.00, 0.00, 0.00),
(165, 80, 9, 'CHOKER', '66772123', 1, 995.00, NULL, 995.00, 28.98, 746.25, 0.00, 0.00, 0.00),
(166, 80, 11, 'JHUMKAS', '27578523', 1, 99.00, NULL, 99.00, 2.88, 74.25, 0.00, 0.00, 0.00),
(167, 81, 13, 'GJ JHUMKAS', '23042865', 1, 895.00, NULL, 895.00, 26.07, 671.25, 0.00, 0.00, 0.00),
(168, 81, 12, 'HANGINS', '21155686', 1, 595.00, NULL, 595.00, 17.33, 446.25, 0.00, 0.00, 0.00),
(169, 81, 11, 'JHUMKAS', '27578523', 1, 99.00, NULL, 99.00, 2.88, 74.25, 0.00, 0.00, 0.00),
(170, 82, 11, 'JHUMKAS', '27578523', 1, 99.00, NULL, 99.00, 2.88, 74.25, 0.00, 0.00, 0.00),
(171, 82, 7, 'Short necklaces with Full Stones', '15676872', 1, 1595.00, NULL, 1595.00, 46.46, 1196.25, 0.00, 0.00, 0.00),
(172, 82, 9, 'CHOKER', '66772123', 1, 995.00, NULL, 995.00, 28.98, 746.25, 0.00, 0.00, 0.00),
(173, 82, 31, 'VANKI RINGS', '65958975', 1, 150.00, NULL, 150.00, 4.37, 112.50, 0.00, 0.00, 0.00),
(174, 83, 37, 'CHAIN WITH LOCKET', '53860193', 1, 545.00, NULL, 545.00, 15.87, 408.75, 0.00, 17.44, 0.00),
(175, 83, 95, 'SHORTNECKLACE', '18476066', 2, 695.00, NULL, 1390.00, 40.49, 521.25, 0.00, 44.48, 0.00),
(176, 83, 96, 'EAR CUFF JHUMKAS', '20479058', 1, 695.00, NULL, 695.00, 20.24, 521.25, 0.00, 22.24, 0.00),
(177, 83, 103, 'HASSEL', '52385554', 1, 495.00, NULL, 495.00, 14.42, 371.25, 0.00, 15.84, 0.00),
(178, 84, 7, 'Short necklaces with Full Stones', '15676872', 1, 1595.00, NULL, 1595.00, 46.46, 1196.25, 0.00, 100.00, 0.00),
(179, 85, 12, 'HANGINS', '21155686', 1, 595.00, NULL, 595.00, 17.33, 446.25, 29.75, 15.72, 0.00),
(180, 85, 13, 'GJ JHUMKAS', '23042865', 1, 895.00, NULL, 895.00, 26.07, 671.25, 44.75, 23.65, 0.00),
(181, 85, 16, 'BEEDS', '92796985', 1, 1695.00, NULL, 1695.00, 49.37, 1271.25, 84.75, 44.78, 0.00),
(182, 85, 21, 'SHORT MANGALSUTRA', '73976579', 1, 350.00, NULL, 350.00, 10.19, 262.50, 17.50, 9.25, 0.00),
(183, 85, 22, 'MATILS', '22613976', 1, 250.00, NULL, 250.00, 7.28, 187.50, 12.50, 6.61, 0.00),
(184, 86, 9, 'CHOKER', '66772123', 1, 995.00, NULL, 995.00, 28.98, 746.25, 58.74, 58.74, 0.00),
(185, 86, 11, 'JHUMKAS', '27578523', 1, 99.00, NULL, 99.00, 2.88, 74.25, 5.84, 5.84, 0.00),
(186, 86, 21, 'SHORT MANGALSUTRA', '73976579', 1, 350.00, NULL, 350.00, 10.19, 262.50, 20.66, 20.66, 0.00),
(187, 86, 22, 'MATILS', '22613976', 1, 250.00, NULL, 250.00, 7.28, 187.50, 14.76, 14.76, 0.00),
(188, 87, 13, 'GJ JHUMKAS', '23042865', 1, 895.00, NULL, 895.00, 26.07, 671.25, 0.00, 0.00, 0.00),
(189, 87, 16, 'BEEDS', '92796985', 1, 1695.00, NULL, 1695.00, 49.37, 1271.25, 0.00, 0.00, 0.00),
(190, 88, 16, 'BEEDS', '92796985', 2, 1695.00, NULL, 3390.00, 98.74, 1271.25, 169.50, 79.11, 0.00),
(191, 88, 33, 'RICE BALLS BEEDS', '30491035', 1, 350.00, NULL, 350.00, 10.19, 262.50, 17.50, 8.17, 0.00),
(192, 88, 17, 'CHAINS', '95161655', 1, 545.00, NULL, 545.00, 15.87, 408.75, 27.25, 12.72, 0.00),
(193, 89, 84, 'PREMIUM BEADS', '41833721', 1, 1895.00, NULL, 1895.00, 55.19, 1421.25, 0.00, 16.09, 0.00),
(194, 89, 86, 'OPENABLE KADA', '78939375', 1, 895.00, NULL, 895.00, 26.07, 671.25, 0.00, 7.60, 0.00),
(195, 89, 79, 'MICRO BANGLES', '00922291', 2, 795.00, NULL, 1590.00, 46.31, 596.25, 0.00, 13.50, 0.00),
(196, 89, 72, 'SINGLE LIE MANGALSUTRAS', '91817238', 1, 295.00, NULL, 295.00, 8.59, 221.25, 0.00, 2.50, 0.00),
(197, 89, 70, 'TIKKA', '21034132', 1, 395.00, NULL, 395.00, 11.50, 296.25, 0.00, 3.35, 0.00),
(198, 89, 69, 'CHAIN WITH BLACK BEADS', '38062246', 1, 695.00, NULL, 695.00, 20.24, 521.25, 0.00, 5.90, 0.00),
(199, 89, 71, 'KIDS EAR RINGS', '90983926', 1, 150.00, NULL, 150.00, 4.37, 112.50, 0.00, 1.27, 0.00),
(200, 89, 73, 'KIDS VADDANAM', '86134416', 1, 895.00, NULL, 895.00, 26.07, 671.25, 0.00, 7.60, 0.00),
(201, 89, 74, 'CHANDRAHARAM', '55220369', 1, 695.00, NULL, 695.00, 20.24, 521.25, 0.00, 5.90, 0.00),
(202, 89, 75, 'BANGES', '17698599', 1, 1395.00, NULL, 1395.00, 40.63, 1046.25, 0.00, 11.84, 0.00),
(203, 89, 83, 'SHORT MANGALSUTRA & CHAINS', '82760167', 1, 695.00, NULL, 695.00, 20.24, 521.25, 0.00, 5.90, 0.00),
(204, 89, 82, 'BLACK BEADS & CHAINS', '57322372', 1, 895.00, NULL, 895.00, 26.07, 671.25, 0.00, 7.60, 0.00),
(205, 89, 81, 'MICRO PLATEDBANGLES', '67950566', 1, 395.00, NULL, 395.00, 11.50, 296.25, 0.00, 3.35, 0.00),
(206, 89, 77, 'REAL BLACK BEADS', '61063666', 1, 895.00, NULL, 895.00, 26.07, 671.25, 0.00, 7.60, 0.00),
(207, 90, 117, 'Bangles - Size: 2.2 - Model: Model 2', 'BANGLES-2', 1, 150.00, NULL, 150.00, 4.37, 50.00, 0.00, 0.00, 0.00),
(208, 90, 116, 'Bangles - Size: 2.1 - Model: Model 2', 'BANGLES-1', 1, 150.00, NULL, 150.00, 4.37, 50.00, 0.00, 0.00, 0.00),
(209, 91, 20, 'LAYERS', '15756308', 1, 695.00, 10.00, 695.00, 20.24, 521.25, 69.50, 0.00, 0.00),
(210, 91, 79, 'MICRO BANGLES', '00922291', 1, 795.00, 10.00, 795.00, 23.16, 596.25, 79.50, 0.00, 0.00),
(211, 91, 78, 'KIDS MURUGULU', '36822657', 1, 195.00, 20.00, 195.00, 5.68, 146.25, 39.00, 0.00, 0.00),
(212, 91, 77, 'REAL BLACK BEADS', '61063666', 1, 895.00, 0.00, 895.00, 26.07, 671.25, 0.00, 0.00, 0.00),
(213, 91, 72, 'SINGLE LIE MANGALSUTRAS', '91817238', 1, 295.00, 0.00, 295.00, 8.59, 221.25, 0.00, 0.00, 0.00),
(214, 92, 65, 'EARCUFFS', '77397738', 1, 295.00, 0.00, 295.00, 8.59, 221.25, 0.00, 14.15, 0.00),
(215, 92, 67, 'PENDENT', '70244308', 1, 895.00, 0.00, 895.00, 26.07, 671.25, 0.00, 42.93, 0.00),
(216, 92, 102, 'BLACK BEEDS', '34283348', 1, 495.00, 0.00, 495.00, 14.42, 371.25, 0.00, 23.74, 0.00),
(217, 92, 116, 'Bangles - Size: 2.1 - Model: Model 2', 'BANGLES-1', 1, 150.00, 10.00, 150.00, 4.37, 50.00, 15.00, 7.19, 0.00),
(218, 92, 117, 'Bangles - Size: 2.2 - Model: Model 2', 'BANGLES-2', 1, 150.00, 90.00, 150.00, 4.37, 50.00, 135.00, 7.19, 0.00),
(219, 92, 118, 'Studs&tops - Size: 2.1 - Model: Model 1', 'STUDS&TOPS-5', 1, 100.00, 0.00, 100.00, 2.91, 80.00, 0.00, 4.80, 0.00),
(220, 93, 7, 'Short necklaces with Full Stones', '15676872', 2, 1595.00, 15.00, 3190.00, 92.91, 1196.25, 478.50, 84.28, 0.00),
(221, 93, 12, 'HANGINS', '21155686', 1, 595.00, 10.00, 595.00, 17.33, 446.25, 59.50, 15.72, 0.00),
(222, 94, 7, 'Short necklaces with Full Stones', '15676872', 1, 1595.00, 0.00, 1595.00, 46.46, 1196.25, 0.00, 60.42, 0.00),
(223, 94, 13, 'GJ JHUMKAS', '23042865', 1, 895.00, 0.00, 895.00, 26.07, 671.25, 0.00, 33.90, 0.00),
(224, 94, 32, 'EAR RINGS', '25673592', 1, 150.00, 0.00, 150.00, 4.37, 112.50, 0.00, 5.68, 0.00),
(225, 95, 6, 'SINGLE LINE MANGALSUTRA', '45207939', 1, 295.00, 0.00, 295.00, 8.59, 221.25, 0.00, 4.55, 0.00),
(226, 95, 16, 'BEEDS', '92796985', 1, 1695.00, 0.00, 1695.00, 49.37, 1271.25, 0.00, 26.16, 0.00),
(227, 95, 17, 'CHAINS', '95161655', 1, 545.00, 0.00, 545.00, 15.87, 408.75, 0.00, 8.41, 0.00),
(228, 95, 18, 'BRACELET', '97417323', 1, 295.00, 0.00, 295.00, 8.59, 221.25, 0.00, 4.55, 0.00),
(229, 95, 33, 'RICE BALLS BEEDS', '30491035', 1, 350.00, 0.00, 350.00, 10.19, 262.50, 0.00, 5.40, 0.00),
(230, 95, 35, 'LOCKET SET WITH EAR RINGS', '85698920', 1, 695.00, 5.00, 695.00, 20.24, 521.25, 34.75, 10.73, 0.00),
(231, 95, 36, 'SINGLE LINE MANGALSUTRAS', '02191390', 1, 450.00, 0.00, 450.00, 13.11, 337.50, 0.00, 6.94, 0.00),
(232, 95, 38, 'CHAIN WITH BLACK BEED', '62726798', 1, 395.00, 0.00, 395.00, 11.50, 296.25, 0.00, 6.10, 0.00),
(233, 95, 39, 'EAR CUFF  EAR RINGS', '52053415', 1, 795.00, 0.00, 795.00, 23.16, 596.25, 0.00, 12.27, 0.00),
(234, 95, 53, 'LONG MEHANDIBACK CHAIN', '93849828', 1, 60.00, 0.00, 60.00, 1.75, 45.00, 0.00, 0.93, 0.00),
(235, 95, 52, 'LONG GOLD BACK CHAIN', '30941896', 1, 60.00, 0.00, 60.00, 1.75, 45.00, 0.00, 0.93, 0.00),
(236, 95, 51, 'CHOTIS', '53619885', 1, 350.00, 0.00, 350.00, 10.19, 262.50, 0.00, 5.40, 0.00),
(237, 95, 50, 'CHAIN WITH PENDENT', '45719178', 1, 495.00, 0.00, 495.00, 14.42, 371.25, 0.00, 7.64, 0.00),
(238, 96, 7, 'Short necklaces with Full Stones', '15676872', 1, 1595.00, 10.00, 1595.00, 46.46, 1196.25, 159.50, 0.00, 0.00),
(239, 96, 22, 'MATILS', '22613976', 1, 250.00, 0.00, 250.00, 7.28, 187.50, 0.00, 0.00, 0.00),
(240, 96, 43, 'STUDS', '12709694', 1, 99.00, 0.00, 99.00, 2.88, 74.25, 0.00, 0.00, 0.00),
(241, 96, 41, 'VADDANAM', '04273179', 1, 1695.00, 0.00, 1695.00, 49.37, 1271.25, 0.00, 0.00, 0.00),
(242, 97, 27, 'CHAIN', '31336180', 1, 295.00, 0.00, 295.00, 8.59, 221.25, 0.00, 0.00, 0.00),
(243, 97, 44, 'LONG MANGALSUTRA', '48230938', 1, 695.00, 0.00, 695.00, 20.24, 521.25, 0.00, 0.00, 0.00),
(244, 97, 45, 'CHAIN WITH EAR RINGS', '03025613', 1, 495.00, 0.00, 495.00, 14.42, 371.25, 0.00, 0.00, 0.00),
(245, 98, 7, 'Short necklaces with Full Stones', '15676872', 1, 1595.00, 0.00, 1595.00, 46.46, 1196.25, 0.00, 0.00, 0.00),
(246, 98, 6, 'SINGLE LINE MANGALSUTRA', '45207939', 1, 295.00, 0.00, 295.00, 8.59, 221.25, 0.00, 0.00, 0.00),
(247, 98, 37, 'CHAIN WITH LOCKET', '53860193', 1, 545.00, 0.00, 545.00, 15.87, 408.75, 0.00, 0.00, 0.00),
(248, 98, 49, 'EAR CUFFS', '91658669', 1, 495.00, 0.00, 495.00, 14.42, 371.25, 0.00, 0.00, 0.00),
(249, 98, 58, 'SINGLLE LINE MANGALSUTRAS', '09992455', 1, 695.00, 0.00, 695.00, 20.24, 521.25, 0.00, 0.00, 0.00),
(250, 98, 57, 'SHORT HARAM', '66139654', 1, 3490.00, 0.00, 3490.00, 101.65, 2617.50, 0.00, 0.00, 0.00),
(251, 98, 68, 'CHAIIN WITH EARRINGS', '89759033', 1, 395.00, 0.00, 395.00, 11.50, 296.25, 0.00, 0.00, 0.00),
(252, 98, 71, 'KIDS EAR RINGS', '90983926', 1, 150.00, 0.00, 150.00, 4.37, 112.50, 0.00, 0.00, 0.00),
(253, 98, 73, 'KIDS VADDANAM', '86134416', 1, 895.00, 0.00, 895.00, 26.07, 671.25, 0.00, 0.00, 0.00),
(254, 98, 75, 'BANGES', '17698599', 2, 1395.00, 0.00, 2790.00, 81.26, 1046.25, 0.00, 0.00, 0.00),
(255, 99, 69, 'CHAIN WITH BLACK BEADS', '38062246', 1, 695.00, 0.00, 695.00, 20.24, 521.25, 0.00, 0.00, 0.00),
(256, 99, 82, 'BLACK BEADS & CHAINS', '57322372', 1, 895.00, 0.00, 895.00, 26.07, 671.25, 0.00, 0.00, 0.00),
(257, 99, 86, 'OPENABLE KADA', '78939375', 1, 895.00, 0.00, 895.00, 26.07, 671.25, 0.00, 0.00, 0.00),
(258, 99, 100, 'LAYER', '10256211', 1, 595.00, 0.00, 595.00, 17.33, 446.25, 0.00, 0.00, 0.00),
(259, 99, 99, 'SHORT NECKLACE WITH EAR RINGS  & TIKKA', '26090222', 1, 4890.00, 0.00, 4890.00, 142.43, 3667.50, 0.00, 0.00, 0.00),
(260, 99, 98, 'BRACELETS', '73398300', 1, 295.00, 0.00, 295.00, 8.59, 221.25, 0.00, 0.00, 0.00),
(261, 99, 94, 'KAASUMALA', '57300426', 1, 3190.00, 0.00, 3190.00, 92.91, 2392.50, 0.00, 0.00, 0.00),
(262, 99, 93, 'SHORT MANGALSUTRAS & CHAIN', '22675355', 1, 395.00, 0.00, 395.00, 11.50, 296.25, 0.00, 0.00, 0.00),
(263, 99, 95, 'SHORTNECKLACE', '18476066', 1, 695.00, 0.00, 695.00, 20.24, 521.25, 0.00, 0.00, 0.00),
(264, 99, 91, 'CHANGEABLE EAR RINGS', '23595080', 3, 295.00, 0.00, 885.00, 25.78, 221.25, 0.00, 0.00, 0.00),
(265, 99, 89, 'CHANGEBLE LONG NECKLACE', '80625688', 1, 3290.00, 0.00, 3290.00, 95.83, 2467.50, 0.00, 0.00, 0.00),
(266, 100, 103, 'HASSEL', '52385554', 2, 495.00, 0.00, 990.00, 28.83, 371.25, 0.00, 0.00, 0.00),
(267, 100, 106, 'Rings for women', '20251113', 2, 999.00, 0.00, 1998.00, 58.19, 749.25, 0.00, 0.00, 0.00),
(268, 100, 118, 'Studs&tops - Size: 2.1 - Model: Model 1', 'STUDS&TOPS-5', 1, 100.00, 0.00, 100.00, 2.91, 80.00, 0.00, 0.00, 0.00),
(269, 100, 117, 'Bangles - Size: 2.2 - Model: Model 2', 'BANGLES-2', 1, 150.00, 0.00, 150.00, 4.37, 50.00, 0.00, 0.00, 0.00),
(270, 100, 116, 'Bangles - Size: 2.1 - Model: Model 2', 'BANGLES-1', 1, 150.00, 0.00, 150.00, 4.37, 50.00, 0.00, 0.00, 0.00),
(271, 100, 101, 'COMBO SET', '73010396', 1, 995.00, 0.00, 995.00, 28.98, 746.25, 0.00, 0.00, 0.00),
(272, 101, 31, 'VANKI RINGS', '65958975', 1, 150.00, 0.00, 150.00, 4.37, 112.50, 0.00, 0.00, 0.00),
(273, 101, 46, 'POLKY STONES BEEDS WITH EAR RINGS', '70435253', 1, 395.00, 0.00, 395.00, 11.50, 296.25, 0.00, 0.00, 0.00),
(274, 101, 54, 'SHORT GOLD BACK CHAIN', '76423455', 1, 35.00, 10.00, 35.00, 1.02, 26.25, 3.50, 0.00, 0.00),
(275, 101, 59, 'BUGADI', '51543319', 1, 150.00, 20.00, 150.00, 4.37, 112.50, 30.00, 0.00, 0.00),
(276, 102, 96, 'EAR CUFF JHUMKAS', '20479058', 1, 695.00, 0.00, 695.00, 20.24, 521.25, 0.00, 0.00, 0.00),
(277, 103, 96, 'EAR CUFF JHUMKAS', '20479058', 1, 695.00, 0.00, 695.00, 20.24, 521.25, 0.00, 0.00, 0.00),
(278, 103, 7, 'Short necklaces with Full Stones', '15676872', 1, 1595.00, 0.00, 1595.00, 46.46, 1196.25, 0.00, 0.00, 0.00),
(279, 104, 96, 'EAR CUFF JHUMKAS', '20479058', 1, 695.00, 0.00, 695.00, 20.24, 521.25, 0.00, 0.00, 0.00),
(280, 104, 6, 'SINGLE LINE MANGALSUTRA', '45207939', 1, 295.00, 0.00, 295.00, 8.59, 221.25, 0.00, 0.00, 0.00),
(281, 105, 106, 'Rings for women', '20251113', 1, 999.00, 0.00, 999.00, 29.10, 749.25, 0.00, 0.00, 0.00),
(282, 106, 73, 'KIDS VADDANAM', '86134416', 1, 895.00, 10.00, 895.00, 26.07, 671.25, 89.50, 0.00, 0.00),
(283, 106, 75, 'BANGES', '17698599', 1, 1395.00, 5.00, 1395.00, 40.63, 1046.25, 69.75, 0.00, 0.00),
(284, 106, 74, 'CHANDRAHARAM', '55220369', 1, 695.00, 0.00, 695.00, 20.24, 521.25, 0.00, 0.00, 0.00),
(285, 106, 81, 'MICRO PLATEDBANGLES', '67950566', 1, 395.00, 0.00, 395.00, 11.50, 296.25, 0.00, 0.00, 0.00),
(286, 106, 83, 'SHORT MANGALSUTRA & CHAINS', '82760167', 1, 695.00, 0.00, 695.00, 20.24, 521.25, 0.00, 0.00, 0.00),
(287, 107, 3, 'MINI CHOWKWER - Cz Stone', 'SKU- SSJ3', 1, 299.00, 20.00, 299.00, 0.00, 153.00, 59.80, 0.00, 0.00),
(288, 107, 2, 'MINI CHOWKWER - Pink', 'SKU- SSJ2', 2, 180.00, 0.00, 360.00, 0.00, 152.10, 0.00, 0.00, 0.00),
(289, 107, 4, 'MINI CHOWKWER - Microplate', 'SKU- SSJ5', 1, 699.00, 0.00, 699.00, 0.00, 513.00, 0.00, 0.00, 0.00),
(290, 107, 7, 'NECK - Multi', 'SKU- ssj11', 1, 730.00, 0.00, 730.00, 0.00, 512.10, 0.00, 0.00, 0.00);

-- --------------------------------------------------------

--
-- Table structure for table `otp_codes`
--

CREATE TABLE IF NOT EXISTS `otp_codes` (
  `id` bigint UNSIGNED NOT NULL AUTO_INCREMENT,
  `mobile` varchar(15) CHARACTER SET utf8mb4 COLLATE utf8mb4_general_ci NOT NULL,
  `type` varchar(255) CHARACTER SET utf8mb4 COLLATE utf8mb4_general_ci NOT NULL DEFAULT 'login',
  `otp_hash` varchar(255) CHARACTER SET utf8mb4 COLLATE utf8mb4_general_ci NOT NULL,
  `expires_at` timestamp NOT NULL,
  `created_at` timestamp NULL DEFAULT NULL,
  `updated_at` timestamp NULL DEFAULT NULL,
  PRIMARY KEY (`id`),
  KEY `otp_codes_mobile_index` (`mobile`)
) ENGINE=InnoDB AUTO_INCREMENT=34 DEFAULT CHARSET=utf8mb4 COLLATE=utf8mb4_general_ci;

--
-- Dumping data for table `otp_codes`
--

INSERT INTO `otp_codes` (`id`, `mobile`, `type`, `otp_hash`, `expires_at`, `created_at`, `updated_at`) VALUES
(6, '9999999999', 'login', '$2y$12$cLFcikvmLlGRJCvO4gQsAucIMHADlkZfqj.0550/RuUDwa7RWk/4m', '2025-11-22 00:52:02', '2025-11-22 00:47:02', '2025-11-22 00:47:02'),
(21, '+919966337448', 'login', '$2y$12$l7RCi6cZ.qZpJEKRYMvG9OV.gE2jHPKbqlMbcLc3JA3kD4TDDvifm', '2025-12-08 10:30:58', '2025-12-08 10:25:58', '2025-12-08 10:25:58'),
(30, '7036248736', 'login', '$2y$12$dqhDt3QevwtRhW5Nha.JL.FamcAcm/DCZ9dAmjl6s5W0gHqo81E1C', '2026-01-06 10:03:06', '2026-01-06 09:58:06', '2026-01-06 09:58:06');

-- --------------------------------------------------------

--
-- Table structure for table `permissions`
--

CREATE TABLE IF NOT EXISTS `permissions` (
  `id` bigint UNSIGNED NOT NULL AUTO_INCREMENT,
  `name` varchar(100) CHARACTER SET utf8mb4 COLLATE utf8mb4_general_ci NOT NULL,
  `guard_name` varchar(100) CHARACTER SET utf8mb4 COLLATE utf8mb4_general_ci NOT NULL,
  `created_at` timestamp NULL DEFAULT NULL,
  `updated_at` timestamp NULL DEFAULT NULL,
  PRIMARY KEY (`id`),
  UNIQUE KEY `permissions_name_guard_name_unique` (`name`,`guard_name`)
) ENGINE=InnoDB AUTO_INCREMENT=117 DEFAULT CHARSET=utf8mb4 COLLATE=utf8mb4_general_ci;

--
-- Dumping data for table `permissions`
--

INSERT INTO `permissions` (`id`, `name`, `guard_name`, `created_at`, `updated_at`) VALUES
(1, 'view products', 'web', '2025-11-12 08:45:45', '2025-11-12 08:45:45'),
(2, 'create products', 'web', '2025-11-12 08:45:45', '2025-11-12 08:45:45'),
(3, 'edit products', 'web', '2025-11-12 08:45:45', '2025-11-12 08:45:45'),
(4, 'delete products', 'web', '2025-11-12 08:45:45', '2025-11-12 08:45:45'),
(5, 'view categories', 'web', '2025-11-12 08:45:45', '2025-11-12 08:45:45'),
(6, 'create categories', 'web', '2025-11-12 08:45:45', '2025-11-12 08:45:45'),
(7, 'edit categories', 'web', '2025-11-12 08:45:45', '2025-11-12 08:45:45'),
(8, 'delete categories', 'web', '2025-11-12 08:45:45', '2025-11-12 08:45:45'),
(9, 'view orders', 'web', '2025-11-12 08:45:45', '2025-11-12 08:45:45'),
(10, 'update orders', 'web', '2025-11-12 08:45:45', '2025-11-12 08:45:45'),
(11, 'view users', 'web', '2025-11-12 08:45:45', '2025-11-12 08:45:45'),
(12, 'edit users', 'web', '2025-11-12 08:45:45', '2025-11-12 08:45:45'),
(13, 'view staff', 'web', '2025-11-12 08:45:45', '2025-11-12 08:45:45'),
(14, 'view reports', 'web', '2025-11-12 08:45:45', '2025-11-12 08:45:45'),
(15, 'manage coupons', 'web', '2025-11-12 08:45:45', '2025-11-12 08:45:45'),
(16, 'manage shipping', 'web', '2025-11-12 08:45:45', '2025-11-12 08:45:45'),
(17, 'pos_access', 'web', '2025-11-21 06:45:47', '2025-11-21 06:45:47'),
(18, 'manage reviews', 'web', '2025-12-03 14:58:51', '2025-12-03 14:58:51'),
(19, 'users.view', 'web', '2025-12-08 08:21:03', '2025-12-08 08:21:03'),
(20, 'users.create', 'web', '2025-12-08 08:21:03', '2025-12-08 08:21:03'),
(21, 'users.update', 'web', '2025-12-08 08:21:03', '2025-12-08 08:21:03'),
(22, 'users.delete', 'web', '2025-12-08 08:21:03', '2025-12-08 08:21:03'),
(23, 'roles.view', 'web', '2025-12-08 08:21:03', '2025-12-08 08:21:03'),
(24, 'roles.create', 'web', '2025-12-08 08:21:03', '2025-12-08 08:21:03'),
(25, 'roles.update', 'web', '2025-12-08 08:21:03', '2025-12-08 08:21:03'),
(26, 'roles.delete', 'web', '2025-12-08 08:21:03', '2025-12-08 08:21:03'),
(27, 'products.view', 'web', '2025-12-08 08:21:03', '2025-12-08 08:21:03'),
(28, 'products.create', 'web', '2025-12-08 08:21:03', '2025-12-08 08:21:03'),
(29, 'products.update', 'web', '2025-12-08 08:21:03', '2025-12-08 08:21:03'),
(30, 'products.delete', 'web', '2025-12-08 08:21:03', '2025-12-08 08:21:03'),
(31, 'categories.view', 'web', '2025-12-08 08:21:03', '2025-12-08 08:21:03'),
(32, 'categories.create', 'web', '2025-12-08 08:21:03', '2025-12-08 08:21:03'),
(33, 'categories.update', 'web', '2025-12-08 08:21:03', '2025-12-08 08:21:03'),
(34, 'categories.delete', 'web', '2025-12-08 08:21:03', '2025-12-08 08:21:03'),
(35, 'orders.view', 'web', '2025-12-08 08:21:03', '2025-12-08 08:21:03'),
(36, 'orders.create', 'web', '2025-12-08 08:21:03', '2025-12-08 08:21:03'),
(37, 'orders.update', 'web', '2025-12-08 08:21:03', '2025-12-08 08:21:03'),
(38, 'orders.delete', 'web', '2025-12-08 08:21:03', '2025-12-08 08:21:03'),
(39, 'coupons.view', 'web', '2025-12-08 08:21:03', '2025-12-08 08:21:03'),
(40, 'coupons.create', 'web', '2025-12-08 08:21:03', '2025-12-08 08:21:03'),
(41, 'coupons.update', 'web', '2025-12-08 08:21:03', '2025-12-08 08:21:03'),
(42, 'coupons.delete', 'web', '2025-12-08 08:21:03', '2025-12-08 08:21:03'),
(43, 'reports.view', 'web', '2025-12-08 08:21:03', '2025-12-08 08:21:03'),
(44, 'reports.create', 'web', '2025-12-08 08:21:03', '2025-12-08 08:21:03'),
(45, 'reports.update', 'web', '2025-12-08 08:21:03', '2025-12-08 08:21:03'),
(46, 'reports.delete', 'web', '2025-12-08 08:21:03', '2025-12-08 08:21:03'),
(47, 'reviews.view', 'web', '2025-12-08 08:21:03', '2025-12-08 08:21:03'),
(48, 'reviews.create', 'web', '2025-12-08 08:21:03', '2025-12-08 08:21:03'),
(49, 'reviews.update', 'web', '2025-12-08 08:21:03', '2025-12-08 08:21:03'),
(50, 'reviews.delete', 'web', '2025-12-08 08:21:03', '2025-12-08 08:21:03'),
(51, 'banners.view', 'web', '2025-12-08 08:21:03', '2025-12-08 08:21:03'),
(52, 'banners.create', 'web', '2025-12-08 08:21:03', '2025-12-08 08:21:03'),
(53, 'banners.update', 'web', '2025-12-08 08:21:03', '2025-12-08 08:21:03'),
(54, 'banners.delete', 'web', '2025-12-08 08:21:03', '2025-12-08 08:21:03'),
(55, 'shipping-methods.view', 'web', '2025-12-08 08:21:03', '2025-12-08 08:21:03'),
(56, 'shipping-methods.create', 'web', '2025-12-08 08:21:03', '2025-12-08 08:21:03'),
(57, 'shipping-methods.update', 'web', '2025-12-08 08:21:03', '2025-12-08 08:21:03'),
(58, 'shipping-methods.delete', 'web', '2025-12-08 08:21:03', '2025-12-08 08:21:03'),
(59, 'units.view', 'web', '2025-12-08 08:21:03', '2025-12-08 08:21:03'),
(60, 'units.create', 'web', '2025-12-08 08:21:03', '2025-12-08 08:21:03'),
(61, 'units.update', 'web', '2025-12-08 08:21:03', '2025-12-08 08:21:03'),
(62, 'units.delete', 'web', '2025-12-08 08:21:03', '2025-12-08 08:21:03'),
(63, 'taxes.view', 'web', '2025-12-08 08:21:03', '2025-12-08 08:21:03'),
(64, 'taxes.create', 'web', '2025-12-08 08:21:03', '2025-12-08 08:21:03'),
(65, 'taxes.update', 'web', '2025-12-08 08:21:03', '2025-12-08 08:21:03'),
(66, 'taxes.delete', 'web', '2025-12-08 08:21:04', '2025-12-08 08:21:04'),
(67, 'carriers.view', 'web', '2025-12-08 08:21:04', '2025-12-08 08:21:04'),
(68, 'carriers.create', 'web', '2025-12-08 08:21:04', '2025-12-08 08:21:04'),
(69, 'carriers.update', 'web', '2025-12-08 08:21:04', '2025-12-08 08:21:04'),
(70, 'carriers.delete', 'web', '2025-12-08 08:21:04', '2025-12-08 08:21:04'),
(71, 'settings.view', 'web', '2025-12-08 08:21:04', '2025-12-08 08:21:04'),
(72, 'settings.create', 'web', '2025-12-08 08:21:04', '2025-12-08 08:21:04'),
(73, 'settings.update', 'web', '2025-12-08 08:21:04', '2025-12-08 08:21:04'),
(74, 'settings.delete', 'web', '2025-12-08 08:21:04', '2025-12-08 08:21:04'),
(75, 'whatsapp.credits', 'web', '2025-12-15 04:34:18', '2025-12-15 04:34:18'),
(76, 'whatsapp.templates', 'web', '2025-12-15 04:34:18', '2025-12-15 04:34:18'),
(77, 'whatsapp.logs', 'web', '2025-12-15 04:34:19', '2025-12-15 04:34:19'),
(78, 'dashboard.view', 'web', '2025-12-31 04:37:30', '2025-12-31 04:37:30'),
(79, 'dashboard.create', 'web', '2025-12-31 04:37:30', '2025-12-31 04:37:30'),
(80, 'dashboard.update', 'web', '2025-12-31 04:37:30', '2025-12-31 04:37:30'),
(81, 'dashboard.delete', 'web', '2025-12-31 04:37:30', '2025-12-31 04:37:30'),
(82, 'brands.view', 'web', '2025-12-31 04:37:30', '2025-12-31 04:37:30'),
(83, 'brands.create', 'web', '2025-12-31 04:37:30', '2025-12-31 04:37:30'),
(84, 'brands.update', 'web', '2025-12-31 04:37:30', '2025-12-31 04:37:30'),
(85, 'brands.delete', 'web', '2025-12-31 04:37:30', '2025-12-31 04:37:30'),
(86, 'attributes.view', 'web', '2025-12-31 04:37:30', '2025-12-31 04:37:30'),
(87, 'attributes.create', 'web', '2025-12-31 04:37:30', '2025-12-31 04:37:30'),
(88, 'attributes.update', 'web', '2025-12-31 04:37:30', '2025-12-31 04:37:30'),
(89, 'attributes.delete', 'web', '2025-12-31 04:37:30', '2025-12-31 04:37:30'),
(90, 'announcements.view', 'web', '2025-12-31 04:37:30', '2025-12-31 04:37:30'),
(91, 'announcements.create', 'web', '2025-12-31 04:37:30', '2025-12-31 04:37:30'),
(92, 'announcements.update', 'web', '2025-12-31 04:37:30', '2025-12-31 04:37:30'),
(93, 'announcements.delete', 'web', '2025-12-31 04:37:30', '2025-12-31 04:37:30'),
(94, 'reports.sales', 'web', '2025-12-31 04:37:30', '2025-12-31 04:37:30'),
(95, 'reports.top-products', 'web', '2025-12-31 04:37:30', '2025-12-31 04:37:30'),
(96, 'reports.payments', 'web', '2025-12-31 04:37:30', '2025-12-31 04:37:30'),
(97, 'reports.gst', 'web', '2025-12-31 04:37:30', '2025-12-31 04:37:30'),
(98, 'settings.general', 'web', '2025-12-31 04:37:30', '2025-12-31 04:37:30'),
(99, 'settings.payment', 'web', '2025-12-31 04:37:30', '2025-12-31 04:37:30'),
(100, 'settings.sms', 'web', '2025-12-31 04:37:30', '2025-12-31 04:37:30'),
(101, 'settings.carriers', 'web', '2025-12-31 04:37:30', '2025-12-31 04:37:30'),
(102, 'settings.countries', 'web', '2025-12-31 04:37:30', '2025-12-31 04:37:30'),
(103, 'settings.states', 'web', '2025-12-31 04:37:30', '2025-12-31 04:37:30'),
(104, 'settings.cities', 'web', '2025-12-31 04:37:30', '2025-12-31 04:37:30'),
(105, 'dashboard.view-kpis', 'web', '2026-01-02 08:54:51', '2026-01-02 08:54:51'),
(106, 'dashboard.view-dashlets', 'web', '2026-01-02 08:54:51', '2026-01-02 08:54:51'),
(107, 'customers.view', 'web', '2026-01-02 12:32:38', '2026-01-02 12:32:38'),
(108, 'customers.create', 'web', '2026-01-02 12:32:38', '2026-01-02 12:32:38'),
(109, 'customers.update', 'web', '2026-01-02 12:32:38', '2026-01-02 12:32:38'),
(110, 'customers.delete', 'web', '2026-01-02 12:32:38', '2026-01-02 12:32:38'),
(111, 'staff.view', 'web', '2026-01-02 12:32:38', '2026-01-02 12:32:38'),
(112, 'staff.create', 'web', '2026-01-02 12:32:38', '2026-01-02 12:32:38'),
(113, 'staff.update', 'web', '2026-01-02 12:32:38', '2026-01-02 12:32:38'),
(114, 'staff.delete', 'web', '2026-01-02 12:32:38', '2026-01-02 12:32:38'),
(115, 'reports.salesman', 'web', '2026-01-02 13:56:31', '2026-01-02 13:56:31'),
(116, 'reports.profit', 'web', '2026-01-02 13:56:31', '2026-01-02 13:56:31');

-- --------------------------------------------------------

--
-- Table structure for table `products`
--

CREATE TABLE IF NOT EXISTS `products` (
  `id` bigint UNSIGNED NOT NULL AUTO_INCREMENT,
  `category_id` bigint UNSIGNED NOT NULL,
  `product_type` enum('single','variant') COLLATE utf8mb4_general_ci NOT NULL DEFAULT 'single',
  `parent_id` bigint UNSIGNED DEFAULT NULL,
  `brand_id` bigint UNSIGNED DEFAULT NULL,
  `name` varchar(255) CHARACTER SET utf8mb4 COLLATE utf8mb4_general_ci NOT NULL,
  `slug` varchar(191) CHARACTER SET utf8mb4 COLLATE utf8mb4_general_ci NOT NULL,
  `sku` varchar(191) COLLATE utf8mb4_general_ci DEFAULT NULL,
  `item_code` varchar(191) COLLATE utf8mb4_general_ci DEFAULT NULL,
  `tags` text CHARACTER SET utf8mb4 COLLATE utf8mb4_general_ci,
  `barcode` varchar(191) CHARACTER SET utf8mb4 COLLATE utf8mb4_general_ci DEFAULT NULL,
  `hsn_code` varchar(50) CHARACTER SET utf8mb4 COLLATE utf8mb4_general_ci DEFAULT NULL COMMENT 'For tax classification',
  `warranty_months` int DEFAULT NULL,
  `price` decimal(10,2) NOT NULL,
  `wholesale_price` decimal(10,2) DEFAULT NULL,
  `purchase_price` decimal(12,2) DEFAULT NULL,
  `mrp` decimal(10,2) DEFAULT NULL,
  `opening_stock` int NOT NULL DEFAULT '0',
  `current_stock` int NOT NULL DEFAULT '0',
  `unit_id` bigint UNSIGNED DEFAULT NULL,
  `tax_id` bigint UNSIGNED DEFAULT NULL,
  `tax_rate_snapshot` decimal(5,2) DEFAULT NULL,
  `short_desc` varchar(255) CHARACTER SET utf8mb4 COLLATE utf8mb4_general_ci DEFAULT NULL,
  `long_desc` text CHARACTER SET utf8mb4 COLLATE utf8mb4_general_ci,
  `image_path` varchar(255) CHARACTER SET utf8mb4 COLLATE utf8mb4_general_ci DEFAULT NULL,
  `image` json DEFAULT NULL,
  `is_active` tinyint(1) NOT NULL DEFAULT '1',
  `is_featured` tinyint(1) DEFAULT '0',
  `is_prebooking` tinyint(1) DEFAULT '0',
  `avg_rating` decimal(3,2) DEFAULT '0.00',
  `rating_count` int NOT NULL DEFAULT '0',
  `created_at` timestamp NULL DEFAULT NULL,
  `updated_at` timestamp NULL DEFAULT NULL,
  PRIMARY KEY (`id`),
  UNIQUE KEY `products_slug_unique` (`slug`),
  UNIQUE KEY `products_barcode_unique` (`barcode`),
  UNIQUE KEY `products_item_code_unique` (`item_code`),
  KEY `products_slug_index` (`slug`),
  KEY `products_category_id_index` (`category_id`),
  KEY `products_barcode_index` (`barcode`),
  KEY `products_unit_id_foreign` (`unit_id`),
  KEY `idx_products_active_featured` (`is_active`,`is_featured`),
  KEY `idx_products_active_stock` (`is_active`),
  KEY `idx_products_price` (`price`),
  KEY `products_tax_id_index` (`tax_id`),
  KEY `products_purchase_price_index` (`purchase_price`),
  KEY `products_product_type_index` (`product_type`),
  KEY `products_brand_id_index` (`brand_id`),
  KEY `products_parent_id_index` (`parent_id`),
  KEY `products_item_code_index` (`item_code`),
  KEY `products_sku_index` (`sku`)
) ENGINE=InnoDB AUTO_INCREMENT=299 DEFAULT CHARSET=utf8mb4 COLLATE=utf8mb4_general_ci;

--
-- Dumping data for table `products`
--

INSERT INTO `products` (`id`, `category_id`, `product_type`, `parent_id`, `brand_id`, `name`, `slug`, `sku`, `item_code`, `tags`, `barcode`, `hsn_code`, `warranty_months`, `price`, `wholesale_price`, `purchase_price`, `mrp`, `opening_stock`, `current_stock`, `unit_id`, `tax_id`, `tax_rate_snapshot`, `short_desc`, `long_desc`, `image_path`, `image`, `is_active`, `is_featured`, `is_prebooking`, `avg_rating`, `rating_count`, `created_at`, `updated_at`) VALUES
(1, 54, 'single', NULL, NULL, 'MINI CHOWKWER - Matte', 'mini-chowkwer-matte', 'SKU- SSJ1', NULL, 'SSJ1', 'SSJ00001', NULL, NULL, 189.00, 179.00, 161.10, 756.00, 234, 234, 2, NULL, NULL, '', '', NULL, NULL, 1, 0, 0, 0.00, 0, '2026-02-02 18:04:22', '2026-02-02 18:04:22'),
(2, 55, 'single', NULL, NULL, 'MINI CHOWKWER - Pink', 'mini-chowkwer-pink', 'SKU- SSJ2', NULL, 'SSJ2', 'SSJ00002', NULL, NULL, 180.00, 169.00, 152.10, 720.00, 123, 121, 2, NULL, NULL, '', '', NULL, NULL, 1, 0, 0, 0.00, 0, '2026-02-02 18:04:23', '2026-02-04 08:40:33'),
(3, 56, 'single', NULL, NULL, 'MINI CHOWKWER - Cz Stone', 'mini-chowkwer-cz-stone', 'SKU- SSJ3', NULL, 'SSJ3', 'SSJ00003', NULL, NULL, 299.00, 170.00, 153.00, 1196.00, 34, 33, 2, NULL, NULL, '', '', NULL, NULL, 1, 0, 0, 0.00, 0, '2026-02-02 18:04:23', '2026-02-04 08:40:33'),
(4, 59, 'single', NULL, NULL, 'MINI CHOWKWER - Microplate', 'mini-chowkwer-microplate', 'SKU- SSJ5', NULL, 'SSJ5', 'SSJ00005', NULL, NULL, 699.00, 570.00, 513.00, 2796.00, 3, 2, 2, NULL, NULL, '', '', NULL, NULL, 1, 0, 0, 0.00, 0, '2026-02-02 18:04:23', '2026-02-04 08:40:33'),
(5, 60, 'single', NULL, NULL, 'NECK - Cz Stone', 'neck-cz-stone', 'SKU- SSJ7', NULL, 'SSJ7', 'SSJ00007', NULL, NULL, 500.00, 360.00, 324.00, 2000.00, 32, 32, 2, NULL, NULL, '', '', NULL, NULL, 1, 0, 0, 0.00, 0, '2026-02-02 18:04:23', '2026-02-02 18:04:23'),
(6, 61, 'single', NULL, NULL, 'NECK - Cz Stone', 'neck-cz-stone-1', 'SKU- SSJ8', NULL, 'SSJ8', 'SSJ00008', NULL, NULL, 499.00, 415.00, 373.50, 1996.00, 16, 16, 2, NULL, NULL, '', '', NULL, NULL, 1, 0, 0, 0.00, 0, '2026-02-02 18:04:23', '2026-02-02 18:04:23'),
(7, 61, 'single', NULL, NULL, 'NECK - Multi', 'neck-multi', 'SKU- ssj11', NULL, 'ssj11', 'SSJ00011', NULL, NULL, 730.00, 569.00, 512.10, 2920.00, 17, 16, 2, NULL, NULL, '', '', NULL, NULL, 1, 0, 0, 0.00, 0, '2026-02-02 18:04:23', '2026-02-04 08:40:33'),
(8, 61, 'single', NULL, NULL, 'NECK - Cz Stone', 'neck-cz-stone-2', 'SKU- ssj12', NULL, 'ssj12', 'SSJ00012', NULL, NULL, 600.00, 500.00, 450.00, 2400.00, 18, 18, 2, NULL, NULL, '', '', NULL, NULL, 1, 0, 0, 0.00, 0, '2026-02-02 18:04:23', '2026-02-02 18:04:23'),
(9, 63, 'single', NULL, NULL, 'NECK - Changable Stone', 'neck-changable-stone', 'SKU- ssj13', NULL, 'ssj13', 'SSJ00013', NULL, NULL, 799.00, 709.00, 638.10, 3196.00, 46, 46, 2, NULL, NULL, '', '', NULL, NULL, 1, 0, 0, 0.00, 0, '2026-02-02 18:04:23', '2026-02-02 18:04:23'),
(10, 55, 'single', NULL, NULL, 'NECK - Pinkgreen', 'neck-pinkgreen', 'SKU- ssj14', NULL, 'ssj14', 'SSJ00014', NULL, NULL, 530.00, 530.00, 477.00, 2120.00, 15, 15, 2, NULL, NULL, '', '', NULL, NULL, 1, 0, 0, 0.00, 0, '2026-02-02 18:04:23', '2026-02-02 18:04:23'),
(11, 55, 'single', NULL, NULL, 'NECK - Pink Green', 'neck-pink-green', 'SKU- SSJ19', NULL, 'SSJ19', 'SSJ00019', NULL, NULL, 360.00, 250.00, 225.00, 1440.00, 10, 10, 2, NULL, NULL, '', '', NULL, NULL, 1, 0, 0, 0.00, 0, '2026-02-02 18:04:23', '2026-02-02 18:04:23'),
(12, 65, 'single', NULL, NULL, 'NECK - Red/Green', 'neck-redgreen', 'SKU- SSJ21', NULL, 'SSJ21', 'SSJ00021', NULL, NULL, 499.00, 410.00, 369.00, 1996.00, 30, 30, 2, NULL, NULL, '', '', NULL, NULL, 1, 0, 0, 0.00, 0, '2026-02-02 18:04:23', '2026-02-02 18:04:23'),
(13, 67, 'single', NULL, NULL, 'NECK - Multi', 'neck-multi-1', 'SKU- SSJ25', NULL, 'SSJ25', 'SSJ00025', NULL, NULL, 950.00, 850.00, 765.00, 3800.00, 11, 11, 2, NULL, NULL, '', '', NULL, NULL, 1, 0, 0, 0.00, 0, '2026-02-02 18:04:23', '2026-02-02 18:04:23'),
(14, 61, 'single', NULL, NULL, 'NECK - Matte', 'neck-matte', 'SKU- SSJ27', NULL, 'SSJ27', 'SSJ00027', NULL, NULL, 630.00, 490.00, 441.00, 2520.00, 4, 4, 2, NULL, NULL, '', '', NULL, NULL, 1, 0, 0, 0.00, 0, '2026-02-02 18:04:23', '2026-02-02 18:04:23'),
(15, 61, 'single', NULL, NULL, 'NECK - Matte', 'neck-matte-1', 'SKU- SSJ28', NULL, 'SSJ28', 'SSJ00028', NULL, NULL, 450.00, 350.00, 315.00, 1800.00, 2, 2, 2, NULL, NULL, '', '', NULL, NULL, 1, 0, 0, 0.00, 0, '2026-02-02 18:04:23', '2026-02-02 18:04:23'),
(16, 68, 'single', NULL, NULL, 'NECK - Cz Stone', 'neck-cz-stone-3', 'SKU- SSJ32', NULL, 'SSJ32', 'SSJ00032', NULL, NULL, 500.00, 400.00, 360.00, 2000.00, 11, 11, 2, NULL, NULL, '', '', NULL, NULL, 1, 0, 0, 0.00, 0, '2026-02-02 18:04:23', '2026-02-02 18:04:23'),
(17, 69, 'single', NULL, NULL, 'NECK - Cz Stone', 'neck-cz-stone-4', 'SKU- SSJ33', NULL, 'SSJ33', 'SSJ00033', NULL, NULL, 490.00, 350.00, 315.00, 1960.00, 41, 41, 2, NULL, NULL, '', '', NULL, NULL, 1, 0, 0, 0.00, 0, '2026-02-02 18:04:23', '2026-02-02 18:04:23'),
(18, 63, 'single', NULL, NULL, 'NECK - Changeable Stone', 'neck-changeable-stone', 'SKU- SSJ36', NULL, 'SSJ36', 'SSJ00036', NULL, NULL, 680.00, 513.00, 461.70, 2720.00, 7, 7, 2, NULL, NULL, '', '', NULL, NULL, 1, 0, 0, 0.00, 0, '2026-02-02 18:04:23', '2026-02-02 18:04:23'),
(19, 72, 'single', NULL, NULL, 'NECK - Ruby Stone', 'neck-ruby-stone', 'SKU- SSJ38', NULL, 'SSJ38', 'SSJ00038', NULL, NULL, 1150.00, 885.00, 796.50, 4600.00, 6, 6, 2, NULL, NULL, '', '', NULL, NULL, 1, 0, 0, 0.00, 0, '2026-02-02 18:04:23', '2026-02-02 18:04:23'),
(20, 71, 'single', NULL, NULL, 'NECK - Gold Polish', 'neck-gold-polish', 'SKU- SSJ39', NULL, 'SSJ39', 'SSJ00039', NULL, NULL, 899.00, 630.00, 567.00, 3596.00, 4, 4, 2, NULL, NULL, '', '', NULL, NULL, 1, 0, 0, 0.00, 0, '2026-02-02 18:04:23', '2026-02-02 18:04:23'),
(21, 55, 'single', NULL, NULL, 'NECK - Gold Polish', 'neck-gold-polish-1', 'SKU- SSJ40', NULL, 'SSJ40', 'SSJ00040', NULL, NULL, 999.00, 700.00, 630.00, 3996.00, 10, 10, 2, NULL, NULL, '', '', NULL, NULL, 1, 0, 0, 0.00, 0, '2026-02-02 18:04:23', '2026-02-02 18:04:23'),
(22, 73, 'single', NULL, NULL, 'NECK - Gold Polish', 'neck-gold-polish-2', 'SKU- SSJ41', NULL, 'SSJ41', 'SSJ00041', NULL, NULL, 200.00, 200.00, 180.00, 800.00, 6, 6, 2, NULL, NULL, '', '', NULL, NULL, 1, 0, 0, 0.00, 0, '2026-02-02 18:04:23', '2026-02-02 18:04:23'),
(23, 74, 'single', NULL, NULL, 'NECK - Green', 'neck-green', 'SKU- SSJ42', NULL, 'SSJ42', 'SSJ00042', NULL, NULL, 1099.00, 1099.00, 989.10, 4396.00, 5, 5, 2, NULL, NULL, '', '', NULL, NULL, 1, 0, 0, 0.00, 0, '2026-02-02 18:04:23', '2026-02-02 18:04:23'),
(24, 74, 'single', NULL, NULL, 'NECK - Green', 'neck-green-1', 'SKU- SSJ43', NULL, 'SSJ43', 'SSJ00043', NULL, NULL, 630.00, 630.00, 567.00, 2520.00, 4, 4, 2, NULL, NULL, '', '', NULL, NULL, 1, 0, 0, 0.00, 0, '2026-02-02 18:04:23', '2026-02-02 18:04:23'),
(25, 74, 'single', NULL, NULL, 'NECK - Green', 'neck-green-2', 'SKU- SSJ44', NULL, 'SSJ44', 'SSJ00044', NULL, NULL, 1250.00, 1080.00, 972.00, 5000.00, 1, 1, 2, NULL, NULL, '', '', NULL, NULL, 1, 0, 0, 0.00, 0, '2026-02-02 18:04:23', '2026-02-02 18:04:23'),
(26, 55, 'single', NULL, NULL, 'NECK - Gold Finesh', 'neck-gold-finesh', 'SKU- SSJ45', NULL, 'SSJ45', 'SSJ00045', NULL, NULL, 1280.00, 890.00, 801.00, 5120.00, 6, 6, 2, NULL, NULL, '', '', NULL, NULL, 1, 0, 0, 0.00, 0, '2026-02-02 18:04:23', '2026-02-02 18:04:23'),
(27, 75, 'single', NULL, NULL, 'NECK - Gold Finesh', 'neck-gold-finesh-1', 'SKU- SSJ49', NULL, 'SSJ49', 'SSJ00049', NULL, NULL, 400.00, 250.00, 225.00, 1600.00, 8, 8, 2, NULL, NULL, '', '', NULL, NULL, 1, 0, 0, 0.00, 0, '2026-02-02 18:04:23', '2026-02-02 18:04:23'),
(28, 59, 'single', NULL, NULL, 'CHOWKER - Microplate', 'chowker-microplate', 'SKU- SSJ50', NULL, 'SSJ50', 'SSJ00050', NULL, NULL, 699.00, 570.00, 513.00, 2796.00, 3, 3, 2, NULL, NULL, '', '', NULL, NULL, 1, 0, 0, 0.00, 0, '2026-02-02 18:04:23', '2026-02-02 18:04:23'),
(29, 77, 'single', NULL, NULL, 'NECK - Muli Green', 'neck-muli-green', 'SKU- SSJ51', NULL, 'SSJ51', 'SSJ00051', NULL, NULL, 1090.00, 790.00, 711.00, 4360.00, 24, 24, 2, NULL, NULL, '', '', NULL, NULL, 1, 0, 0, 0.00, 0, '2026-02-02 18:04:24', '2026-02-02 18:04:24'),
(30, 77, 'single', NULL, NULL, 'NECK - Laxmi', 'neck-laxmi', 'SKU- SSJ52', NULL, 'SSJ52', 'SSJ00052', NULL, NULL, 1090.00, 870.00, 783.00, 4360.00, 20, 20, 2, NULL, NULL, '', '', NULL, NULL, 1, 0, 0, 0.00, 0, '2026-02-02 18:04:24', '2026-02-02 18:04:24'),
(31, 77, 'single', NULL, NULL, 'NECK - Bigg Matte', 'neck-bigg-matte', 'SKU- SSJ53', NULL, 'SSJ53', 'SSJ00053', NULL, NULL, 1250.00, 950.00, 855.00, 5000.00, 25, 25, 2, NULL, NULL, '', '', NULL, NULL, 1, 0, 0, 0.00, 0, '2026-02-02 18:04:24', '2026-02-02 18:04:24'),
(32, 77, 'single', NULL, NULL, 'NECK - Small Matte', 'neck-small-matte', 'SKU- SSJ54', NULL, 'SSJ54', 'SSJ00054', NULL, NULL, 1250.00, 990.00, 891.00, 5000.00, 25, 25, 2, NULL, NULL, '', '', NULL, NULL, 1, 0, 0, 0.00, 0, '2026-02-02 18:04:24', '2026-02-02 18:04:24'),
(33, 77, 'single', NULL, NULL, 'NECK - Matte', 'neck-matte-2', 'SKU- SSJ55', NULL, 'SSJ55', 'SSJ00055', NULL, NULL, 1090.00, 870.00, 783.00, 4360.00, 22, 22, 2, NULL, NULL, '', '', NULL, NULL, 1, 0, 0, 0.00, 0, '2026-02-02 18:04:24', '2026-02-02 18:04:24'),
(34, 77, 'single', NULL, NULL, 'NECK - Green', 'neck-green-3', 'SKU- SSJ56', NULL, 'SSJ56', 'SSJ00056', NULL, NULL, 880.00, 710.00, 639.00, 3520.00, 18, 18, 2, NULL, NULL, '', '', NULL, NULL, 1, 0, 0, 0.00, 0, '2026-02-02 18:04:24', '2026-02-02 18:04:24'),
(35, 77, 'single', NULL, NULL, 'NECK - Pink', 'neck-pink', 'SKU- SSJ57', NULL, 'SSJ57', 'SSJ00057', NULL, NULL, 1250.00, 962.00, 865.80, 5000.00, 21, 21, 2, NULL, NULL, '', '', NULL, NULL, 1, 0, 0, 0.00, 0, '2026-02-02 18:04:24', '2026-02-02 18:04:24'),
(36, 77, 'single', NULL, NULL, 'NECK - Cz Stone', 'neck-cz-stone-5', 'SKU- SSJ58', NULL, 'SSJ58', 'SSJ00058', NULL, NULL, 1250.00, 962.00, 865.80, 5000.00, 17, 17, 2, NULL, NULL, '', '', NULL, NULL, 1, 0, 0, 0.00, 0, '2026-02-02 18:04:24', '2026-02-02 18:04:24'),
(37, 78, 'single', NULL, NULL, 'NECK - Cz Stone', 'neck-cz-stone-6', 'SKU- SSJ59', NULL, 'SSJ59', 'SSJ00059', NULL, NULL, 699.00, 530.00, 477.00, 2796.00, 16, 16, 2, NULL, NULL, '', '', NULL, NULL, 1, 0, 0, 0.00, 0, '2026-02-02 18:04:24', '2026-02-02 18:04:24'),
(38, 78, 'single', NULL, NULL, 'NECK - Cz Stone', 'neck-cz-stone-7', 'SKU- SSJ60', NULL, 'SSJ60', 'SSJ00060', NULL, NULL, 699.00, 530.00, 477.00, 2796.00, 11, 11, 2, NULL, NULL, '', '', NULL, NULL, 1, 0, 0, 0.00, 0, '2026-02-02 18:04:24', '2026-02-02 18:04:24'),
(39, 78, 'single', NULL, NULL, 'NECK - Cz Stone', 'neck-cz-stone-8', 'SKU- SSJ61', NULL, 'SSJ61', 'SSJ00061', NULL, NULL, 699.00, 530.00, 477.00, 2796.00, 23, 23, 2, NULL, NULL, '', '', NULL, NULL, 1, 0, 0, 0.00, 0, '2026-02-02 18:04:24', '2026-02-02 18:04:24'),
(40, 78, 'single', NULL, NULL, 'NECK - Cz Stone', 'neck-cz-stone-9', 'SKU- SSJ62', NULL, 'SSJ62', 'SSJ00062', NULL, NULL, 699.00, 530.00, 477.00, 2796.00, 24, 24, 2, NULL, NULL, '', '', NULL, NULL, 1, 0, 0, 0.00, 0, '2026-02-02 18:04:24', '2026-02-02 18:04:24'),
(41, 78, 'single', NULL, NULL, 'NECK - Cz Stone', 'neck-cz-stone-10', 'SKU- SSJ63', NULL, 'SSJ63', 'SSJ00063', NULL, NULL, 699.00, 530.00, 477.00, 2796.00, 27, 27, 2, NULL, NULL, '', '', NULL, NULL, 1, 0, 0, 0.00, 0, '2026-02-02 18:04:24', '2026-02-02 18:04:24'),
(42, 78, 'single', NULL, NULL, 'NECK - Cz Stone', 'neck-cz-stone-11', 'SKU- SSJ64', NULL, 'SSJ64', 'SSJ00064', NULL, NULL, 699.00, 530.00, 477.00, 2796.00, 18, 18, 2, NULL, NULL, '', '', NULL, NULL, 1, 0, 0, 0.00, 0, '2026-02-02 18:04:24', '2026-02-02 18:04:24'),
(43, 67, 'single', NULL, NULL, 'NECK - Cz Stone', 'neck-cz-stone-12', 'SKU- SSJ65', NULL, 'SSJ65', 'SSJ00065', NULL, NULL, 650.00, 399.00, 359.10, 2600.00, 54, 54, 2, NULL, NULL, '', '', NULL, NULL, 1, 0, 0, 0.00, 0, '2026-02-02 18:04:24', '2026-02-02 18:04:24'),
(44, 54, 'single', NULL, NULL, 'NECK - Matte', 'neck-matte-3', 'SKU- SSJ66', NULL, 'SSJ66', 'SSJ00066', NULL, NULL, 400.00, 330.00, 297.00, 1600.00, 24, 24, 2, NULL, NULL, '', '', NULL, NULL, 1, 0, 0, 0.00, 0, '2026-02-02 18:04:24', '2026-02-02 18:04:24'),
(45, 75, 'single', NULL, NULL, 'NECK - Violet Beads', 'neck-violet-beads', 'SKU- SSJ67', NULL, 'SSJ67', 'SSJ00067', NULL, NULL, 1080.00, 900.00, 810.00, 4320.00, 4, 4, 2, NULL, NULL, '', '', NULL, NULL, 1, 0, 0, 0.00, 0, '2026-02-02 18:04:24', '2026-02-02 18:04:24'),
(46, 75, 'single', NULL, NULL, 'NECK - Violet Beads', 'neck-violet-beads-1', 'SKU- SSJ68', NULL, 'SSJ68', 'SSJ00068', NULL, NULL, 1280.00, 1060.00, 954.00, 5120.00, 2, 2, 2, NULL, NULL, '', '', NULL, NULL, 1, 0, 0, 0.00, 0, '2026-02-02 18:04:24', '2026-02-02 18:04:24'),
(47, 80, 'single', NULL, NULL, 'NECK - Gold', 'neck-gold', 'SKU- SSJ76', NULL, 'SSJ76', 'SSJ00076', NULL, NULL, 850.00, 690.00, 621.00, 3400.00, 31, 31, 2, NULL, NULL, '', '', NULL, NULL, 1, 0, 0, 0.00, 0, '2026-02-02 18:04:24', '2026-02-02 18:04:24'),
(48, 82, 'single', NULL, NULL, 'NECK - Green Beads', 'neck-green-beads', 'SKU- SSJ79', NULL, 'SSJ79', 'SSJ00079', NULL, NULL, 300.00, 300.00, 270.00, 1200.00, 5, 5, 2, NULL, NULL, '', '', NULL, NULL, 1, 0, 0, 0.00, 0, '2026-02-02 18:04:24', '2026-02-02 18:04:24'),
(49, 82, 'single', NULL, NULL, 'NECK - Greenstone', 'neck-greenstone', 'SKU- SSJ80', NULL, 'SSJ80', 'SSJ00080', NULL, NULL, 399.00, 280.00, 252.00, 1596.00, 6, 6, 2, NULL, NULL, '', '', NULL, NULL, 1, 0, 0, 0.00, 0, '2026-02-02 18:04:24', '2026-02-02 18:04:24'),
(50, 82, 'single', NULL, NULL, 'NECK - Kotastone', 'neck-kotastone', 'SKU- SSJ81', NULL, 'SSJ81', 'SSJ00081', NULL, NULL, 500.00, 32.00, 28.80, 2000.00, 5, 5, 2, NULL, NULL, '', '', NULL, NULL, 1, 0, 0, 0.00, 0, '2026-02-02 18:04:24', '2026-02-02 18:04:24'),
(51, 82, 'single', NULL, NULL, 'NECK - Cz Stone', 'neck-cz-stone-13', 'SKU- SSJ82', NULL, 'SSJ82', 'SSJ00082', NULL, NULL, 300.00, 300.00, 270.00, 1200.00, 11, 11, 2, NULL, NULL, '', '', NULL, NULL, 1, 0, 0, 0.00, 0, '2026-02-02 18:04:24', '2026-02-02 18:04:24'),
(52, 83, 'single', NULL, NULL, 'CHOWKER - Micropolish', 'chowker-micropolish', 'SKU- SSJ83', NULL, 'SSJ83', 'SSJ00083', NULL, NULL, 450.00, 390.00, 351.00, 1800.00, 36, 36, 2, NULL, NULL, '', '', NULL, NULL, 1, 0, 0, 0.00, 0, '2026-02-02 18:04:24', '2026-02-02 18:04:24'),
(53, 84, 'single', NULL, NULL, 'NECK - White', 'neck-white', 'SKU- SSJ89', NULL, 'SSJ89', 'SSJ00089', NULL, NULL, 630.00, 520.00, 468.00, 2520.00, 19, 19, 2, NULL, NULL, '', '', NULL, NULL, 1, 0, 0, 0.00, 0, '2026-02-02 18:04:24', '2026-02-02 18:04:24'),
(54, 9, 'single', NULL, NULL, 'NECK - White', 'neck-white-1', 'SKU- SSJ90', NULL, 'SSJ90', 'SSJ00090', NULL, NULL, 1200.00, 1200.00, 1080.00, 4800.00, 28, 28, 2, NULL, NULL, '', '', NULL, NULL, 1, 0, 0, 0.00, 0, '2026-02-02 18:04:24', '2026-02-02 18:04:24'),
(55, 84, 'single', NULL, NULL, 'NECK -  Sea Green', 'neck-sea-green', 'SKU- SSJ101', NULL, 'SSJ101', 'SSJ00101', NULL, NULL, 590.00, 410.00, 369.00, 2360.00, 2, 2, 2, NULL, NULL, '', '', NULL, NULL, 1, 0, 0, 0.00, 0, '2026-02-02 18:04:24', '2026-02-02 18:04:24'),
(56, 84, 'single', NULL, NULL, 'NECK - Red', 'neck-red', 'SKU- SSJ116', NULL, 'SSJ116', 'SSJ00116', NULL, NULL, 1170.00, 1020.00, 918.00, 4680.00, 2, 2, 2, NULL, NULL, '', '', NULL, NULL, 1, 0, 0, 0.00, 0, '2026-02-02 18:04:24', '2026-02-02 18:04:24'),
(57, 9, 'single', NULL, NULL, 'NECK - Red', 'neck-red-1', 'SKU- SSJ120', NULL, 'SSJ120', 'SSJ00120', NULL, NULL, 1140.00, 990.00, 891.00, 4560.00, 2, 2, 2, NULL, NULL, '', '', NULL, NULL, 1, 0, 0, 0.00, 0, '2026-02-02 18:04:25', '2026-02-02 18:04:25'),
(58, 84, 'single', NULL, NULL, 'NECK - White', 'neck-white-2', 'SKU- SSJ132', NULL, 'SSJ132', 'SSJ00132', NULL, NULL, 899.00, 799.00, 719.10, 3596.00, 7, 7, 2, NULL, NULL, '', '', NULL, NULL, 1, 0, 0, 0.00, 0, '2026-02-02 18:04:25', '2026-02-02 18:04:25'),
(59, 86, 'single', NULL, NULL, 'NECK - White', 'neck-white-3', 'SKU- SSJ144', NULL, 'SSJ144', 'SSJ00144', NULL, NULL, 950.00, 760.00, 684.00, 3800.00, 16, 16, 2, NULL, NULL, '', '', NULL, NULL, 1, 0, 0, 0.00, 0, '2026-02-02 18:04:25', '2026-02-02 18:04:25'),
(60, 61, 'single', NULL, NULL, 'NECK - White', 'neck-white-4', 'SKU- SSJ150', NULL, 'SSJ150', 'SSJ00150', NULL, NULL, 500.00, 360.00, 324.00, 2000.00, 42, 42, 2, NULL, NULL, '', '', NULL, NULL, 1, 0, 0, 0.00, 0, '2026-02-02 18:04:25', '2026-02-02 18:04:25'),
(61, 87, 'single', NULL, NULL, 'NECK - Pink', 'neck-pink-1', 'SKU- SSJ151', NULL, 'SSJ151', 'SSJ00151', NULL, NULL, 699.00, 590.00, 531.00, 2796.00, 396, 396, 2, NULL, NULL, '', '', NULL, NULL, 1, 0, 0, 0.00, 0, '2026-02-02 18:04:25', '2026-02-02 18:04:25'),
(62, 87, 'single', NULL, NULL, 'NECK - Violet', 'neck-violet', 'SKU- SSJ152', NULL, 'SSJ152', 'SSJ00152', NULL, NULL, 699.00, 590.00, 531.00, 2796.00, 70, 70, 2, NULL, NULL, '', '', NULL, NULL, 1, 0, 0, 0.00, 0, '2026-02-02 18:04:25', '2026-02-02 18:04:25'),
(63, 89, 'single', NULL, NULL, 'NECK ALL TOGETHER - Mehandhi Polish', 'neck-all-together-mehandhi-polish', 'SKU- SSJ155', NULL, 'SSJ155', 'SSJ00155', NULL, NULL, 299.00, 299.00, 269.10, 1196.00, 118, 118, 2, NULL, NULL, '', '', NULL, NULL, 1, 0, 0, 0.00, 0, '2026-02-02 18:04:25', '2026-02-02 18:04:25'),
(64, 90, 'single', NULL, NULL, 'NECK - Navarathna', 'neck-navarathna', 'SKU- SSJ156', NULL, 'SSJ156', 'SSJ00156', NULL, NULL, 1190.00, 1020.00, 918.00, 4760.00, 5, 5, 2, NULL, NULL, '', '', NULL, NULL, 1, 0, 0, 0.00, 0, '2026-02-02 18:04:25', '2026-02-02 18:04:25'),
(65, 90, 'single', NULL, NULL, 'NECK - Navarathna', 'neck-navarathna-1', 'SKU- SSJ157', NULL, 'SSJ157', 'SSJ00157', NULL, NULL, 1020.00, 890.00, 801.00, 4080.00, 2, 2, 2, NULL, NULL, '', '', NULL, NULL, 1, 0, 0, 0.00, 0, '2026-02-02 18:04:25', '2026-02-02 18:04:25'),
(66, 90, 'single', NULL, NULL, 'NECK - Pink', 'neck-pink-2', 'SKU- SSJ158', NULL, 'SSJ158', 'SSJ00158', NULL, NULL, 1690.00, 1470.00, 1323.00, 6760.00, 5, 5, 2, NULL, NULL, '', '', NULL, NULL, 1, 0, 0, 0.00, 0, '2026-02-02 18:04:25', '2026-02-02 18:04:25'),
(67, 90, 'single', NULL, NULL, 'NECK - Matte', 'neck-matte-4', 'SKU- SSJ159', NULL, 'SSJ159', 'SSJ00159', NULL, NULL, 2050.00, 1570.00, 1413.00, 8200.00, 4, 4, 2, NULL, NULL, '', '', NULL, NULL, 1, 0, 0, 0.00, 0, '2026-02-02 18:04:25', '2026-02-02 18:04:25'),
(68, 90, 'single', NULL, NULL, 'NECK - Matte', 'neck-matte-5', 'SKU- SSJ160', NULL, 'SSJ160', 'SSJ00160', NULL, NULL, 1070.00, 820.00, 738.00, 4280.00, 9, 9, 2, NULL, NULL, '', '', NULL, NULL, 1, 0, 0, 0.00, 0, '2026-02-02 18:04:25', '2026-02-02 18:04:25'),
(69, 90, 'single', NULL, NULL, 'NECK - Matte', 'neck-matte-6', 'SKU- SSJ161', NULL, 'SSJ161', 'SSJ00161', NULL, NULL, 1750.00, 1470.00, 1323.00, 7000.00, 1, 1, 2, NULL, NULL, '', '', NULL, NULL, 1, 0, 0, 0.00, 0, '2026-02-02 18:04:25', '2026-02-02 18:04:25'),
(70, 90, 'single', NULL, NULL, 'NECK - Green Beads', 'neck-green-beads-1', 'SKU- SSJ162', NULL, 'SSJ162', 'SSJ00162', NULL, NULL, 2990.00, 2247.00, 2022.30, 11960.00, 1, 1, 2, NULL, NULL, '', '', NULL, NULL, 1, 0, 0, 0.00, 0, '2026-02-02 18:04:25', '2026-02-02 18:04:25'),
(71, 90, 'single', NULL, NULL, 'NECK - Gold Finish', 'neck-gold-finish', 'SKU- SSJ163', NULL, 'SSJ163', 'SSJ00163', NULL, NULL, 1170.00, 890.00, 801.00, 4680.00, 1, 1, 2, NULL, NULL, '', '', NULL, NULL, 1, 0, 0, 0.00, 0, '2026-02-02 18:04:25', '2026-02-02 18:04:25'),
(72, 90, 'single', NULL, NULL, 'NECK - Navarathna', 'neck-navarathna-2', 'SKU- SSJ164', NULL, 'SSJ164', 'SSJ00164', NULL, NULL, 1980.00, 1525.00, 1372.50, 7920.00, 1, 1, 2, NULL, NULL, '', '', NULL, NULL, 1, 0, 0, 0.00, 0, '2026-02-02 18:04:25', '2026-02-02 18:04:25'),
(73, 90, 'single', NULL, NULL, 'NECK - Gold Finish', 'neck-gold-finish-1', 'SKU- SSJ165', NULL, 'SSJ165', 'SSJ00165', NULL, NULL, 1650.00, 1650.00, 1485.00, 6600.00, 1, 1, 2, NULL, NULL, '', '', NULL, NULL, 1, 0, 0, 0.00, 0, '2026-02-02 18:04:25', '2026-02-02 18:04:25'),
(74, 90, 'single', NULL, NULL, 'NECK - Matte', 'neck-matte-7', 'SKU- SSJ166', NULL, 'SSJ166', 'SSJ00166', NULL, NULL, 1490.00, 1270.00, 1143.00, 5960.00, 1, 1, 2, NULL, NULL, '', '', NULL, NULL, 1, 0, 0, 0.00, 0, '2026-02-02 18:04:25', '2026-02-02 18:04:25'),
(75, 90, 'single', NULL, NULL, 'NECK - Matte', 'neck-matte-8', 'SKU- SSJ167', NULL, 'SSJ167', 'SSJ00167', NULL, NULL, 2599.00, 2223.00, 2000.70, 10396.00, 4, 4, 2, NULL, NULL, '', '', NULL, NULL, 1, 0, 0, 0.00, 0, '2026-02-02 18:04:25', '2026-02-02 18:04:25'),
(76, 90, 'single', NULL, NULL, 'NECK - Matte', 'neck-matte-9', 'SKU- SSJ168', NULL, 'SSJ168', 'SSJ00168', NULL, NULL, 5850.00, 4470.00, 4023.00, 23400.00, 2, 2, 2, NULL, NULL, '', '', NULL, NULL, 1, 0, 0, 0.00, 0, '2026-02-02 18:04:25', '2026-02-02 18:04:25'),
(77, 90, 'single', NULL, NULL, 'NECK - Gold Finish', 'neck-gold-finish-2', 'SKU- SSJ169', NULL, 'SSJ169', 'SSJ00169', NULL, NULL, 1670.00, 1290.00, 1161.00, 6680.00, 1, 1, 2, NULL, NULL, '', '', NULL, NULL, 1, 0, 0, 0.00, 0, '2026-02-02 18:04:25', '2026-02-02 18:04:25'),
(78, 90, 'single', NULL, NULL, 'NECK - Matte', 'neck-matte-10', 'SKU- SSJ170', NULL, 'SSJ170', 'SSJ00170', NULL, NULL, 1920.00, 1480.00, 1332.00, 7680.00, 1, 1, 2, NULL, NULL, '', '', NULL, NULL, 1, 0, 0, 0.00, 0, '2026-02-02 18:04:25', '2026-02-02 18:04:25'),
(79, 90, 'single', NULL, NULL, 'NECK -  Matte', 'neck-matte-11', 'SKU- SSJ171', NULL, 'SSJ171', 'SSJ00171', NULL, NULL, 2970.00, 2970.00, 2673.00, 11880.00, 1, 1, 2, NULL, NULL, '', '', NULL, NULL, 1, 0, 0, 0.00, 0, '2026-02-02 18:04:25', '2026-02-02 18:04:25'),
(80, 90, 'single', NULL, NULL, 'NECK - Matte', 'neck-matte-12', 'SKU- SSJ172', NULL, 'SSJ172', 'SSJ00172', NULL, NULL, 5850.00, 4499.00, 4049.10, 23400.00, 1, 1, 2, NULL, NULL, '', '', NULL, NULL, 1, 0, 0, 0.00, 0, '2026-02-02 18:04:25', '2026-02-02 18:04:25'),
(81, 90, 'single', NULL, NULL, 'NECK - Matte', 'neck-matte-13', 'SKU- SSJ173', NULL, 'SSJ173', 'SSJ00173', NULL, NULL, 4730.00, 3763.00, 3386.70, 18920.00, 1, 1, 2, NULL, NULL, '', '', NULL, NULL, 1, 0, 0, 0.00, 0, '2026-02-02 18:04:25', '2026-02-02 18:04:25'),
(82, 90, 'single', NULL, NULL, 'NECK - Matte', 'neck-matte-14', 'SKU- SSJ174', NULL, 'SSJ174', 'SSJ00174', NULL, NULL, 4650.00, 3720.00, 3348.00, 18600.00, 1, 1, 2, NULL, NULL, '', '', NULL, NULL, 1, 0, 0, 0.00, 0, '2026-02-02 18:04:25', '2026-02-02 18:04:25'),
(83, 90, 'single', NULL, NULL, 'NECK - Matte', 'neck-matte-15', 'SKU- SSJ175', NULL, 'SSJ175', 'SSJ00175', NULL, NULL, 2690.00, 2280.00, 2052.00, 10760.00, 1, 1, 2, NULL, NULL, '', '', NULL, NULL, 1, 0, 0, 0.00, 0, '2026-02-02 18:04:25', '2026-02-02 18:04:25'),
(84, 90, 'single', NULL, NULL, 'CHOWKER - Matte', 'chowker-matte', 'SKU- SSJ176', NULL, 'SSJ176', 'SSJ00176', NULL, NULL, 3230.00, 2480.00, 2232.00, 12920.00, 3, 3, 2, NULL, NULL, '', '', NULL, NULL, 1, 0, 0, 0.00, 0, '2026-02-02 18:04:25', '2026-02-02 18:04:25'),
(85, 90, 'single', NULL, NULL, 'CHOWKER - Matte', 'chowker-matte-1', 'SKU- SSJ177', NULL, 'SSJ177', 'SSJ00177', NULL, NULL, 3230.00, 2480.00, 2232.00, 12920.00, 2, 2, 2, NULL, NULL, '', '', NULL, NULL, 1, 0, 0, 0.00, 0, '2026-02-02 18:04:25', '2026-02-02 18:04:25'),
(86, 90, 'single', NULL, NULL, 'CHOWKER - Matte', 'chowker-matte-2', 'SKU- SSJ178', NULL, 'SSJ178', 'SSJ00178', NULL, NULL, 3072.00, 2365.00, 2128.50, 12288.00, 1, 1, 2, NULL, NULL, '', '', NULL, NULL, 1, 0, 0, 0.00, 0, '2026-02-02 18:04:25', '2026-02-02 18:04:25'),
(87, 90, 'single', NULL, NULL, 'CHOWKER - Matte', 'chowker-matte-3', 'SKU- SSJ179', NULL, 'SSJ179', 'SSJ00179', NULL, NULL, 3450.00, 2635.00, 2371.50, 13800.00, 1, 1, 2, NULL, NULL, '', '', NULL, NULL, 1, 0, 0, 0.00, 0, '2026-02-02 18:04:25', '2026-02-02 18:04:25'),
(88, 91, 'single', NULL, NULL, 'NECK - Matte', 'neck-matte-16', 'SKU- SSJ180', NULL, 'SSJ180', 'SSJ00180', NULL, NULL, 1580.00, 1210.00, 1089.00, 6320.00, 14, 14, 2, NULL, NULL, '', '', NULL, NULL, 1, 0, 0, 0.00, 0, '2026-02-02 18:04:26', '2026-02-02 18:04:26'),
(89, 91, 'single', NULL, NULL, 'NECK - Matte', 'neck-matte-17', 'SKU- SSJ181', NULL, 'SSJ181', 'SSJ00181', NULL, NULL, 1410.00, 1083.00, 974.70, 5640.00, 3, 3, 2, NULL, NULL, '', '', NULL, NULL, 1, 0, 0, 0.00, 0, '2026-02-02 18:04:26', '2026-02-02 18:04:26'),
(90, 91, 'single', NULL, NULL, 'NECK - Matte', 'neck-matte-18', 'SKU- SSJ182', NULL, 'SSJ182', 'SSJ00182', NULL, NULL, 1760.00, 1355.00, 1219.50, 7040.00, 7, 7, 2, NULL, NULL, '', '', NULL, NULL, 1, 0, 0, 0.00, 0, '2026-02-02 18:04:26', '2026-02-02 18:04:26'),
(91, 91, 'single', NULL, NULL, 'NECK - Matte', 'neck-matte-19', 'SKU- SSJ183', NULL, 'SSJ183', 'SSJ00183', NULL, NULL, 1890.00, 1430.00, 1287.00, 7560.00, 7, 7, 2, NULL, NULL, '', '', NULL, NULL, 1, 0, 0, 0.00, 0, '2026-02-02 18:04:26', '2026-02-02 18:04:26'),
(92, 91, 'single', NULL, NULL, 'NECK - Matte', 'neck-matte-20', 'SKU- SSJ184', NULL, 'SSJ184', 'SSJ00184', NULL, NULL, 1660.00, 1280.00, 1152.00, 6640.00, 6, 6, 2, NULL, NULL, '', '', NULL, NULL, 1, 0, 0, 0.00, 0, '2026-02-02 18:04:26', '2026-02-02 18:04:26'),
(93, 91, 'single', NULL, NULL, 'NECK - Matte', 'neck-matte-21', 'SKU- SSJ185', NULL, 'SSJ185', 'SSJ00185', NULL, NULL, 2450.00, 1854.00, 1668.60, 9800.00, 5, 5, 2, NULL, NULL, '', '', NULL, NULL, 1, 0, 0, 0.00, 0, '2026-02-02 18:04:26', '2026-02-02 18:04:26'),
(94, 91, 'single', NULL, NULL, 'NECK - Matte', 'neck-matte-22', 'SKU- SSJ186', NULL, 'SSJ186', 'SSJ00186', NULL, NULL, 2050.00, 1580.00, 1422.00, 8200.00, 3, 3, 2, NULL, NULL, '', '', NULL, NULL, 1, 0, 0, 0.00, 0, '2026-02-02 18:04:26', '2026-02-02 18:04:26'),
(95, 91, 'single', NULL, NULL, 'NECK CHAIN - Mehandhi Polish', 'neck-chain-mehandhi-polish', 'SKU- SSJ187', NULL, 'SSJ187', 'SSJ00187', NULL, NULL, 550.00, 423.00, 380.70, 2200.00, 77, 77, 2, NULL, NULL, '', '', NULL, NULL, 1, 0, 0, 0.00, 0, '2026-02-02 18:04:26', '2026-02-02 18:04:26'),
(96, 92, 'single', NULL, NULL, 'MALA1 - White', 'mala1-white', 'SKU- SSJ188', NULL, 'SSJ188', 'SSJ00188', NULL, NULL, 1193.00, 917.00, 825.30, 4772.00, 15, 15, 2, NULL, NULL, '', '', NULL, NULL, 1, 0, 0, 0.00, 0, '2026-02-02 18:04:26', '2026-02-02 18:04:26'),
(97, 92, 'single', NULL, NULL, 'MALA2 - White', 'mala2-white', 'SKU- SSJ189', NULL, 'SSJ189', 'SSJ00189', NULL, NULL, 1199.00, 923.00, 830.70, 4796.00, 11, 11, 2, NULL, NULL, '', '', NULL, NULL, 1, 0, 0, 0.00, 0, '2026-02-02 18:04:26', '2026-02-02 18:04:26'),
(98, 92, 'single', NULL, NULL, 'MALA3 - White', 'mala3-white', 'SKU- SSJ190', NULL, 'SSJ190', 'SSJ00190', NULL, NULL, 1460.00, 1124.00, 1011.60, 5840.00, 17, 17, 2, NULL, NULL, '', '', NULL, NULL, 1, 0, 0, 0.00, 0, '2026-02-02 18:04:26', '2026-02-02 18:04:26'),
(99, 94, 'single', NULL, NULL, 'MALA SHORT - Black Red', 'mala-short-black-red', 'SKU- SSJ193', NULL, 'SSJ193', 'SSJ00193', NULL, NULL, 1399.00, 1150.00, 1035.00, 5596.00, 7, 7, 2, NULL, NULL, '', '', NULL, NULL, 1, 0, 0, 0.00, 0, '2026-02-02 18:04:26', '2026-02-02 18:04:26'),
(100, 94, 'single', NULL, NULL, 'MALA - Sea Green', 'mala-sea-green', 'SKU- SSJ194', NULL, 'SSJ194', 'SSJ00194', NULL, NULL, 900.00, 900.00, 810.00, 3600.00, 3, 3, 2, NULL, NULL, '', '', NULL, NULL, 1, 0, 0, 0.00, 0, '2026-02-02 18:04:26', '2026-02-02 18:04:26'),
(101, 95, 'single', NULL, NULL, 'LONG - Red', 'long-red', 'SKU- SSJ199', NULL, 'SSJ199', 'SSJ00199', NULL, NULL, 550.00, 416.00, 374.40, 2200.00, 5, 5, 2, NULL, NULL, '', '', NULL, NULL, 1, 0, 0, 0.00, 0, '2026-02-02 18:04:26', '2026-02-02 18:04:26'),
(102, 94, 'single', NULL, NULL, 'LONG - Green', 'long-green', 'SKU- SSJ201', NULL, 'SSJ201', 'SSJ00201', NULL, NULL, 699.00, 699.00, 629.10, 2796.00, 1, 1, 2, NULL, NULL, '', '', NULL, NULL, 1, 0, 0, 0.00, 0, '2026-02-02 18:04:26', '2026-02-02 18:04:26'),
(103, 96, 'single', NULL, NULL, 'LONG - Yellow', 'long-yellow', 'SKU- SSJ202', NULL, 'SSJ202', 'SSJ00202', NULL, NULL, 1300.00, 1300.00, 1170.00, 5200.00, 1, 1, 2, NULL, NULL, '', '', NULL, NULL, 1, 0, 0, 0.00, 0, '2026-02-02 18:04:26', '2026-02-02 18:04:26'),
(104, 96, 'single', NULL, NULL, 'CHOWKER - Green', 'chowker-green', 'SKU- SSJ203', NULL, 'SSJ203', 'SSJ00203', NULL, NULL, 1250.00, 1110.00, 999.00, 5000.00, 1, 1, 2, NULL, NULL, '', '', NULL, NULL, 1, 0, 0, 0.00, 0, '2026-02-02 18:04:26', '2026-02-02 18:04:26'),
(105, 96, 'single', NULL, NULL, 'CHOWKER - Blue', 'chowker-blue', 'SKU- SSJ204', NULL, 'SSJ204', 'SSJ00204', NULL, NULL, 1210.00, 1080.00, 972.00, 4840.00, 1, 1, 2, NULL, NULL, '', '', NULL, NULL, 1, 0, 0, 0.00, 0, '2026-02-02 18:04:27', '2026-02-02 18:04:27'),
(106, 92, 'single', NULL, NULL, 'CHOWKER - White', 'chowker-white', 'SKU- SSJ205', NULL, 'SSJ205', 'SSJ00205', NULL, NULL, 1400.00, 1250.00, 1125.00, 5600.00, 1, 1, 2, NULL, NULL, '', '', NULL, NULL, 1, 0, 0, 0.00, 0, '2026-02-02 18:04:27', '2026-02-02 18:04:27'),
(107, 92, 'single', NULL, NULL, 'LONG - Gold Finish', 'long-gold-finish', 'SKU- SSJ206', NULL, 'SSJ206', 'SSJ00206', NULL, NULL, 880.00, 580.00, 522.00, 3520.00, 53, 53, 2, NULL, NULL, '', '', NULL, NULL, 1, 0, 0, 0.00, 0, '2026-02-02 18:04:27', '2026-02-02 18:04:27'),
(108, 84, 'single', NULL, NULL, 'LONG - Pink', 'long-pink', 'SKU- SSJ207', NULL, 'SSJ207', 'SSJ00207', NULL, NULL, 980.00, 680.00, 612.00, 3920.00, 42, 42, 2, NULL, NULL, '', '', NULL, NULL, 1, 0, 0, 0.00, 0, '2026-02-02 18:04:27', '2026-02-02 18:04:27'),
(109, 60, 'single', NULL, NULL, 'LONG - White', 'long-white', 'SKU- SSJ208', NULL, 'SSJ208', 'SSJ00208', NULL, NULL, 880.00, 610.00, 549.00, 3520.00, 50, 50, 2, NULL, NULL, '', '', NULL, NULL, 1, 0, 0, 0.00, 0, '2026-02-02 18:04:27', '2026-02-02 18:04:27'),
(110, 84, 'single', NULL, NULL, 'LONG - White', 'long-white-1', 'SKU- SSJ209', NULL, 'SSJ209', 'SSJ00209', NULL, NULL, 960.00, 670.00, 603.00, 3840.00, 16, 16, 2, NULL, NULL, '', '', NULL, NULL, 1, 0, 0, 0.00, 0, '2026-02-02 18:04:27', '2026-02-02 18:04:27'),
(111, 57, 'single', NULL, NULL, 'LONG - Matte', 'long-matte', 'SKU- SSJ210', NULL, 'SSJ210', 'SSJ00210', NULL, NULL, 1260.00, 1092.00, 982.80, 5040.00, 15, 15, 2, NULL, NULL, '', '', NULL, NULL, 1, 0, 0, 0.00, 0, '2026-02-02 18:04:27', '2026-02-02 18:04:27'),
(112, 57, 'single', NULL, NULL, 'LONG - Multi', 'long-multi', 'SKU- SSJ211', NULL, 'SSJ211', 'SSJ00211', NULL, NULL, 999.00, 650.00, 585.00, 3996.00, 12, 12, 2, NULL, NULL, '', '', NULL, NULL, 1, 0, 0, 0.00, 0, '2026-02-02 18:04:27', '2026-02-02 18:04:27'),
(113, 97, 'single', NULL, NULL, 'LONG - Matte', 'long-matte-1', 'SKU- SSJ212', NULL, 'SSJ212', 'SSJ00212', NULL, NULL, 699.00, 699.00, 629.10, 2796.00, 5, 5, 2, NULL, NULL, '', '', NULL, NULL, 1, 0, 0, 0.00, 0, '2026-02-02 18:04:27', '2026-02-02 18:04:27'),
(114, 98, 'single', NULL, NULL, 'LONG - Gold Finish', 'long-gold-finish-1', 'SKU- SSJ213', NULL, 'SSJ213', 'SSJ00213', NULL, NULL, 699.00, 532.00, 478.80, 2796.00, 71, 71, 2, NULL, NULL, '', '', NULL, NULL, 1, 0, 0, 0.00, 0, '2026-02-02 18:04:27', '2026-02-02 18:04:27'),
(115, 77, 'single', NULL, NULL, 'LONG - Matte', 'long-matte-2', 'SKU- SSJ214', NULL, 'SSJ214', 'SSJ00214', NULL, NULL, 1650.00, 1359.00, 1223.10, 6600.00, 23, 23, 2, NULL, NULL, '', '', NULL, NULL, 1, 0, 0, 0.00, 0, '2026-02-02 18:04:27', '2026-02-02 18:04:27'),
(116, 77, 'single', NULL, NULL, 'LONG - Matte', 'long-matte-3', 'SKU- SSJ215', NULL, 'SSJ215', 'SSJ00215', NULL, NULL, 1900.00, 1463.00, 1316.70, 7600.00, 20, 20, 2, NULL, NULL, '', '', NULL, NULL, 1, 0, 0, 0.00, 0, '2026-02-02 18:04:27', '2026-02-02 18:04:27'),
(117, 77, 'single', NULL, NULL, 'LONG - Matte', 'long-matte-4', 'SKU- SSJ216', NULL, 'SSJ216', 'SSJ00216', NULL, NULL, 1900.00, 1463.00, 1316.70, 7600.00, 17, 17, 2, NULL, NULL, '', '', NULL, NULL, 1, 0, 0, 0.00, 0, '2026-02-02 18:04:27', '2026-02-02 18:04:27'),
(118, 77, 'single', NULL, NULL, 'LONG - Matte', 'long-matte-5', 'SKU- SSJ217', NULL, 'SSJ217', 'SSJ00217', NULL, NULL, 1750.00, 1395.00, 1255.50, 7000.00, 29, 29, 2, NULL, NULL, '', '', NULL, NULL, 1, 0, 0, 0.00, 0, '2026-02-02 18:04:27', '2026-02-02 18:04:27'),
(119, 77, 'single', NULL, NULL, 'LONG - Matte', 'long-matte-6', 'SKU- SSJ218', NULL, 'SSJ218', 'SSJ00218', NULL, NULL, 1700.00, 1375.00, 1237.50, 6800.00, 25, 25, 2, NULL, NULL, '', '', NULL, NULL, 1, 0, 0, 0.00, 0, '2026-02-02 18:04:27', '2026-02-02 18:04:27'),
(120, 77, 'single', NULL, NULL, 'LONG - Matte', 'long-matte-7', 'SKU- SSJ219', NULL, 'SSJ219', 'SSJ00219', NULL, NULL, 1650.00, 1249.00, 1124.10, 6600.00, 7, 7, 2, NULL, NULL, '', '', NULL, NULL, 1, 0, 0, 0.00, 0, '2026-02-02 18:04:27', '2026-02-02 18:04:27'),
(121, 77, 'single', NULL, NULL, 'LONG - Matte', 'long-matte-8', 'SKU- SSJ220', NULL, 'SSJ220', 'SSJ00220', NULL, NULL, 1650.00, 1359.00, 1223.10, 6600.00, 21, 21, 2, NULL, NULL, '', '', NULL, NULL, 1, 0, 0, 0.00, 0, '2026-02-02 18:04:27', '2026-02-02 18:04:27'),
(122, 77, 'single', NULL, NULL, 'LONG - Matte', 'long-matte-9', 'SKU- SSJ221', NULL, 'SSJ221', 'SSJ00221', NULL, NULL, 2190.00, 1490.00, 1341.00, 8760.00, 2, 2, 2, NULL, NULL, '', '', NULL, NULL, 1, 0, 0, 0.00, 0, '2026-02-02 18:04:27', '2026-02-02 18:04:27'),
(123, 77, 'single', NULL, NULL, 'LONG - Matte', 'long-matte-10', 'SKU- SSJ222', NULL, 'SSJ222', 'SSJ00222', NULL, NULL, 1550.00, 1226.00, 1103.40, 6200.00, 21, 21, 2, NULL, NULL, '', '', NULL, NULL, 1, 0, 0, 0.00, 0, '2026-02-02 18:04:27', '2026-02-02 18:04:27'),
(124, 77, 'single', NULL, NULL, 'LONG - Matte', 'long-matte-11', 'SKU- SSJ223', NULL, 'SSJ223', 'SSJ00223', NULL, NULL, 1550.00, 1226.00, 1103.40, 6200.00, 18, 18, 2, NULL, NULL, '', '', NULL, NULL, 1, 0, 0, 0.00, 0, '2026-02-02 18:04:27', '2026-02-02 18:04:27'),
(125, 9, 'single', NULL, NULL, 'LONG - White', 'long-white-2', 'SKU- SSJ224', NULL, 'SSJ224', 'SSJ00224', NULL, NULL, 2600.00, 2150.00, 1935.00, 10400.00, 38, 38, 2, NULL, NULL, '', '', NULL, NULL, 1, 0, 0, 0.00, 0, '2026-02-02 18:04:27', '2026-02-02 18:04:27'),
(126, 84, 'single', NULL, NULL, 'LONG - Green', 'long-green-1', 'SKU- SSJ227', NULL, 'SSJ227', 'SSJ00227', NULL, NULL, 1419.00, 1290.00, 1161.00, 5676.00, 2, 2, 2, NULL, NULL, '', '', NULL, NULL, 1, 0, 0, 0.00, 0, '2026-02-02 18:04:27', '2026-02-02 18:04:27'),
(127, 9, 'single', NULL, NULL, 'LONG - Maroon', 'long-maroon', 'SKU- SSJ228', NULL, 'SSJ228', 'SSJ00228', NULL, NULL, 1669.00, 1600.00, 1440.00, 6676.00, 3, 3, 2, NULL, NULL, '', '', NULL, NULL, 1, 0, 0, 0.00, 0, '2026-02-02 18:04:27', '2026-02-02 18:04:27'),
(128, 9, 'single', NULL, NULL, 'LONG - Maroon', 'long-maroon-1', 'SKU- SSJ230', NULL, 'SSJ230', 'SSJ00230', NULL, NULL, 2699.00, 2190.00, 1971.00, 10796.00, 1, 1, 2, NULL, NULL, '', '', NULL, NULL, 1, 0, 0, 0.00, 0, '2026-02-02 18:04:27', '2026-02-02 18:04:27'),
(129, 9, 'single', NULL, NULL, 'LONG - Maroon', 'long-maroon-2', 'SKU- SSJ231', NULL, 'SSJ231', 'SSJ00231', NULL, NULL, 2799.00, 2200.00, 1980.00, 11196.00, 1, 1, 2, NULL, NULL, '', '', NULL, NULL, 1, 0, 0, 0.00, 0, '2026-02-02 18:04:27', '2026-02-02 18:04:27'),
(130, 9, 'single', NULL, NULL, 'LONG - Babypink', 'long-babypink', 'SKU- SSJ232', NULL, 'SSJ232', 'SSJ00232', NULL, NULL, 2800.00, 2800.00, 2520.00, 11200.00, 1, 1, 2, NULL, NULL, '', '', NULL, NULL, 1, 0, 0, 0.00, 0, '2026-02-02 18:04:27', '2026-02-02 18:04:27'),
(131, 9, 'single', NULL, NULL, 'LONG - Maroon', 'long-maroon-3', 'SKU- SSJ233', NULL, 'SSJ233', 'SSJ00233', NULL, NULL, 2200.00, 2200.00, 1980.00, 8800.00, 1, 1, 2, NULL, NULL, '', '', NULL, NULL, 1, 0, 0, 0.00, 0, '2026-02-02 18:04:27', '2026-02-02 18:04:27'),
(132, 9, 'single', NULL, NULL, 'LONG - Babypink', 'long-babypink-1', 'SKU- SSJ235', NULL, 'SSJ235', 'SSJ00235', NULL, NULL, 2499.00, 2040.00, 1836.00, 9996.00, 2, 2, 2, NULL, NULL, '', '', NULL, NULL, 1, 0, 0, 0.00, 0, '2026-02-02 18:04:28', '2026-02-02 18:04:28'),
(133, 88, 'single', NULL, NULL, 'COMBO - Pink', 'combo-pink', 'SKU- SSJ247', NULL, 'SSJ247', 'SSJ00247', NULL, NULL, 4150.00, 3350.00, 3015.00, 16600.00, 2, 2, 2, NULL, NULL, '', '', NULL, NULL, 1, 0, 0, 0.00, 0, '2026-02-02 18:04:28', '2026-02-02 18:04:28'),
(134, 88, 'single', NULL, NULL, 'COMBO - Pink', 'combo-pink-1', 'SKU- SSJ248', NULL, 'SSJ248', 'SSJ00248', NULL, NULL, 3790.00, 2990.00, 2691.00, 15160.00, 2, 2, 2, NULL, NULL, '', '', NULL, NULL, 1, 0, 0, 0.00, 0, '2026-02-02 18:04:28', '2026-02-02 18:04:28'),
(135, 88, 'single', NULL, NULL, 'COMBO - Red', 'combo-red', 'SKU- SSJ250', NULL, 'SSJ250', 'SSJ00250', NULL, NULL, 8344.00, 7280.00, 6552.00, 33376.00, 1, 1, 2, NULL, NULL, '', '', NULL, NULL, 1, 0, 0, 0.00, 0, '2026-02-02 18:04:28', '2026-02-02 18:04:28'),
(136, 90, 'single', NULL, NULL, 'LONG - Matte', 'long-matte-12', 'SKU- SSJ251', NULL, 'SSJ251', 'SSJ00251', NULL, NULL, 5890.00, 5080.00, 4572.00, 23560.00, 1, 1, 2, NULL, NULL, '', '', NULL, NULL, 1, 0, 0, 0.00, 0, '2026-02-02 18:04:28', '2026-02-02 18:04:28'),
(137, 90, 'single', NULL, NULL, 'LONG - Matte', 'long-matte-13', 'SKU- SSJ252', NULL, 'SSJ252', 'SSJ00252', NULL, NULL, 5130.00, 4446.00, 4001.40, 20520.00, 1, 1, 2, NULL, NULL, '', '', NULL, NULL, 1, 0, 0, 0.00, 0, '2026-02-02 18:04:28', '2026-02-02 18:04:28'),
(138, 90, 'single', NULL, NULL, 'LONG - Matte', 'long-matte-14', 'SKU- SSJ253', NULL, 'SSJ253', 'SSJ00253', NULL, NULL, 4750.00, 3770.00, 3393.00, 19000.00, 1, 1, 2, NULL, NULL, '', '', NULL, NULL, 1, 0, 0, 0.00, 0, '2026-02-02 18:04:28', '2026-02-02 18:04:28'),
(139, 90, 'single', NULL, NULL, 'LONG - Matte', 'long-matte-15', 'SKU- SSJ254', NULL, 'SSJ254', 'SSJ00254', NULL, NULL, 5650.00, 4510.00, 4059.00, 22600.00, 1, 1, 2, NULL, NULL, '', '', NULL, NULL, 1, 0, 0, 0.00, 0, '2026-02-02 18:04:28', '2026-02-02 18:04:28'),
(140, 90, 'single', NULL, NULL, 'LONG - Matte', 'long-matte-16', 'SKU- SSJ255', NULL, 'SSJ255', 'SSJ00255', NULL, NULL, 5650.00, 4510.00, 4059.00, 22600.00, 1, 1, 2, NULL, NULL, '', '', NULL, NULL, 1, 0, 0, 0.00, 0, '2026-02-02 18:04:28', '2026-02-02 18:04:28'),
(141, 90, 'single', NULL, NULL, 'LONG - Matte', 'long-matte-17', 'SKU- SSJ256', NULL, 'SSJ256', 'SSJ00256', NULL, NULL, 5550.00, 4430.00, 3987.00, 22200.00, 1, 1, 2, NULL, NULL, '', '', NULL, NULL, 1, 0, 0, 0.00, 0, '2026-02-02 18:04:28', '2026-02-02 18:04:28'),
(142, 90, 'single', NULL, NULL, 'LONG - Matte', 'long-matte-18', 'SKU- SSJ257', NULL, 'SSJ257', 'SSJ00257', NULL, NULL, 6880.00, 5288.00, 4759.20, 27520.00, 1, 1, 2, NULL, NULL, '', '', NULL, NULL, 1, 0, 0, 0.00, 0, '2026-02-02 18:04:28', '2026-02-02 18:04:28'),
(143, 90, 'single', NULL, NULL, 'LONG - Matte', 'long-matte-19', 'SKU- SSJ258', NULL, 'SSJ258', 'SSJ00258', NULL, NULL, 5680.00, 4890.00, 4401.00, 22720.00, 1, 1, 2, NULL, NULL, '', '', NULL, NULL, 1, 0, 0, 0.00, 0, '2026-02-02 18:04:28', '2026-02-02 18:04:28'),
(144, 90, 'single', NULL, NULL, 'LONG - Matte', 'long-matte-20', 'SKU- SSJ259', NULL, 'SSJ259', 'SSJ00259', NULL, NULL, 6880.00, 5288.00, 4759.20, 27520.00, 1, 1, 2, NULL, NULL, '', '', NULL, NULL, 1, 0, 0, 0.00, 0, '2026-02-02 18:04:28', '2026-02-02 18:04:28'),
(145, 90, 'single', NULL, NULL, 'LONG - Matte', 'long-matte-21', 'SKU- SSJ260', NULL, 'SSJ260', 'SSJ00260', NULL, NULL, 5680.00, 4980.00, 4482.00, 22720.00, 1, 1, 2, NULL, NULL, '', '', NULL, NULL, 1, 0, 0, 0.00, 0, '2026-02-02 18:04:28', '2026-02-02 18:04:28'),
(146, 90, 'single', NULL, NULL, 'LONG - Matte', 'long-matte-22', 'SKU- SSJ261', NULL, 'SSJ261', 'SSJ00261', NULL, NULL, 6090.00, 5270.00, 4743.00, 24360.00, 1, 1, 2, NULL, NULL, '', '', NULL, NULL, 1, 0, 0, 0.00, 0, '2026-02-02 18:04:28', '2026-02-02 18:04:28'),
(147, 90, 'single', NULL, NULL, 'LONG - Matte', 'long-matte-23', 'SKU- SSJ262', NULL, 'SSJ262', 'SSJ00262', NULL, NULL, 5480.00, 4570.00, 4113.00, 21920.00, 1, 1, 2, NULL, NULL, '', '', NULL, NULL, 1, 0, 0, 0.00, 0, '2026-02-02 18:04:28', '2026-02-02 18:04:28'),
(148, 90, 'single', NULL, NULL, 'LONG - Matte', 'long-matte-24', 'SKU- SSJ263', NULL, 'SSJ263', 'SSJ00263', NULL, NULL, 2295.00, 1990.00, 1791.00, 9180.00, 1, 1, 2, NULL, NULL, '', '', NULL, NULL, 1, 0, 0, 0.00, 0, '2026-02-02 18:04:28', '2026-02-02 18:04:28'),
(149, 91, 'single', NULL, NULL, 'LONG - Pink', 'long-pink-1', 'SKU- SSJ267', NULL, 'SSJ267', 'SSJ00267', NULL, NULL, 3150.00, 2425.00, 2182.50, 12600.00, 6, 6, 2, NULL, NULL, '', '', NULL, NULL, 1, 0, 0, 0.00, 0, '2026-02-02 18:04:28', '2026-02-02 18:04:28'),
(150, 91, 'single', NULL, NULL, 'LONG - Pink', 'long-pink-2', 'SKU- SSJ268', NULL, 'SSJ268', 'SSJ00268', NULL, NULL, 2550.00, 1952.00, 1756.80, 10200.00, 8, 8, 2, NULL, NULL, '', '', NULL, NULL, 1, 0, 0, 0.00, 0, '2026-02-02 18:04:28', '2026-02-02 18:04:28'),
(151, 91, 'single', NULL, NULL, 'LONG - Pink', 'long-pink-3', 'SKU- SSJ269', NULL, 'SSJ269', 'SSJ00269', NULL, NULL, 2560.00, 1965.00, 1768.50, 10240.00, 7, 7, 2, NULL, NULL, '', '', NULL, NULL, 1, 0, 0, 0.00, 0, '2026-02-02 18:04:28', '2026-02-02 18:04:28'),
(152, 91, 'single', NULL, NULL, 'LONG - Pink', 'long-pink-4', 'SKU- SSJ270', NULL, 'SSJ270', 'SSJ00270', NULL, NULL, 2550.00, 1952.00, 1756.80, 10200.00, 5, 5, 2, NULL, NULL, '', '', NULL, NULL, 1, 0, 0, 0.00, 0, '2026-02-02 18:04:28', '2026-02-02 18:04:28'),
(153, 91, 'single', NULL, NULL, 'LONG - Pink', 'long-pink-5', 'SKU- SSJ271', NULL, 'SSJ271', 'SSJ00271', NULL, NULL, 3350.00, 2555.00, 2299.50, 13400.00, 8, 8, 2, NULL, NULL, '', '', NULL, NULL, 1, 0, 0, 0.00, 0, '2026-02-02 18:04:28', '2026-02-02 18:04:28'),
(154, 91, 'single', NULL, NULL, 'LONG - Pink', 'long-pink-6', 'SKU- SSJ272', NULL, 'SSJ272', 'SSJ00272', NULL, NULL, 2660.00, 2012.00, 1810.80, 10640.00, 3, 3, 2, NULL, NULL, '', '', NULL, NULL, 1, 0, 0, 0.00, 0, '2026-02-02 18:04:28', '2026-02-02 18:04:28'),
(155, 91, 'single', NULL, NULL, 'LONG - Pink', 'long-pink-7', 'SKU- SSJ273', NULL, 'SSJ273', 'SSJ00273', NULL, NULL, 2145.00, 1650.00, 1485.00, 8580.00, 2, 2, 2, NULL, NULL, '', '', NULL, NULL, 1, 0, 0, 0.00, 0, '2026-02-02 18:04:28', '2026-02-02 18:04:28'),
(156, 100, 'single', NULL, NULL, 'LONG - Pink', 'long-pink-8', 'SKU- SSJ274', NULL, 'SSJ274', 'SSJ00274', NULL, NULL, 4550.00, 3920.00, 3528.00, 18200.00, 1, 1, 2, NULL, NULL, '', '', NULL, NULL, 1, 0, 0, 0.00, 0, '2026-02-02 18:04:28', '2026-02-02 18:04:28'),
(157, 90, 'single', NULL, NULL, 'LONG - Matte', 'long-matte-25', 'SKU- SSJ275', NULL, 'SSJ275', 'SSJ00275', NULL, NULL, 3080.00, 3080.00, 2772.00, 12320.00, 1, 1, 2, NULL, NULL, '', '', NULL, NULL, 1, 0, 0, 0.00, 0, '2026-02-02 18:04:28', '2026-02-02 18:04:28'),
(158, 90, 'single', NULL, NULL, 'LONG - Matte', 'long-matte-26', 'SKU- SSJ276', NULL, 'SSJ276', 'SSJ00276', NULL, NULL, 2550.00, 2198.00, 1978.20, 10200.00, 1, 1, 2, NULL, NULL, '', '', NULL, NULL, 1, 0, 0, 0.00, 0, '2026-02-02 18:04:29', '2026-02-02 18:04:29'),
(159, 90, 'single', NULL, NULL, 'LONG - Matte', 'long-matte-27', 'SKU- SSJ277', NULL, 'SSJ277', 'SSJ00277', NULL, NULL, 2550.00, 2198.00, 1978.20, 10200.00, 1, 1, 2, NULL, NULL, '', '', NULL, NULL, 1, 0, 0, 0.00, 0, '2026-02-02 18:04:29', '2026-02-02 18:04:29'),
(160, 90, 'single', NULL, NULL, 'LONG - Matte', 'long-matte-28', 'SKU- SSJ278', NULL, 'SSJ278', 'SSJ00278', NULL, NULL, 2730.00, 2090.00, 1881.00, 10920.00, 1, 1, 2, NULL, NULL, '', '', NULL, NULL, 1, 0, 0, 0.00, 0, '2026-02-02 18:04:29', '2026-02-02 18:04:29'),
(161, 90, 'single', NULL, NULL, 'LONG - Matte', 'long-matte-29', 'SKU- SSJ279', NULL, 'SSJ279', 'SSJ00279', NULL, NULL, 4780.00, 4095.00, 3685.50, 19120.00, 1, 1, 2, NULL, NULL, '', '', NULL, NULL, 1, 0, 0, 0.00, 0, '2026-02-02 18:04:29', '2026-02-02 18:04:29'),
(162, 101, 'single', NULL, NULL, 'HIPBELT - Victorian', 'hipbelt-victorian', 'SKU- SSJ280', NULL, 'SSJ280', 'SSJ00280', NULL, NULL, 600.00, 600.00, 540.00, 2400.00, 244, 244, 2, NULL, NULL, '', '', NULL, NULL, 1, 0, 0, 0.00, 0, '2026-02-02 18:04:29', '2026-02-02 18:04:29'),
(163, 91, 'single', NULL, NULL, 'SUNMOON - Pink', 'sunmoon-pink', 'SKU- SSJ282', NULL, 'SSJ282', 'SSJ00282', NULL, NULL, 360.00, 275.00, 247.50, 1440.00, 12, 12, 2, NULL, NULL, '', '', NULL, NULL, 1, 0, 0, 0.00, 0, '2026-02-02 18:04:29', '2026-02-02 18:04:29'),
(164, 91, 'single', NULL, NULL, 'SUNMOON - Pink', 'sunmoon-pink-1', 'SKU- SSJ283', NULL, 'SSJ283', 'SSJ00283', NULL, NULL, 320.00, 234.00, 210.60, 1280.00, 12, 12, 2, NULL, NULL, '', '', NULL, NULL, 1, 0, 0, 0.00, 0, '2026-02-02 18:04:29', '2026-02-02 18:04:29'),
(165, 91, 'single', NULL, NULL, 'SUNMOON - Pink', 'sunmoon-pink-2', 'SKU- SSJ284', NULL, 'SSJ284', 'SSJ00284', NULL, NULL, 390.00, 255.00, 229.50, 1560.00, 7, 7, 2, NULL, NULL, '', '', NULL, NULL, 1, 0, 0, 0.00, 0, '2026-02-02 18:04:29', '2026-02-02 18:04:29'),
(166, 91, 'single', NULL, NULL, 'SUNMOON - Pink', 'sunmoon-pink-3', 'SKU- SSJ285', NULL, 'SSJ285', 'SSJ00285', NULL, NULL, 550.00, 405.00, 364.50, 2200.00, 16, 16, 2, NULL, NULL, '', '', NULL, NULL, 1, 0, 0, 0.00, 0, '2026-02-02 18:04:29', '2026-02-02 18:04:29'),
(167, 91, 'single', NULL, NULL, 'SUNMOON - Pink', 'sunmoon-pink-4', 'SKU- SSJ286', NULL, 'SSJ286', 'SSJ00286', NULL, NULL, 460.00, 350.00, 315.00, 1840.00, 16, 16, 2, NULL, NULL, '', '', NULL, NULL, 1, 0, 0, 0.00, 0, '2026-02-02 18:04:29', '2026-02-02 18:04:29'),
(168, 91, 'single', NULL, NULL, 'SUNMOON - Pink', 'sunmoon-pink-5', 'SKU- SSJ287', NULL, 'SSJ287', 'SSJ00287', NULL, NULL, 580.00, 425.00, 382.50, 2320.00, 13, 13, 2, NULL, NULL, '', '', NULL, NULL, 1, 0, 0, 0.00, 0, '2026-02-02 18:04:29', '2026-02-02 18:04:29'),
(169, 91, 'single', NULL, NULL, 'SUNMOON - Multi', 'sunmoon-multi', 'SKU- SSJ288', NULL, 'SSJ288', 'SSJ00288', NULL, NULL, 390.00, 299.00, 269.10, 1560.00, 19, 19, 2, NULL, NULL, '', '', NULL, NULL, 1, 0, 0, 0.00, 0, '2026-02-02 18:04:29', '2026-02-02 18:04:29'),
(170, 91, 'single', NULL, NULL, 'SUNMOON - Multi', 'sunmoon-multi-1', 'SKU- SSJ289', NULL, 'SSJ289', 'SSJ00289', NULL, NULL, 330.00, 240.00, 216.00, 1320.00, 14, 14, 2, NULL, NULL, '', '', NULL, NULL, 1, 0, 0, 0.00, 0, '2026-02-02 18:04:29', '2026-02-02 18:04:29'),
(171, 57, 'single', NULL, NULL, 'COMBO - Gold Finish', 'combo-gold-finish', 'SKU- SSJ292', NULL, 'SSJ292', 'SSJ00292', NULL, NULL, 1800.00, 1080.00, 972.00, 7200.00, 83, 83, 2, NULL, NULL, '', '', NULL, NULL, 1, 0, 0, 0.00, 0, '2026-02-02 18:04:29', '2026-02-02 18:04:29'),
(172, 104, 'single', NULL, NULL, 'COMBO - Gold Finish', 'combo-gold-finish-1', 'SKU- SSJ293', NULL, 'SSJ293', 'SSJ00293', NULL, NULL, 720.00, 720.00, 648.00, 2880.00, 36, 36, 2, NULL, NULL, '', '', NULL, NULL, 1, 0, 0, 0.00, 0, '2026-02-02 18:04:29', '2026-02-02 18:04:29'),
(173, 104, 'single', NULL, NULL, 'COMBO - Gold Finish', 'combo-gold-finish-2', 'SKU- SSJ294', NULL, 'SSJ294', 'SSJ00294', NULL, NULL, 1300.00, 715.00, 643.50, 5200.00, 67, 67, 2, NULL, NULL, '', '', NULL, NULL, 1, 0, 0, 0.00, 0, '2026-02-02 18:04:29', '2026-02-02 18:04:29'),
(174, 57, 'single', NULL, NULL, 'COMBO - Matte', 'combo-matte', 'SKU- SSJ295', NULL, 'SSJ295', 'SSJ00295', NULL, NULL, 1300.00, 1300.00, 1170.00, 5200.00, 9, 9, 2, NULL, NULL, '', '', NULL, NULL, 1, 0, 0, 0.00, 0, '2026-02-02 18:04:29', '2026-02-02 18:04:29'),
(175, 90, 'single', NULL, NULL, 'COMBO - Matte', 'combo-matte-1', 'SKU- SSJ296', NULL, 'SSJ296', 'SSJ00296', NULL, NULL, 1800.00, 1800.00, 1620.00, 7200.00, 63, 63, 2, NULL, NULL, '', '', NULL, NULL, 1, 0, 0, 0.00, 0, '2026-02-02 18:04:29', '2026-02-02 18:04:29'),
(176, 57, 'single', NULL, NULL, 'COMBO - Gold Finish', 'combo-gold-finish-3', 'SKU- SSJ297', NULL, 'SSJ297', 'SSJ00297', NULL, NULL, 1400.00, 897.00, 807.30, 5600.00, 15, 15, 2, NULL, NULL, '', '', NULL, NULL, 1, 0, 0, 0.00, 0, '2026-02-02 18:04:29', '2026-02-02 18:04:29'),
(177, 57, 'single', NULL, NULL, 'COMBO - Gold Finish', 'combo-gold-finish-4', 'SKU- SSJ298', NULL, 'SSJ298', 'SSJ00298', NULL, NULL, 1400.00, 897.00, 807.30, 5600.00, 10, 10, 2, NULL, NULL, '', '', NULL, NULL, 1, 0, 0, 0.00, 0, '2026-02-02 18:04:29', '2026-02-02 18:04:29'),
(178, 84, 'single', NULL, NULL, 'COMBO - Matte', 'combo-matte-2', 'SKU- SSJ299', NULL, 'SSJ299', 'SSJ00299', NULL, NULL, 1600.00, 1020.00, 918.00, 6400.00, 9, 9, 2, NULL, NULL, '', '', NULL, NULL, 1, 0, 0, 0.00, 0, '2026-02-02 18:04:29', '2026-02-02 18:04:29'),
(179, 60, 'single', NULL, NULL, 'COMBO - Matte', 'combo-matte-3', 'SKU- SSJ300', NULL, 'SSJ300', 'SSJ00300', NULL, NULL, 1100.00, 980.00, 882.00, 4400.00, 3, 3, 2, NULL, NULL, '', '', NULL, NULL, 1, 0, 0, 0.00, 0, '2026-02-02 18:04:29', '2026-02-02 18:04:29'),
(180, 57, 'single', NULL, NULL, 'COMBO - Matte', 'combo-matte-4', 'SKU- SSJ301', NULL, 'SSJ301', 'SSJ00301', NULL, NULL, 3250.00, 2590.00, 2331.00, 13000.00, 8, 8, 2, NULL, NULL, '', '', NULL, NULL, 1, 0, 0, 0.00, 0, '2026-02-02 18:04:29', '2026-02-02 18:04:29'),
(181, 84, 'single', NULL, NULL, 'COMBO - Matte', 'combo-matte-5', 'SKU- SSJ302', NULL, 'SSJ302', 'SSJ00302', NULL, NULL, 3350.00, 2650.00, 2385.00, 13400.00, 9, 9, 2, NULL, NULL, '', '', NULL, NULL, 1, 0, 0, 0.00, 0, '2026-02-02 18:04:29', '2026-02-02 18:04:29'),
(182, 84, 'single', NULL, NULL, 'COMBO - Matte', 'combo-matte-6', 'SKU- SSJ303', NULL, 'SSJ303', 'SSJ00303', NULL, NULL, 3280.00, 2620.00, 2358.00, 13120.00, 3, 3, 2, NULL, NULL, '', '', NULL, NULL, 1, 0, 0, 0.00, 0, '2026-02-02 18:04:29', '2026-02-02 18:04:29'),
(183, 84, 'single', NULL, NULL, 'COMBO - Matte', 'combo-matte-7', 'SKU- SSJ304', NULL, 'SSJ304', 'SSJ00304', NULL, NULL, 3899.00, 3110.00, 2799.00, 15596.00, 3, 3, 2, NULL, NULL, '', '', NULL, NULL, 1, 0, 0, 0.00, 0, '2026-02-02 18:04:29', '2026-02-02 18:04:29'),
(184, 84, 'single', NULL, NULL, 'COMBO - Matte', 'combo-matte-8', 'SKU- SSJ305', NULL, 'SSJ305', 'SSJ00305', NULL, NULL, 3890.00, 2980.00, 2682.00, 15560.00, 2, 2, 2, NULL, NULL, '', '', NULL, NULL, 1, 0, 0, 0.00, 0, '2026-02-02 18:04:29', '2026-02-02 18:04:29'),
(185, 84, 'single', NULL, NULL, 'COMBO - Matte', 'combo-matte-9', 'SKU- SSJ306', NULL, 'SSJ306', 'SSJ00306', NULL, NULL, 3150.00, 2490.00, 2241.00, 12600.00, 2, 2, 2, NULL, NULL, '', '', NULL, NULL, 1, 0, 0, 0.00, 0, '2026-02-02 18:04:29', '2026-02-02 18:04:29'),
(186, 84, 'single', NULL, NULL, 'COMBO - Matte', 'combo-matte-10', 'SKU- SSJ307', NULL, 'SSJ307', 'SSJ00307', NULL, NULL, 3699.00, 2960.00, 2664.00, 14796.00, 4, 4, 2, NULL, NULL, '', '', NULL, NULL, 1, 0, 0, 0.00, 0, '2026-02-02 18:04:29', '2026-02-02 18:04:29'),
(187, 60, 'single', NULL, NULL, 'COMBO - Matte', 'combo-matte-11', 'SKU- SSJ308', NULL, 'SSJ308', 'SSJ00308', NULL, NULL, 1850.00, 1230.00, 1107.00, 7400.00, 2, 2, 2, NULL, NULL, '', '', NULL, NULL, 1, 0, 0, 0.00, 0, '2026-02-02 18:04:30', '2026-02-02 18:04:30'),
(188, 84, 'single', NULL, NULL, 'COMBO - Matte', 'combo-matte-12', 'SKU- SSJ309', NULL, 'SSJ309', 'SSJ00309', NULL, NULL, 3699.00, 2960.00, 2664.00, 14796.00, 3, 3, 2, NULL, NULL, '', '', NULL, NULL, 1, 0, 0, 0.00, 0, '2026-02-02 18:04:30', '2026-02-02 18:04:30'),
(189, 105, 'single', NULL, NULL, 'COMBO - Matte', 'combo-matte-13', 'SKU- SSJ310', NULL, 'SSJ310', 'SSJ00310', NULL, NULL, 1390.00, 1390.00, 1251.00, 5560.00, 4, 4, 2, NULL, NULL, '', '', NULL, NULL, 1, 0, 0, 0.00, 0, '2026-02-02 18:04:30', '2026-02-02 18:04:30');
INSERT INTO `products` (`id`, `category_id`, `product_type`, `parent_id`, `brand_id`, `name`, `slug`, `sku`, `item_code`, `tags`, `barcode`, `hsn_code`, `warranty_months`, `price`, `wholesale_price`, `purchase_price`, `mrp`, `opening_stock`, `current_stock`, `unit_id`, `tax_id`, `tax_rate_snapshot`, `short_desc`, `long_desc`, `image_path`, `image`, `is_active`, `is_featured`, `is_prebooking`, `avg_rating`, `rating_count`, `created_at`, `updated_at`) VALUES
(190, 106, 'single', NULL, NULL, 'COMBO - Gold Finish', 'combo-gold-finish-5', 'SKU- SSJ311', NULL, 'SSJ311', 'SSJ00311', NULL, NULL, 999.00, 999.00, 899.10, 3996.00, 12, 12, 2, NULL, NULL, '', '', NULL, NULL, 1, 0, 0, 0.00, 0, '2026-02-02 18:04:30', '2026-02-02 18:04:30'),
(191, 57, 'single', NULL, NULL, 'COMBO - Matte', 'combo-matte-14', 'SKU- SSJ312', NULL, 'SSJ312', 'SSJ00312', NULL, NULL, 2450.00, 1960.00, 1764.00, 9800.00, 119, 119, 2, NULL, NULL, '', '', NULL, NULL, 1, 0, 0, 0.00, 0, '2026-02-02 18:04:30', '2026-02-02 18:04:30'),
(192, 77, 'single', NULL, NULL, 'COMBO - Matte', 'combo-matte-15', 'SKU- SSJ313', NULL, 'SSJ313', 'SSJ00313', NULL, NULL, 1200.00, 1200.00, 1080.00, 4800.00, 47, 47, 2, NULL, NULL, '', '', NULL, NULL, 1, 0, 0, 0.00, 0, '2026-02-02 18:04:30', '2026-02-02 18:04:30'),
(193, 104, 'single', NULL, NULL, 'COMBO - Matte', 'combo-matte-16', 'SKU- SSJ314', NULL, 'SSJ314', 'SSJ00314', NULL, NULL, 1800.00, 1800.00, 1620.00, 7200.00, 50, 50, 2, NULL, NULL, '', '', NULL, NULL, 1, 0, 0, 0.00, 0, '2026-02-02 18:04:30', '2026-02-02 18:04:30'),
(194, 57, 'single', NULL, NULL, 'COMBO - Matte', 'combo-matte-17', 'SKU- SSJ315', NULL, 'SSJ315', 'SSJ00315', NULL, NULL, 1100.00, 1100.00, 990.00, 4400.00, 9, 9, 2, NULL, NULL, '', '', NULL, NULL, 1, 0, 0, 0.00, 0, '2026-02-02 18:04:30', '2026-02-02 18:04:30'),
(195, 107, 'single', NULL, NULL, 'LOCKET - Laxmi', 'locket-laxmi', 'SKU- SSJ316', NULL, 'SSJ316', 'SSJ00316', NULL, NULL, 400.00, 325.00, 292.50, 1600.00, 45, 45, 2, NULL, NULL, '', '', NULL, NULL, 1, 0, 0, 0.00, 0, '2026-02-02 18:04:30', '2026-02-02 18:04:30'),
(196, 107, 'single', NULL, NULL, 'LOCKET - Laxmi', 'locket-laxmi-1', 'SKU- SSJ317', NULL, 'SSJ317', 'SSJ00317', NULL, NULL, 400.00, 325.00, 292.50, 1600.00, 48, 48, 2, NULL, NULL, '', '', NULL, NULL, 1, 0, 0, 0.00, 0, '2026-02-02 18:04:30', '2026-02-02 18:04:30'),
(197, 107, 'single', NULL, NULL, 'LOCKET - Laxmi', 'locket-laxmi-2', 'SKU- SSJ318', NULL, 'SSJ318', 'SSJ00318', NULL, NULL, 400.00, 325.00, 292.50, 1600.00, 49, 49, 2, NULL, NULL, '', '', NULL, NULL, 1, 0, 0, 0.00, 0, '2026-02-02 18:04:30', '2026-02-02 18:04:30'),
(198, 107, 'single', NULL, NULL, 'LOCKET - Green', 'locket-green', 'SKU- SSJ319', NULL, 'SSJ319', 'SSJ00319', NULL, NULL, 400.00, 325.00, 292.50, 1600.00, 49, 49, 2, NULL, NULL, '', '', NULL, NULL, 1, 0, 0, 0.00, 0, '2026-02-02 18:04:30', '2026-02-02 18:04:30'),
(199, 107, 'single', NULL, NULL, 'LOCKET - Green', 'locket-green-1', 'SKU- SSJ320', NULL, 'SSJ320', 'SSJ00320', NULL, NULL, 400.00, 325.00, 292.50, 1600.00, 46, 46, 2, NULL, NULL, '', '', NULL, NULL, 1, 0, 0, 0.00, 0, '2026-02-02 18:04:30', '2026-02-02 18:04:30'),
(200, 107, 'single', NULL, NULL, 'LOCKET - Venkateshwara Swammy', 'locket-venkateshwara-swammy', 'SKU- SSJ321', NULL, 'SSJ321', 'SSJ00321', NULL, NULL, 400.00, 325.00, 292.50, 1600.00, 47, 47, 2, NULL, NULL, '', '', NULL, NULL, 1, 0, 0, 0.00, 0, '2026-02-02 18:04:30', '2026-02-02 18:04:30'),
(201, 107, 'single', NULL, NULL, 'LOCKET - Laxmi', 'locket-laxmi-3', 'SKU- SSJ322', NULL, 'SSJ322', 'SSJ00322', NULL, NULL, 400.00, 325.00, 292.50, 1600.00, 48, 48, 2, NULL, NULL, '', '', NULL, NULL, 1, 0, 0, 0.00, 0, '2026-02-02 18:04:30', '2026-02-02 18:04:30'),
(202, 107, 'single', NULL, NULL, 'LOCKET - Venkateshwara Swammy', 'locket-venkateshwara-swammy-1', 'SKU- SSJ323', NULL, 'SSJ323', 'SSJ00323', NULL, NULL, 400.00, 325.00, 292.50, 1600.00, 48, 48, 2, NULL, NULL, '', '', NULL, NULL, 1, 0, 0, 0.00, 0, '2026-02-02 18:04:30', '2026-02-02 18:04:30'),
(203, 107, 'single', NULL, NULL, 'LOCKET - Narashimha Swammy', 'locket-narashimha-swammy', 'SKU- SSJ324', NULL, 'SSJ324', 'SSJ00324', NULL, NULL, 400.00, 325.00, 292.50, 1600.00, 45, 45, 2, NULL, NULL, '', '', NULL, NULL, 1, 0, 0, 0.00, 0, '2026-02-02 18:04:30', '2026-02-02 18:04:30'),
(204, 107, 'single', NULL, NULL, 'LOCKET - Narashimha Swammy', 'locket-narashimha-swammy-1', 'SKU- SSJ325', NULL, 'SSJ325', 'SSJ00325', NULL, NULL, 400.00, 325.00, 292.50, 1600.00, 51, 51, 2, NULL, NULL, '', '', NULL, NULL, 1, 0, 0, 0.00, 0, '2026-02-02 18:04:30', '2026-02-02 18:04:30'),
(205, 107, 'single', NULL, NULL, 'LOCKET - Laxmi', 'locket-laxmi-4', 'SKU- SSJ326', NULL, 'SSJ326', 'SSJ00326', NULL, NULL, 899.00, 720.00, 648.00, 3596.00, 11, 11, 2, NULL, NULL, '', '', NULL, NULL, 1, 0, 0, 0.00, 0, '2026-02-02 18:04:30', '2026-02-02 18:04:30'),
(206, 107, 'single', NULL, NULL, 'LOCKET - Ganesh', 'locket-ganesh', 'SKU- SSJ327', NULL, 'SSJ327', 'SSJ00327', NULL, NULL, 699.00, 600.00, 540.00, 2796.00, 5, 5, 2, NULL, NULL, '', '', NULL, NULL, 1, 0, 0, 0.00, 0, '2026-02-02 18:04:30', '2026-02-02 18:04:30'),
(207, 107, 'single', NULL, NULL, 'LOCKET - Laxmi', 'locket-laxmi-5', 'SKU- SSJ328', NULL, 'SSJ328', 'SSJ00328', NULL, NULL, 799.00, 650.00, 585.00, 3196.00, 3, 3, 2, NULL, NULL, '', '', NULL, NULL, 1, 0, 0, 0.00, 0, '2026-02-02 18:04:30', '2026-02-02 18:04:30'),
(208, 107, 'single', NULL, NULL, 'LOCKET - Laxmi', 'locket-laxmi-6', 'SKU- SSJ329', NULL, 'SSJ329', 'SSJ00329', NULL, NULL, 750.00, 643.00, 578.70, 3000.00, 8, 8, 2, NULL, NULL, '', '', NULL, NULL, 1, 0, 0, 0.00, 0, '2026-02-02 18:04:30', '2026-02-02 18:04:30'),
(209, 107, 'single', NULL, NULL, 'LOCKET - Shiva Parvathi', 'locket-shiva-parvathi', 'SKU- SSJ330', NULL, 'SSJ330', 'SSJ00330', NULL, NULL, 750.00, 643.00, 578.70, 3000.00, 6, 6, 2, NULL, NULL, '', '', NULL, NULL, 1, 0, 0, 0.00, 0, '2026-02-02 18:04:30', '2026-02-02 18:04:30'),
(210, 110, 'single', NULL, NULL, 'JUMKAS - Cz Stone', 'jumkas-cz-stone', 'SKU- SSJ334', NULL, 'SSJ334', 'SSJ00334', NULL, NULL, 250.00, 190.00, 171.00, 1000.00, 52, 52, 2, NULL, NULL, '', '', NULL, NULL, 1, 0, 0, 0.00, 0, '2026-02-02 18:04:30', '2026-02-02 18:04:30'),
(211, 108, 'single', NULL, NULL, 'JUMKAS - Green', 'jumkas-green', 'SKU- SSJ337', NULL, 'SSJ337', 'SSJ00337', NULL, NULL, 330.00, 195.00, 175.50, 1320.00, 19, 19, 2, NULL, NULL, '', '', NULL, NULL, 1, 0, 0, 0.00, 0, '2026-02-02 18:04:30', '2026-02-02 18:04:30'),
(212, 90, 'single', NULL, NULL, 'JUMKAS - Green', 'jumkas-green-1', 'SKU- SSJ343', NULL, 'SSJ343', 'SSJ00343', NULL, NULL, 350.00, 220.00, 198.00, 1400.00, 9, 9, 2, NULL, NULL, '', '', NULL, NULL, 1, 0, 0, 0.00, 0, '2026-02-02 18:04:30', '2026-02-02 18:04:30'),
(213, 112, 'single', NULL, NULL, 'JUMKAS - Pink', 'jumkas-pink', 'SKU- SSJ346', NULL, 'SSJ346', 'SSJ00346', NULL, NULL, 420.00, 364.00, 327.60, 1680.00, 44, 44, 2, NULL, NULL, '', '', NULL, NULL, 1, 0, 0, 0.00, 0, '2026-02-02 18:04:30', '2026-02-02 18:04:30'),
(214, 113, 'single', NULL, NULL, 'JUMKAS - Pink', 'jumkas-pink-1', 'SKU- SSJ347', NULL, 'SSJ347', 'SSJ00347', NULL, NULL, 550.00, 446.00, 401.40, 2200.00, 22, 22, 2, NULL, NULL, '', '', NULL, NULL, 1, 0, 0, 0.00, 0, '2026-02-02 18:04:30', '2026-02-02 18:04:30'),
(215, 70, 'single', NULL, NULL, 'JUMKAS - Pink', 'jumkas-pink-2', 'SKU- SSJ348', NULL, 'SSJ348', 'SSJ00348', NULL, NULL, 499.00, 395.00, 355.50, 1996.00, 11, 11, 2, NULL, NULL, '', '', NULL, NULL, 1, 0, 0, 0.00, 0, '2026-02-02 18:04:30', '2026-02-02 18:04:30'),
(216, 114, 'single', NULL, NULL, 'JUMKAS - Cz Stone', 'jumkas-cz-stone-1', 'SKU- SSJ349', NULL, 'SSJ349', 'SSJ00349', NULL, NULL, 299.00, 249.00, 224.10, 1196.00, 9, 9, 2, NULL, NULL, '', '', NULL, NULL, 1, 0, 0, 0.00, 0, '2026-02-02 18:04:30', '2026-02-02 18:04:30'),
(217, 91, 'single', NULL, NULL, 'JUMKAS - Pink', 'jumkas-pink-3', 'SKU- SSJ350', NULL, 'SSJ350', 'SSJ00350', NULL, NULL, 440.00, 356.00, 320.40, 1760.00, 6, 6, 2, NULL, NULL, '', '', NULL, NULL, 1, 0, 0, 0.00, 0, '2026-02-02 18:04:30', '2026-02-02 18:04:30'),
(218, 113, 'single', NULL, NULL, 'JUMKAS - Pink', 'jumkas-pink-4', 'SKU- SSJ351', NULL, 'SSJ351', 'SSJ00351', NULL, NULL, 520.00, 405.00, 364.50, 2080.00, 7, 7, 2, NULL, NULL, '', '', NULL, NULL, 1, 0, 0, 0.00, 0, '2026-02-02 18:04:30', '2026-02-02 18:04:30'),
(219, 115, 'single', NULL, NULL, 'JUMKAS - Pink', 'jumkas-pink-5', 'SKU- SSJ352', NULL, 'SSJ352', 'SSJ00352', NULL, NULL, 390.00, 330.00, 297.00, 1560.00, 24, 24, 2, NULL, NULL, '', '', NULL, NULL, 1, 0, 0, 0.00, 0, '2026-02-02 18:04:31', '2026-02-02 18:04:31'),
(220, 90, 'single', NULL, NULL, 'JUMKAS - Matte', 'jumkas-matte', 'SKU- SSJ353', NULL, 'SSJ353', 'SSJ00353', NULL, NULL, 300.00, 220.00, 198.00, 1200.00, 43, 43, 2, NULL, NULL, '', '', NULL, NULL, 1, 0, 0, 0.00, 0, '2026-02-02 18:04:31', '2026-02-02 18:04:31'),
(221, 70, 'single', NULL, NULL, 'JUMKAS - Pink', 'jumkas-pink-6', 'SKU- SSJ355', NULL, 'SSJ355', 'SSJ00355', NULL, NULL, 499.00, 499.00, 449.10, 1996.00, 7, 7, 2, NULL, NULL, '', '', NULL, NULL, 1, 0, 0, 0.00, 0, '2026-02-02 18:04:31', '2026-02-02 18:04:31'),
(222, 113, 'single', NULL, NULL, 'EARRINGS - Pink', 'earrings-pink', 'SKU- SSJ356', NULL, 'SSJ356', 'SSJ00356', NULL, NULL, 390.00, 280.00, 252.00, 1560.00, 11, 11, 2, NULL, NULL, '', '', NULL, NULL, 1, 0, 0, 0.00, 0, '2026-02-02 18:04:31', '2026-02-02 18:04:31'),
(223, 113, 'single', NULL, NULL, 'EARRINGS - Matte', 'earrings-matte', 'SKU- SSJ357', NULL, 'SSJ357', 'SSJ00357', NULL, NULL, 660.00, 550.00, 495.00, 2640.00, 5, 5, 2, NULL, NULL, '', '', NULL, NULL, 1, 0, 0, 0.00, 0, '2026-02-02 18:04:31', '2026-02-02 18:04:31'),
(224, 113, 'single', NULL, NULL, 'EARRINGS - Pink', 'earrings-pink-1', 'SKU- SSJ358', NULL, 'SSJ358', 'SSJ00358', NULL, NULL, 450.00, 338.00, 304.20, 1800.00, 13, 13, 2, NULL, NULL, '', '', NULL, NULL, 1, 0, 0, 0.00, 0, '2026-02-02 18:04:31', '2026-02-02 18:04:31'),
(225, 113, 'single', NULL, NULL, 'EARRINGS - Matte', 'earrings-matte-1', 'SKU- SSJ359', NULL, 'SSJ359', 'SSJ00359', NULL, NULL, 320.00, 235.00, 211.50, 1280.00, 87, 87, 2, NULL, NULL, '', '', NULL, NULL, 1, 0, 0, 0.00, 0, '2026-02-02 18:04:31', '2026-02-02 18:04:31'),
(226, 113, 'single', NULL, NULL, 'EARRINGS - Matte', 'earrings-matte-2', 'SKU- SSJ360', NULL, 'SSJ360', 'SSJ00360', NULL, NULL, 320.00, 235.00, 211.50, 1280.00, 4, 4, 2, NULL, NULL, '', '', NULL, NULL, 1, 0, 0, 0.00, 0, '2026-02-02 18:04:31', '2026-02-02 18:04:31'),
(227, 116, 'single', NULL, NULL, 'JUMKAS - Pink', 'jumkas-pink-7', 'SKU- SSJ361', NULL, 'SSJ361', 'SSJ00361', NULL, NULL, 490.00, 490.00, 441.00, 1960.00, 12, 12, 2, NULL, NULL, '', '', NULL, NULL, 1, 0, 0, 0.00, 0, '2026-02-02 18:04:31', '2026-02-02 18:04:31'),
(228, 91, 'single', NULL, NULL, 'JUMKAS - Pink', 'jumkas-pink-8', 'SKU- SSJ362', NULL, 'SSJ362', 'SSJ00362', NULL, NULL, 450.00, 360.00, 324.00, 1800.00, 117, 117, 2, NULL, NULL, '', '', NULL, NULL, 1, 0, 0, 0.00, 0, '2026-02-02 18:04:31', '2026-02-02 18:04:31'),
(229, 117, 'single', NULL, NULL, 'STUDS - Cz Stone', 'studs-cz-stone', 'SKU- SSJ365', NULL, 'SSJ365,SSJ366', 'SSJ00365', NULL, NULL, 250.00, 180.00, 162.00, 1000.00, 665, 665, 2, NULL, NULL, '', '', NULL, NULL, 1, 0, 0, 0.00, 0, '2026-02-02 18:04:31', '2026-02-02 18:04:31'),
(230, 57, 'single', NULL, NULL, 'STUDS - Matte', 'studs-matte', 'SKU- SSJ367', NULL, 'SSJ367', 'SSJ00367', NULL, NULL, 180.00, 120.00, 108.00, 720.00, 35, 35, 2, NULL, NULL, '', '', NULL, NULL, 1, 0, 0, 0.00, 0, '2026-02-02 18:04:31', '2026-02-02 18:04:31'),
(231, 57, 'single', NULL, NULL, 'STUDS - Matte', 'studs-matte-1', 'SKU- SSJ368', NULL, 'SSJ368', 'SSJ00368', NULL, NULL, 99.00, 85.00, 76.50, 396.00, 45, 45, 2, NULL, NULL, '', '', NULL, NULL, 1, 0, 0, 0.00, 0, '2026-02-02 18:04:31', '2026-02-02 18:04:31'),
(232, 84, 'single', NULL, NULL, 'DROPS - 36', 'drops-36', 'SKU- SSJ369', NULL, 'SSJ369', 'SSJ00369', NULL, NULL, 70.00, 70.00, 63.00, 280.00, 45, 45, 2, NULL, NULL, '', '', NULL, NULL, 1, 0, 0, 0.00, 0, '2026-02-02 18:04:31', '2026-02-02 18:04:31'),
(233, 118, 'single', NULL, NULL, 'STUDS - Cz Stone', 'studs-cz-stone-1', 'SKU- SSJ370', NULL, 'SSJ370', 'SSJ00370', NULL, NULL, 70.00, 45.00, 40.50, 280.00, 236, 236, 2, NULL, NULL, '', '', NULL, NULL, 1, 0, 0, 0.00, 0, '2026-02-02 18:04:31', '2026-02-02 18:04:31'),
(234, 119, 'single', NULL, NULL, 'STUDS - Cz Stone', 'studs-cz-stone-2', 'SKU- SSJ371', NULL, 'SSJ371', 'SSJ00371', NULL, NULL, 250.00, 175.00, 157.50, 1000.00, 7, 7, 2, NULL, NULL, '', '', NULL, NULL, 1, 0, 0, 0.00, 0, '2026-02-02 18:04:31', '2026-02-02 18:04:31'),
(235, 113, 'single', NULL, NULL, 'EARRINGS - Matte', 'earrings-matte-3', 'SKU- SSJ373', NULL, 'SSJ373', 'SSJ00373', NULL, NULL, 150.00, 150.00, 135.00, 600.00, 6, 6, 2, NULL, NULL, '', '', NULL, NULL, 1, 0, 0, 0.00, 0, '2026-02-02 18:04:31', '2026-02-02 18:04:31'),
(236, 9, 'single', NULL, NULL, 'EARRINGS - White', 'earrings-white', 'SKU- SSJ374', NULL, 'SSJ374', 'SSJ00374', NULL, NULL, 200.00, 200.00, 180.00, 800.00, 2, 2, 2, NULL, NULL, '', '', NULL, NULL, 1, 0, 0, 0.00, 0, '2026-02-02 18:04:31', '2026-02-02 18:04:31'),
(237, 121, 'single', NULL, NULL, 'EARRINGS - White', 'earrings-white-1', 'SKU- SSJ376', NULL, 'SSJ376', 'SSJ00376', NULL, NULL, 180.00, 130.00, 117.00, 720.00, 1, 1, 2, NULL, NULL, '', '', NULL, NULL, 1, 0, 0, 0.00, 0, '2026-02-02 18:04:31', '2026-02-02 18:04:31'),
(238, 57, 'single', NULL, NULL, 'EARRINGS - Matte', 'earrings-matte-4', 'SKU- SSJ377', NULL, 'SSJ377', 'SSJ00377', NULL, NULL, 100.00, 100.00, 90.00, 400.00, 1, 1, 2, NULL, NULL, '', '', NULL, NULL, 1, 0, 0, 0.00, 0, '2026-02-02 18:04:31', '2026-02-02 18:04:31'),
(239, 57, 'single', NULL, NULL, 'STUDS - Matte', 'studs-matte-2', 'SKU- SSJ378', NULL, 'SSJ378', 'SSJ00378', NULL, NULL, 100.00, 100.00, 90.00, 400.00, 1, 1, 2, NULL, NULL, '', '', NULL, NULL, 1, 0, 0, 0.00, 0, '2026-02-02 18:04:31', '2026-02-02 18:04:31'),
(240, 90, 'single', NULL, NULL, 'TIKKA - Cz Stone', 'tikka-cz-stone', 'SKU- SSJ379', NULL, 'SSJ379', 'SSJ00379', NULL, NULL, 350.00, 175.00, 157.50, 1400.00, 629, 629, 2, NULL, NULL, '', '', NULL, NULL, 1, 0, 0, 0.00, 0, '2026-02-02 18:04:31', '2026-02-02 18:04:31'),
(241, 110, 'single', NULL, NULL, 'TIKKA - Cz Stone', 'tikka-cz-stone-1', 'SKU- SSJ380', NULL, 'SSJ380', 'SSJ00380', NULL, NULL, 199.00, 95.00, 85.50, 796.00, 260, 260, 2, NULL, NULL, '', '', NULL, NULL, 1, 0, 0, 0.00, 0, '2026-02-02 18:04:31', '2026-02-02 18:04:31'),
(242, 90, 'single', NULL, NULL, 'TIKKA - Matte', 'tikka-matte', 'SKU- SSJ382', NULL, 'SSJ382', 'SSJ00382', NULL, NULL, 450.00, 293.00, 263.70, 1800.00, 8, 8, 2, NULL, NULL, '', '', NULL, NULL, 1, 0, 0, 0.00, 0, '2026-02-02 18:04:31', '2026-02-02 18:04:31'),
(243, 90, 'single', NULL, NULL, 'TIKKA - Matte', 'tikka-matte-1', 'SKU- SSJ383', NULL, 'SSJ383', 'SSJ00383', NULL, NULL, 599.00, 520.00, 468.00, 2396.00, 3, 3, 2, NULL, NULL, '', '', NULL, NULL, 1, 0, 0, 0.00, 0, '2026-02-02 18:04:31', '2026-02-02 18:04:31'),
(244, 90, 'single', NULL, NULL, 'TIKKA - Matte', 'tikka-matte-2', 'SKU- SSJ384', NULL, 'SSJ384', 'SSJ00384', NULL, NULL, 490.00, 340.00, 306.00, 1960.00, 3, 3, 2, NULL, NULL, '', '', NULL, NULL, 1, 0, 0, 0.00, 0, '2026-02-02 18:04:31', '2026-02-02 18:04:31'),
(245, 90, 'single', NULL, NULL, 'TIKKA - Matte', 'tikka-matte-3', 'SKU- SSJ385', NULL, 'SSJ385', 'SSJ00385', NULL, NULL, 450.00, 390.00, 351.00, 1800.00, 4, 4, 2, NULL, NULL, '', '', NULL, NULL, 1, 0, 0, 0.00, 0, '2026-02-02 18:04:31', '2026-02-02 18:04:31'),
(246, 90, 'single', NULL, NULL, 'TIKKA - Matte', 'tikka-matte-4', 'SKU- SSJ386', NULL, 'SSJ386', 'SSJ00386', NULL, NULL, 890.00, 667.00, 600.30, 3560.00, 3, 3, 2, NULL, NULL, '', '', NULL, NULL, 1, 0, 0, 0.00, 0, '2026-02-02 18:04:31', '2026-02-02 18:04:31'),
(247, 90, 'single', NULL, NULL, 'TIKKA - Matte', 'tikka-matte-5', 'SKU- SSJ387', NULL, 'SSJ387', 'SSJ00387', NULL, NULL, 490.00, 340.00, 306.00, 1960.00, 6, 6, 2, NULL, NULL, '', '', NULL, NULL, 1, 0, 0, 0.00, 0, '2026-02-02 18:04:31', '2026-02-02 18:04:31'),
(248, 90, 'single', NULL, NULL, 'TIKKA - Matte', 'tikka-matte-6', 'SKU- SSJ388', NULL, 'SSJ388', 'SSJ00388', NULL, NULL, 699.00, 560.00, 504.00, 2796.00, 2, 2, 2, NULL, NULL, '', '', NULL, NULL, 1, 0, 0, 0.00, 0, '2026-02-02 18:04:31', '2026-02-02 18:04:31'),
(249, 90, 'single', NULL, NULL, 'TIKKA - Matte', 'tikka-matte-7', 'SKU- SSJ389', NULL, 'SSJ389', 'SSJ00389', NULL, NULL, 480.00, 387.00, 348.30, 1920.00, 2, 2, 2, NULL, NULL, '', '', NULL, NULL, 1, 0, 0, 0.00, 0, '2026-02-02 18:04:32', '2026-02-02 18:04:32'),
(250, 90, 'single', NULL, NULL, 'TIKKA - Matte', 'tikka-matte-8', 'SKU- SSJ390', NULL, 'SSJ390', 'SSJ00390', NULL, NULL, 550.00, 460.00, 414.00, 2200.00, 3, 3, 2, NULL, NULL, '', '', NULL, NULL, 1, 0, 0, 0.00, 0, '2026-02-02 18:04:32', '2026-02-02 18:04:32'),
(251, 90, 'single', NULL, NULL, 'TIKKA - Matte', 'tikka-matte-9', 'SKU- SSJ391', NULL, 'SSJ391', 'SSJ00391', NULL, NULL, 499.00, 380.00, 342.00, 1996.00, 1, 1, 2, NULL, NULL, '', '', NULL, NULL, 1, 0, 0, 0.00, 0, '2026-02-02 18:04:32', '2026-02-02 18:04:32'),
(252, 90, 'single', NULL, NULL, 'TIKKA - Matte', 'tikka-matte-10', 'SKU- SSJ392', NULL, 'SSJ392', 'SSJ00392', NULL, NULL, 480.00, 420.00, 378.00, 1920.00, 1, 1, 2, NULL, NULL, '', '', NULL, NULL, 1, 0, 0, 0.00, 0, '2026-02-02 18:04:32', '2026-02-02 18:04:32'),
(253, 90, 'single', NULL, NULL, 'TIKKA - Matte', 'tikka-matte-11', 'SKU- SSJ393', NULL, 'SSJ393', 'SSJ00393', NULL, NULL, 480.00, 420.00, 378.00, 1920.00, 1, 1, 2, NULL, NULL, '', '', NULL, NULL, 1, 0, 0, 0.00, 0, '2026-02-02 18:04:32', '2026-02-02 18:04:32'),
(254, 120, 'single', NULL, NULL, 'BLACK BEADS LONG - Gold Locket', 'black-beads-long-gold-locket', 'SKU- SSJ395', NULL, 'SSJ395', 'SSJ00395', NULL, NULL, 499.00, 449.00, 404.10, 1996.00, 36, 36, 2, NULL, NULL, '', '', NULL, NULL, 1, 0, 0, 0.00, 0, '2026-02-02 18:04:32', '2026-02-02 18:04:32'),
(255, 122, 'single', NULL, NULL, 'BLACK BEADS LONG - Victorian Locket', 'black-beads-long-victorian-locket', 'SKU- SSJ396', NULL, 'SSJ396', 'SSJ00396', NULL, NULL, 250.00, 250.00, 225.00, 1000.00, 10, 10, 2, NULL, NULL, '', '', NULL, NULL, 1, 0, 0, 0.00, 0, '2026-02-02 18:04:32', '2026-02-02 18:04:32'),
(256, 123, 'single', NULL, NULL, 'BLACK BEADS LONG - Victorian Locket', 'black-beads-long-victorian-locket-1', 'SKU- SSJ397', NULL, 'SSJ397', 'SSJ00397', NULL, NULL, 400.00, 400.00, 360.00, 1600.00, 8, 8, 2, NULL, NULL, '', '', NULL, NULL, 1, 0, 0, 0.00, 0, '2026-02-02 18:04:32', '2026-02-02 18:04:32'),
(257, 122, 'single', NULL, NULL, 'BLACK BEADS SHORT - Victorian Locket', 'black-beads-short-victorian-locket', 'SKU- SSJ398', NULL, 'SSJ398', 'SSJ00398', NULL, NULL, 400.00, 400.00, 360.00, 1600.00, 8, 8, 2, NULL, NULL, '', '', NULL, NULL, 1, 0, 0, 0.00, 0, '2026-02-02 18:04:32', '2026-02-02 18:04:32'),
(258, 123, 'single', NULL, NULL, 'BLACK BEADS SHORT - Cz Stone', 'black-beads-short-cz-stone', 'SKU- SSJ399', NULL, 'SSJ399', 'SSJ00399', NULL, NULL, 200.00, 200.00, 180.00, 800.00, 59, 59, 2, NULL, NULL, '', '', NULL, NULL, 1, 0, 0, 0.00, 0, '2026-02-02 18:04:32', '2026-02-02 18:04:32'),
(259, 124, 'single', NULL, NULL, 'BLACK BEADS SHORT - Cz Stone', 'black-beads-short-cz-stone-1', 'SKU- SSJ400', NULL, 'SSJ400', 'SSJ00400', NULL, NULL, 100.00, 75.00, 67.50, 400.00, 39, 39, 2, NULL, NULL, '', '', NULL, NULL, 1, 0, 0, 0.00, 0, '2026-02-02 18:04:32', '2026-02-02 18:04:32'),
(260, 125, 'single', NULL, NULL, 'BLACK BEADS SHORT - Cz Stone', 'black-beads-short-cz-stone-2', 'SKU- SSJ401', NULL, 'SSJ401', 'SSJ00401', NULL, NULL, 399.00, 249.00, 224.10, 1596.00, 56, 56, 2, NULL, NULL, '', '', NULL, NULL, 1, 0, 0, 0.00, 0, '2026-02-02 18:04:32', '2026-02-02 18:04:32'),
(261, 100, 'single', NULL, NULL, 'BUGADIS - Multi', 'bugadis-multi', 'SKU- SSJ420', NULL, 'SSJ420', 'SSJ00420', NULL, NULL, 796.00, 637.00, 573.30, 3184.00, 2, 2, 2, NULL, NULL, '', '', NULL, NULL, 1, 0, 0, 0.00, 0, '2026-02-02 18:04:32', '2026-02-02 18:04:32'),
(262, 100, 'single', NULL, NULL, 'BUGADIS - Multi', 'bugadis-multi-1', 'SKU- SSJ421', NULL, 'SSJ421', 'SSJ00421', NULL, NULL, 350.00, 253.00, 227.70, 1400.00, 3, 3, 2, NULL, NULL, '', '', NULL, NULL, 1, 0, 0, 0.00, 0, '2026-02-02 18:04:32', '2026-02-02 18:04:32'),
(263, 100, 'single', NULL, NULL, 'BUGADIS - Multi', 'bugadis-multi-2', 'SKU- SSJ422', NULL, 'SSJ422', 'SSJ00422', NULL, NULL, 499.00, 350.00, 315.00, 1996.00, 5, 5, 2, NULL, NULL, '', '', NULL, NULL, 1, 0, 0, 0.00, 0, '2026-02-02 18:04:32', '2026-02-02 18:04:32'),
(264, 100, 'single', NULL, NULL, 'BUGADIS - Multi', 'bugadis-multi-3', 'SKU- SSJ423', NULL, 'SSJ423', 'SSJ00423', NULL, NULL, 450.00, 300.00, 270.00, 1800.00, 6, 6, 2, NULL, NULL, '', '', NULL, NULL, 1, 0, 0, 0.00, 0, '2026-02-02 18:04:32', '2026-02-02 18:04:32'),
(265, 100, 'single', NULL, NULL, 'BUGADIS - Multi', 'bugadis-multi-4', 'SKU- SSJ424', NULL, 'SSJ424', 'SSJ00424', NULL, NULL, 500.00, 400.00, 360.00, 2000.00, 7, 7, 2, NULL, NULL, '', '', NULL, NULL, 1, 0, 0, 0.00, 0, '2026-02-02 18:04:32', '2026-02-02 18:04:32'),
(266, 100, 'single', NULL, NULL, 'BUGADIS - Multi', 'bugadis-multi-5', 'SKU- SSJ425', NULL, 'SSJ425', 'SSJ00425', NULL, NULL, 499.00, 350.00, 315.00, 1996.00, 2, 2, 2, NULL, NULL, '', '', NULL, NULL, 1, 0, 0, 0.00, 0, '2026-02-02 18:04:32', '2026-02-02 18:04:32'),
(267, 100, 'single', NULL, NULL, 'BUGADIS - Multi', 'bugadis-multi-6', 'SKU- SSJ427', NULL, 'SSJ427', 'SSJ00427', NULL, NULL, 800.00, 686.00, 617.40, 3200.00, 4, 4, 2, NULL, NULL, '', '', NULL, NULL, 1, 0, 0, 0.00, 0, '2026-02-02 18:04:32', '2026-02-02 18:04:32'),
(268, 100, 'single', NULL, NULL, 'BUGADIS - Multi', 'bugadis-multi-7', 'SKU- SSJ428', NULL, 'SSJ428', 'SSJ00428', NULL, NULL, 796.00, 637.00, 573.30, 3184.00, 8, 8, 2, NULL, NULL, '', '', NULL, NULL, 1, 0, 0, 0.00, 0, '2026-02-02 18:04:32', '2026-02-02 18:04:32'),
(269, 100, 'single', NULL, NULL, 'BUGADIS - Multi', 'bugadis-multi-8', 'SKU- SSJ429', NULL, 'SSJ429', 'SSJ00429', NULL, NULL, 650.00, 549.00, 494.10, 2600.00, 6, 6, 2, NULL, NULL, '', '', NULL, NULL, 1, 0, 0, 0.00, 0, '2026-02-02 18:04:32', '2026-02-02 18:04:32'),
(270, 111, 'single', NULL, NULL, 'BUGADIS - Plane', 'bugadis-plane', 'SKU- SSJ430', NULL, 'SSJ430', 'SSJ00430', NULL, NULL, 99.00, 99.00, 89.10, 396.00, 160, 160, 2, NULL, NULL, '', '', NULL, NULL, 1, 0, 0, 0.00, 0, '2026-02-02 18:04:32', '2026-02-02 18:04:32'),
(271, 88, 'single', NULL, NULL, 'TIKKA - Cz Stone', 'tikka-cz-stone-2', 'SKU- SSJ431', NULL, 'SSJ431', 'SSJ00431', NULL, NULL, 750.00, 640.00, 576.00, 3000.00, 2, 2, 2, NULL, NULL, '', '', NULL, NULL, 1, 0, 0, 0.00, 0, '2026-02-02 18:04:32', '2026-02-02 18:04:32'),
(272, 88, 'single', NULL, NULL, 'TIKKA - Cz Stone', 'tikka-cz-stone-3', 'SKU- SSJ432', NULL, 'SSJ432', 'SSJ00432', NULL, NULL, 499.00, 430.00, 387.00, 1996.00, 2, 2, 2, NULL, NULL, '', '', NULL, NULL, 1, 0, 0, 0.00, 0, '2026-02-02 18:04:32', '2026-02-02 18:04:32'),
(273, 88, 'single', NULL, NULL, 'TIKKA - Cz Stone', 'tikka-cz-stone-4', 'SKU- SSJ433', NULL, 'SSJ433', 'SSJ00433', NULL, NULL, 499.00, 390.00, 351.00, 1996.00, 4, 4, 2, NULL, NULL, '', '', NULL, NULL, 1, 0, 0, 0.00, 0, '2026-02-02 18:04:32', '2026-02-02 18:04:32'),
(274, 88, 'single', NULL, NULL, 'TIKKA - Cz Stone', 'tikka-cz-stone-5', 'SKU- SSJ434', NULL, 'SSJ434', 'SSJ00434', NULL, NULL, 599.00, 540.00, 486.00, 2396.00, 5, 5, 2, NULL, NULL, '', '', NULL, NULL, 1, 0, 0, 0.00, 0, '2026-02-02 18:04:32', '2026-02-02 18:04:32'),
(275, 88, 'single', NULL, NULL, 'TIKKA - Cz Stone', 'tikka-cz-stone-6', 'SKU- SSJ435', NULL, 'SSJ435', 'SSJ00435', NULL, NULL, 599.00, 540.00, 486.00, 2396.00, 2, 2, 2, NULL, NULL, '', '', NULL, NULL, 1, 0, 0, 0.00, 0, '2026-02-02 18:04:32', '2026-02-02 18:04:32'),
(276, 88, 'single', NULL, NULL, 'TIKKA - Cz Stone', 'tikka-cz-stone-7', 'SKU- SSJ436', NULL, 'SSJ436', 'SSJ00436', NULL, NULL, 480.00, 420.00, 378.00, 1920.00, 5, 5, 2, NULL, NULL, '', '', NULL, NULL, 1, 0, 0, 0.00, 0, '2026-02-02 18:04:32', '2026-02-02 18:04:32'),
(277, 88, 'single', NULL, NULL, 'TIKKA - Cz Stone', 'tikka-cz-stone-8', 'SKU- SSJ437', NULL, 'SSJ437', 'SSJ00437', NULL, NULL, 490.00, 340.00, 306.00, 1960.00, 5, 5, 2, NULL, NULL, '', '', NULL, NULL, 1, 0, 0, 0.00, 0, '2026-02-02 18:04:32', '2026-02-02 18:04:32'),
(278, 88, 'single', NULL, NULL, 'TIKKA - Cz Stone', 'tikka-cz-stone-9', 'SKU- SSJ438', NULL, 'SSJ438', 'SSJ00438', NULL, NULL, 499.00, 430.00, 387.00, 1996.00, 3, 3, 2, NULL, NULL, '', '', NULL, NULL, 1, 0, 0, 0.00, 0, '2026-02-02 18:04:32', '2026-02-02 18:04:32'),
(279, 88, 'single', NULL, NULL, 'TIKKA - Cz Stone', 'tikka-cz-stone-10', 'SKU- SSJ439', NULL, 'SSJ439', 'SSJ00439', NULL, NULL, 490.00, 410.00, 369.00, 1960.00, 3, 3, 2, NULL, NULL, '', '', NULL, NULL, 1, 0, 0, 0.00, 0, '2026-02-02 18:04:33', '2026-02-02 18:04:33'),
(280, 88, 'single', NULL, NULL, 'TIKKA - Cz Stone', 'tikka-cz-stone-11', 'SKU- SSJ440', NULL, 'SSJ440', 'SSJ00440', NULL, NULL, 599.00, 540.00, 486.00, 2396.00, 2, 2, 2, NULL, NULL, '', '', NULL, NULL, 1, 0, 0, 0.00, 0, '2026-02-02 18:04:33', '2026-02-02 18:04:33'),
(281, 88, 'single', NULL, NULL, 'TIKKA - Cz Stone', 'tikka-cz-stone-12', 'SKU- SSJ442', NULL, 'SSJ442', 'SSJ00442', NULL, NULL, 200.00, 200.00, 180.00, 800.00, 153, 153, 2, NULL, NULL, '', '', NULL, NULL, 1, 0, 0, 0.00, 0, '2026-02-02 18:04:33', '2026-02-02 18:04:33'),
(282, 90, 'single', NULL, NULL, 'HIP BELT - Matte', 'hip-belt-matte', 'SKU- SSJ526', NULL, 'SSJ526', 'SSJ00526', NULL, NULL, 4560.00, 3490.00, 3141.00, 18240.00, 12, 12, 2, NULL, NULL, '', '', NULL, NULL, 1, 0, 0, 0.00, 0, '2026-02-02 18:04:33', '2026-02-02 18:04:33'),
(283, 90, 'single', NULL, NULL, 'HIP BELT - Matte', 'hip-belt-matte-1', 'SKU- SSJ527', NULL, 'SSJ527', 'SSJ00527', NULL, NULL, 3899.00, 3120.00, 2808.00, 15596.00, 14, 14, 2, NULL, NULL, '', '', NULL, NULL, 1, 0, 0, 0.00, 0, '2026-02-02 18:04:33', '2026-02-02 18:04:33'),
(284, 90, 'single', NULL, NULL, 'HIP BELT - Matte', 'hip-belt-matte-2', 'SKU- SSJ528', NULL, 'SSJ528', 'SSJ00528', NULL, NULL, 3899.00, 3120.00, 2808.00, 15596.00, 12, 12, 2, NULL, NULL, '', '', NULL, NULL, 1, 0, 0, 0.00, 0, '2026-02-02 18:04:33', '2026-02-02 18:04:33'),
(285, 90, 'single', NULL, NULL, 'HIP BELT - Matte', 'hip-belt-matte-3', 'SKU- SSJ529', NULL, 'SSJ529', 'SSJ00529', NULL, NULL, 3899.00, 3120.00, 2808.00, 15596.00, 12, 12, 2, NULL, NULL, '', '', NULL, NULL, 1, 0, 0, 0.00, 0, '2026-02-02 18:04:33', '2026-02-02 18:04:33'),
(286, 84, 'single', NULL, NULL, 'MATIES - Matte', 'maties-matte', 'SKU- SSJ530', NULL, 'SSJ530', 'SSJ00530', NULL, NULL, 250.00, 250.00, 225.00, 1000.00, 63, 63, 2, NULL, NULL, '', '', NULL, NULL, 1, 0, 0, 0.00, 0, '2026-02-02 18:04:33', '2026-02-02 18:04:33'),
(287, 90, 'single', NULL, NULL, 'HIPBELT - Matte', 'hipbelt-matte', 'SKU- SSJ532', NULL, 'SSJ532', 'SSJ00532', NULL, NULL, 5170.00, 5170.00, 4653.00, 20680.00, 1, 1, 2, NULL, NULL, '', '', NULL, NULL, 1, 0, 0, 0.00, 0, '2026-02-02 18:04:33', '2026-02-02 18:04:33'),
(288, 90, 'single', NULL, NULL, 'SIDEMATIES - Matte', 'sidematies-matte', 'SKU- SSJ533', NULL, 'SSJ533', 'SSJ00533', NULL, NULL, 670.00, 515.00, 463.50, 2680.00, 10, 10, 2, NULL, NULL, '', '', NULL, NULL, 1, 0, 0, 0.00, 0, '2026-02-02 18:04:33', '2026-02-02 18:04:33'),
(289, 90, 'single', NULL, NULL, 'SIDEMATIES - Matte', 'sidematies-matte-1', 'SKU- SSJ534', NULL, 'SSJ534', 'SSJ00534', NULL, NULL, 799.00, 620.00, 558.00, 3196.00, 5, 5, 2, NULL, NULL, '', '', NULL, NULL, 1, 0, 0, 0.00, 0, '2026-02-02 18:04:33', '2026-02-02 18:04:33'),
(290, 90, 'single', NULL, NULL, 'SIDEMATIES - Matte', 'sidematies-matte-2', 'SKU- SSJ535', NULL, 'SSJ535', 'SSJ00535', NULL, NULL, 750.00, 550.00, 495.00, 3000.00, 6, 6, 2, NULL, NULL, '', '', NULL, NULL, 1, 0, 0, 0.00, 0, '2026-02-02 18:04:33', '2026-02-02 18:04:33'),
(291, 90, 'single', NULL, NULL, 'SIDEMATIES - Matte', 'sidematies-matte-3', 'SKU- SSJ536', NULL, 'SSJ536', 'SSJ00536', NULL, NULL, 590.00, 420.00, 378.00, 2360.00, 3, 3, 2, NULL, NULL, '', '', NULL, NULL, 1, 0, 0, 0.00, 0, '2026-02-02 18:04:33', '2026-02-02 18:04:33'),
(292, 92, 'single', NULL, NULL, 'SIDEMATIES - 5 Lines', 'sidematies-5-lines', 'SKU- SSJ537', NULL, 'SSJ537', 'SSJ00537', NULL, NULL, 500.00, 250.00, 225.00, 2000.00, 57, 57, 2, NULL, NULL, '', '', NULL, NULL, 1, 0, 0, 0.00, 0, '2026-02-02 18:04:33', '2026-02-02 18:04:33'),
(293, 92, 'single', NULL, NULL, 'SIDEMATIES - Multi', 'sidematies-multi', 'SKU- SSJ538', NULL, 'SSJ538', 'SSJ00538', NULL, NULL, 150.00, 150.00, 135.00, 600.00, 2, 2, 2, NULL, NULL, '', '', NULL, NULL, 1, 0, 0, 0.00, 0, '2026-02-02 18:04:33', '2026-02-02 18:04:33'),
(294, 84, 'single', NULL, NULL, 'SIDEMATIES - Green', 'sidematies-green', 'SKU- SSJ541', NULL, 'SSJ541', 'SSJ00541', NULL, NULL, 799.00, 689.00, 620.10, 3196.00, 2, 2, 2, NULL, NULL, '', '', NULL, NULL, 1, 0, 0, 0.00, 0, '2026-02-02 18:04:33', '2026-02-02 18:04:33'),
(295, 90, 'single', NULL, NULL, 'HIPBELT - Matte', 'hipbelt-matte-1', 'SKU- SSJ544', NULL, 'SSJ544', 'SSJ00544', NULL, NULL, 3690.00, 2890.00, 2601.00, 14760.00, 3, 3, 2, NULL, NULL, '', '', NULL, NULL, 1, 0, 0, 0.00, 0, '2026-02-02 18:04:33', '2026-02-02 18:04:33'),
(296, 88, 'single', NULL, NULL, 'HIPBELT - Multi', 'hipbelt-multi', 'SKU- SSJ546', NULL, 'SSJ546', 'SSJ00546', NULL, NULL, 3050.00, 3050.00, 2745.00, 12200.00, 1, 1, 2, NULL, NULL, '', '', NULL, NULL, 1, 0, 0, 0.00, 0, '2026-02-02 18:04:33', '2026-02-02 18:04:33'),
(297, 88, 'single', NULL, NULL, 'HIPBELT - Multi', 'hipbelt-multi-1', 'SKU- SSJ548', NULL, 'SSJ548', 'SSJ00548', NULL, NULL, 3950.00, 3950.00, 3555.00, 15800.00, 2, 2, 2, NULL, NULL, '', '', NULL, NULL, 1, 0, 0, 0.00, 0, '2026-02-02 18:04:33', '2026-02-02 18:04:33'),
(298, 84, 'single', NULL, NULL, 'NECK - Pink', 'neck-pink-3', 'SKU- SSJ549', NULL, 'SSJ549', 'SSJ00549', NULL, NULL, 390.00, 390.00, 351.00, 1560.00, 72, 72, 2, NULL, NULL, '', '', NULL, NULL, 1, 0, 0, 0.00, 0, '2026-02-02 18:04:33', '2026-02-02 18:04:33');

-- --------------------------------------------------------

--
-- Table structure for table `product_attribute_values`
--

CREATE TABLE IF NOT EXISTS `product_attribute_values` (
  `id` bigint UNSIGNED NOT NULL AUTO_INCREMENT,
  `product_id` bigint UNSIGNED NOT NULL,
  `attribute_value_id` bigint UNSIGNED NOT NULL,
  `created_at` timestamp NULL DEFAULT NULL,
  `updated_at` timestamp NULL DEFAULT NULL,
  PRIMARY KEY (`id`),
  UNIQUE KEY `pva_unique` (`product_id`,`attribute_value_id`),
  KEY `product_variant_attribute_values_product_id_index` (`product_id`)
) ENGINE=InnoDB DEFAULT CHARSET=utf8mb4 COLLATE=utf8mb4_general_ci;

-- --------------------------------------------------------

--
-- Table structure for table `product_media`
--

CREATE TABLE IF NOT EXISTS `product_media` (
  `id` bigint UNSIGNED NOT NULL AUTO_INCREMENT,
  `product_id` bigint UNSIGNED NOT NULL,
  `type` enum('image','video') CHARACTER SET utf8mb4 COLLATE utf8mb4_general_ci NOT NULL,
  `file_path` varchar(255) CHARACTER SET utf8mb4 COLLATE utf8mb4_general_ci NOT NULL,
  `display_order` int NOT NULL DEFAULT '0',
  `created_at` timestamp NULL DEFAULT NULL,
  `updated_at` timestamp NULL DEFAULT NULL,
  PRIMARY KEY (`id`),
  KEY `product_media_product_id_type_index` (`product_id`,`type`)
) ENGINE=InnoDB DEFAULT CHARSET=utf8mb4 COLLATE=utf8mb4_general_ci;

-- --------------------------------------------------------

--
-- Table structure for table `product_reviews`
--

CREATE TABLE IF NOT EXISTS `product_reviews` (
  `id` bigint UNSIGNED NOT NULL AUTO_INCREMENT,
  `product_id` bigint UNSIGNED NOT NULL,
  `user_id` bigint UNSIGNED DEFAULT NULL,
  `order_id` bigint UNSIGNED DEFAULT NULL,
  `rating` tinyint UNSIGNED NOT NULL,
  `title` varchar(255) CHARACTER SET utf8mb4 COLLATE utf8mb4_general_ci DEFAULT NULL,
  `body` text CHARACTER SET utf8mb4 COLLATE utf8mb4_general_ci,
  `is_approved` tinyint(1) NOT NULL DEFAULT '0',
  `helpful_count` int NOT NULL DEFAULT '0',
  `ip_address` varchar(255) CHARACTER SET utf8mb4 COLLATE utf8mb4_general_ci DEFAULT NULL,
  `user_agent` varchar(255) CHARACTER SET utf8mb4 COLLATE utf8mb4_general_ci DEFAULT NULL,
  `created_at` timestamp NULL DEFAULT NULL,
  `updated_at` timestamp NULL DEFAULT NULL,
  PRIMARY KEY (`id`),
  KEY `product_reviews_order_id_foreign` (`order_id`),
  KEY `product_reviews_product_id_index` (`product_id`),
  KEY `product_reviews_user_id_index` (`user_id`),
  KEY `product_reviews_product_id_is_approved_index` (`product_id`,`is_approved`)
) ENGINE=InnoDB DEFAULT CHARSET=utf8mb4 COLLATE=utf8mb4_general_ci;

-- --------------------------------------------------------

--
-- Table structure for table `product_stock_movements`
--

CREATE TABLE IF NOT EXISTS `product_stock_movements` (
  `id` bigint UNSIGNED NOT NULL AUTO_INCREMENT,
  `product_id` bigint UNSIGNED NOT NULL,
  `type` enum('opening_stock','restock','sale') CHARACTER SET utf8mb4 COLLATE utf8mb4_general_ci NOT NULL DEFAULT 'restock',
  `quantity` int NOT NULL,
  `notes` text CHARACTER SET utf8mb4 COLLATE utf8mb4_general_ci,
  `created_by` bigint UNSIGNED NOT NULL,
  `created_at` timestamp NULL DEFAULT NULL,
  `updated_at` timestamp NULL DEFAULT NULL,
  PRIMARY KEY (`id`),
  KEY `product_stock_movements_created_by_foreign` (`created_by`),
  KEY `product_stock_movements_product_id_index` (`product_id`),
  KEY `product_stock_movements_type_index` (`type`),
  KEY `product_stock_movements_created_at_index` (`created_at`)
) ENGINE=InnoDB AUTO_INCREMENT=303 DEFAULT CHARSET=utf8mb4 COLLATE=utf8mb4_general_ci;

--
-- Dumping data for table `product_stock_movements`
--

INSERT INTO `product_stock_movements` (`id`, `product_id`, `type`, `quantity`, `notes`, `created_by`, `created_at`, `updated_at`) VALUES
(1, 1, 'opening_stock', 234, 'Opening stock', 1, '2026-02-02 18:04:23', '2026-02-02 18:04:23'),
(2, 2, 'opening_stock', 123, 'Opening stock', 1, '2026-02-02 18:04:23', '2026-02-02 18:04:23'),
(3, 3, 'opening_stock', 34, 'Opening stock', 1, '2026-02-02 18:04:23', '2026-02-02 18:04:23'),
(4, 4, 'opening_stock', 3, 'Opening stock', 1, '2026-02-02 18:04:23', '2026-02-02 18:04:23'),
(5, 5, 'opening_stock', 32, 'Opening stock', 1, '2026-02-02 18:04:23', '2026-02-02 18:04:23'),
(6, 6, 'opening_stock', 16, 'Opening stock', 1, '2026-02-02 18:04:23', '2026-02-02 18:04:23'),
(7, 7, 'opening_stock', 17, 'Opening stock', 1, '2026-02-02 18:04:23', '2026-02-02 18:04:23'),
(8, 8, 'opening_stock', 18, 'Opening stock', 1, '2026-02-02 18:04:23', '2026-02-02 18:04:23'),
(9, 9, 'opening_stock', 46, 'Opening stock', 1, '2026-02-02 18:04:23', '2026-02-02 18:04:23'),
(10, 10, 'opening_stock', 15, 'Opening stock', 1, '2026-02-02 18:04:23', '2026-02-02 18:04:23'),
(11, 11, 'opening_stock', 10, 'Opening stock', 1, '2026-02-02 18:04:23', '2026-02-02 18:04:23'),
(12, 12, 'opening_stock', 30, 'Opening stock', 1, '2026-02-02 18:04:23', '2026-02-02 18:04:23'),
(13, 13, 'opening_stock', 11, 'Opening stock', 1, '2026-02-02 18:04:23', '2026-02-02 18:04:23'),
(14, 14, 'opening_stock', 4, 'Opening stock', 1, '2026-02-02 18:04:23', '2026-02-02 18:04:23'),
(15, 15, 'opening_stock', 2, 'Opening stock', 1, '2026-02-02 18:04:23', '2026-02-02 18:04:23'),
(16, 16, 'opening_stock', 11, 'Opening stock', 1, '2026-02-02 18:04:23', '2026-02-02 18:04:23'),
(17, 17, 'opening_stock', 41, 'Opening stock', 1, '2026-02-02 18:04:23', '2026-02-02 18:04:23'),
(18, 18, 'opening_stock', 7, 'Opening stock', 1, '2026-02-02 18:04:23', '2026-02-02 18:04:23'),
(19, 19, 'opening_stock', 6, 'Opening stock', 1, '2026-02-02 18:04:23', '2026-02-02 18:04:23'),
(20, 20, 'opening_stock', 4, 'Opening stock', 1, '2026-02-02 18:04:23', '2026-02-02 18:04:23'),
(21, 21, 'opening_stock', 10, 'Opening stock', 1, '2026-02-02 18:04:23', '2026-02-02 18:04:23'),
(22, 22, 'opening_stock', 6, 'Opening stock', 1, '2026-02-02 18:04:23', '2026-02-02 18:04:23'),
(23, 23, 'opening_stock', 5, 'Opening stock', 1, '2026-02-02 18:04:23', '2026-02-02 18:04:23'),
(24, 24, 'opening_stock', 4, 'Opening stock', 1, '2026-02-02 18:04:23', '2026-02-02 18:04:23'),
(25, 25, 'opening_stock', 1, 'Opening stock', 1, '2026-02-02 18:04:23', '2026-02-02 18:04:23'),
(26, 26, 'opening_stock', 6, 'Opening stock', 1, '2026-02-02 18:04:23', '2026-02-02 18:04:23'),
(27, 27, 'opening_stock', 8, 'Opening stock', 1, '2026-02-02 18:04:23', '2026-02-02 18:04:23'),
(28, 28, 'opening_stock', 3, 'Opening stock', 1, '2026-02-02 18:04:23', '2026-02-02 18:04:23'),
(29, 29, 'opening_stock', 24, 'Opening stock', 1, '2026-02-02 18:04:24', '2026-02-02 18:04:24'),
(30, 30, 'opening_stock', 20, 'Opening stock', 1, '2026-02-02 18:04:24', '2026-02-02 18:04:24'),
(31, 31, 'opening_stock', 25, 'Opening stock', 1, '2026-02-02 18:04:24', '2026-02-02 18:04:24'),
(32, 32, 'opening_stock', 25, 'Opening stock', 1, '2026-02-02 18:04:24', '2026-02-02 18:04:24'),
(33, 33, 'opening_stock', 22, 'Opening stock', 1, '2026-02-02 18:04:24', '2026-02-02 18:04:24'),
(34, 34, 'opening_stock', 18, 'Opening stock', 1, '2026-02-02 18:04:24', '2026-02-02 18:04:24'),
(35, 35, 'opening_stock', 21, 'Opening stock', 1, '2026-02-02 18:04:24', '2026-02-02 18:04:24'),
(36, 36, 'opening_stock', 17, 'Opening stock', 1, '2026-02-02 18:04:24', '2026-02-02 18:04:24'),
(37, 37, 'opening_stock', 16, 'Opening stock', 1, '2026-02-02 18:04:24', '2026-02-02 18:04:24'),
(38, 38, 'opening_stock', 11, 'Opening stock', 1, '2026-02-02 18:04:24', '2026-02-02 18:04:24'),
(39, 39, 'opening_stock', 23, 'Opening stock', 1, '2026-02-02 18:04:24', '2026-02-02 18:04:24'),
(40, 40, 'opening_stock', 24, 'Opening stock', 1, '2026-02-02 18:04:24', '2026-02-02 18:04:24'),
(41, 41, 'opening_stock', 27, 'Opening stock', 1, '2026-02-02 18:04:24', '2026-02-02 18:04:24'),
(42, 42, 'opening_stock', 18, 'Opening stock', 1, '2026-02-02 18:04:24', '2026-02-02 18:04:24'),
(43, 43, 'opening_stock', 54, 'Opening stock', 1, '2026-02-02 18:04:24', '2026-02-02 18:04:24'),
(44, 44, 'opening_stock', 24, 'Opening stock', 1, '2026-02-02 18:04:24', '2026-02-02 18:04:24'),
(45, 45, 'opening_stock', 4, 'Opening stock', 1, '2026-02-02 18:04:24', '2026-02-02 18:04:24'),
(46, 46, 'opening_stock', 2, 'Opening stock', 1, '2026-02-02 18:04:24', '2026-02-02 18:04:24'),
(47, 47, 'opening_stock', 31, 'Opening stock', 1, '2026-02-02 18:04:24', '2026-02-02 18:04:24'),
(48, 48, 'opening_stock', 5, 'Opening stock', 1, '2026-02-02 18:04:24', '2026-02-02 18:04:24'),
(49, 49, 'opening_stock', 6, 'Opening stock', 1, '2026-02-02 18:04:24', '2026-02-02 18:04:24'),
(50, 50, 'opening_stock', 5, 'Opening stock', 1, '2026-02-02 18:04:24', '2026-02-02 18:04:24'),
(51, 51, 'opening_stock', 11, 'Opening stock', 1, '2026-02-02 18:04:24', '2026-02-02 18:04:24'),
(52, 52, 'opening_stock', 36, 'Opening stock', 1, '2026-02-02 18:04:24', '2026-02-02 18:04:24'),
(53, 53, 'opening_stock', 19, 'Opening stock', 1, '2026-02-02 18:04:24', '2026-02-02 18:04:24'),
(54, 54, 'opening_stock', 28, 'Opening stock', 1, '2026-02-02 18:04:24', '2026-02-02 18:04:24'),
(55, 55, 'opening_stock', 2, 'Opening stock', 1, '2026-02-02 18:04:24', '2026-02-02 18:04:24'),
(56, 56, 'opening_stock', 2, 'Opening stock', 1, '2026-02-02 18:04:25', '2026-02-02 18:04:25'),
(57, 57, 'opening_stock', 2, 'Opening stock', 1, '2026-02-02 18:04:25', '2026-02-02 18:04:25'),
(58, 58, 'opening_stock', 7, 'Opening stock', 1, '2026-02-02 18:04:25', '2026-02-02 18:04:25'),
(59, 59, 'opening_stock', 16, 'Opening stock', 1, '2026-02-02 18:04:25', '2026-02-02 18:04:25'),
(60, 60, 'opening_stock', 42, 'Opening stock', 1, '2026-02-02 18:04:25', '2026-02-02 18:04:25'),
(61, 61, 'opening_stock', 396, 'Opening stock', 1, '2026-02-02 18:04:25', '2026-02-02 18:04:25'),
(62, 62, 'opening_stock', 70, 'Opening stock', 1, '2026-02-02 18:04:25', '2026-02-02 18:04:25'),
(63, 63, 'opening_stock', 118, 'Opening stock', 1, '2026-02-02 18:04:25', '2026-02-02 18:04:25'),
(64, 64, 'opening_stock', 5, 'Opening stock', 1, '2026-02-02 18:04:25', '2026-02-02 18:04:25'),
(65, 65, 'opening_stock', 2, 'Opening stock', 1, '2026-02-02 18:04:25', '2026-02-02 18:04:25'),
(66, 66, 'opening_stock', 5, 'Opening stock', 1, '2026-02-02 18:04:25', '2026-02-02 18:04:25'),
(67, 67, 'opening_stock', 4, 'Opening stock', 1, '2026-02-02 18:04:25', '2026-02-02 18:04:25'),
(68, 68, 'opening_stock', 9, 'Opening stock', 1, '2026-02-02 18:04:25', '2026-02-02 18:04:25'),
(69, 69, 'opening_stock', 1, 'Opening stock', 1, '2026-02-02 18:04:25', '2026-02-02 18:04:25'),
(70, 70, 'opening_stock', 1, 'Opening stock', 1, '2026-02-02 18:04:25', '2026-02-02 18:04:25'),
(71, 71, 'opening_stock', 1, 'Opening stock', 1, '2026-02-02 18:04:25', '2026-02-02 18:04:25'),
(72, 72, 'opening_stock', 1, 'Opening stock', 1, '2026-02-02 18:04:25', '2026-02-02 18:04:25'),
(73, 73, 'opening_stock', 1, 'Opening stock', 1, '2026-02-02 18:04:25', '2026-02-02 18:04:25'),
(74, 74, 'opening_stock', 1, 'Opening stock', 1, '2026-02-02 18:04:25', '2026-02-02 18:04:25'),
(75, 75, 'opening_stock', 4, 'Opening stock', 1, '2026-02-02 18:04:25', '2026-02-02 18:04:25'),
(76, 76, 'opening_stock', 2, 'Opening stock', 1, '2026-02-02 18:04:25', '2026-02-02 18:04:25'),
(77, 77, 'opening_stock', 1, 'Opening stock', 1, '2026-02-02 18:04:25', '2026-02-02 18:04:25'),
(78, 78, 'opening_stock', 1, 'Opening stock', 1, '2026-02-02 18:04:25', '2026-02-02 18:04:25'),
(79, 79, 'opening_stock', 1, 'Opening stock', 1, '2026-02-02 18:04:25', '2026-02-02 18:04:25'),
(80, 80, 'opening_stock', 1, 'Opening stock', 1, '2026-02-02 18:04:25', '2026-02-02 18:04:25'),
(81, 81, 'opening_stock', 1, 'Opening stock', 1, '2026-02-02 18:04:25', '2026-02-02 18:04:25'),
(82, 82, 'opening_stock', 1, 'Opening stock', 1, '2026-02-02 18:04:25', '2026-02-02 18:04:25'),
(83, 83, 'opening_stock', 1, 'Opening stock', 1, '2026-02-02 18:04:25', '2026-02-02 18:04:25'),
(84, 84, 'opening_stock', 3, 'Opening stock', 1, '2026-02-02 18:04:25', '2026-02-02 18:04:25'),
(85, 85, 'opening_stock', 2, 'Opening stock', 1, '2026-02-02 18:04:25', '2026-02-02 18:04:25'),
(86, 86, 'opening_stock', 1, 'Opening stock', 1, '2026-02-02 18:04:25', '2026-02-02 18:04:25'),
(87, 87, 'opening_stock', 1, 'Opening stock', 1, '2026-02-02 18:04:26', '2026-02-02 18:04:26'),
(88, 88, 'opening_stock', 14, 'Opening stock', 1, '2026-02-02 18:04:26', '2026-02-02 18:04:26'),
(89, 89, 'opening_stock', 3, 'Opening stock', 1, '2026-02-02 18:04:26', '2026-02-02 18:04:26'),
(90, 90, 'opening_stock', 7, 'Opening stock', 1, '2026-02-02 18:04:26', '2026-02-02 18:04:26'),
(91, 91, 'opening_stock', 7, 'Opening stock', 1, '2026-02-02 18:04:26', '2026-02-02 18:04:26'),
(92, 92, 'opening_stock', 6, 'Opening stock', 1, '2026-02-02 18:04:26', '2026-02-02 18:04:26'),
(93, 93, 'opening_stock', 5, 'Opening stock', 1, '2026-02-02 18:04:26', '2026-02-02 18:04:26'),
(94, 94, 'opening_stock', 3, 'Opening stock', 1, '2026-02-02 18:04:26', '2026-02-02 18:04:26'),
(95, 95, 'opening_stock', 77, 'Opening stock', 1, '2026-02-02 18:04:26', '2026-02-02 18:04:26'),
(96, 96, 'opening_stock', 15, 'Opening stock', 1, '2026-02-02 18:04:26', '2026-02-02 18:04:26'),
(97, 97, 'opening_stock', 11, 'Opening stock', 1, '2026-02-02 18:04:26', '2026-02-02 18:04:26'),
(98, 98, 'opening_stock', 17, 'Opening stock', 1, '2026-02-02 18:04:26', '2026-02-02 18:04:26'),
(99, 99, 'opening_stock', 7, 'Opening stock', 1, '2026-02-02 18:04:26', '2026-02-02 18:04:26'),
(100, 100, 'opening_stock', 3, 'Opening stock', 1, '2026-02-02 18:04:26', '2026-02-02 18:04:26'),
(101, 101, 'opening_stock', 5, 'Opening stock', 1, '2026-02-02 18:04:26', '2026-02-02 18:04:26'),
(102, 102, 'opening_stock', 1, 'Opening stock', 1, '2026-02-02 18:04:26', '2026-02-02 18:04:26'),
(103, 103, 'opening_stock', 1, 'Opening stock', 1, '2026-02-02 18:04:26', '2026-02-02 18:04:26'),
(104, 104, 'opening_stock', 1, 'Opening stock', 1, '2026-02-02 18:04:26', '2026-02-02 18:04:26'),
(105, 105, 'opening_stock', 1, 'Opening stock', 1, '2026-02-02 18:04:27', '2026-02-02 18:04:27'),
(106, 106, 'opening_stock', 1, 'Opening stock', 1, '2026-02-02 18:04:27', '2026-02-02 18:04:27'),
(107, 107, 'opening_stock', 53, 'Opening stock', 1, '2026-02-02 18:04:27', '2026-02-02 18:04:27'),
(108, 108, 'opening_stock', 42, 'Opening stock', 1, '2026-02-02 18:04:27', '2026-02-02 18:04:27'),
(109, 109, 'opening_stock', 50, 'Opening stock', 1, '2026-02-02 18:04:27', '2026-02-02 18:04:27'),
(110, 110, 'opening_stock', 16, 'Opening stock', 1, '2026-02-02 18:04:27', '2026-02-02 18:04:27'),
(111, 111, 'opening_stock', 15, 'Opening stock', 1, '2026-02-02 18:04:27', '2026-02-02 18:04:27'),
(112, 112, 'opening_stock', 12, 'Opening stock', 1, '2026-02-02 18:04:27', '2026-02-02 18:04:27'),
(113, 113, 'opening_stock', 5, 'Opening stock', 1, '2026-02-02 18:04:27', '2026-02-02 18:04:27'),
(114, 114, 'opening_stock', 71, 'Opening stock', 1, '2026-02-02 18:04:27', '2026-02-02 18:04:27'),
(115, 115, 'opening_stock', 23, 'Opening stock', 1, '2026-02-02 18:04:27', '2026-02-02 18:04:27'),
(116, 116, 'opening_stock', 20, 'Opening stock', 1, '2026-02-02 18:04:27', '2026-02-02 18:04:27'),
(117, 117, 'opening_stock', 17, 'Opening stock', 1, '2026-02-02 18:04:27', '2026-02-02 18:04:27'),
(118, 118, 'opening_stock', 29, 'Opening stock', 1, '2026-02-02 18:04:27', '2026-02-02 18:04:27'),
(119, 119, 'opening_stock', 25, 'Opening stock', 1, '2026-02-02 18:04:27', '2026-02-02 18:04:27'),
(120, 120, 'opening_stock', 7, 'Opening stock', 1, '2026-02-02 18:04:27', '2026-02-02 18:04:27'),
(121, 121, 'opening_stock', 21, 'Opening stock', 1, '2026-02-02 18:04:27', '2026-02-02 18:04:27'),
(122, 122, 'opening_stock', 2, 'Opening stock', 1, '2026-02-02 18:04:27', '2026-02-02 18:04:27'),
(123, 123, 'opening_stock', 21, 'Opening stock', 1, '2026-02-02 18:04:27', '2026-02-02 18:04:27'),
(124, 124, 'opening_stock', 18, 'Opening stock', 1, '2026-02-02 18:04:27', '2026-02-02 18:04:27'),
(125, 125, 'opening_stock', 38, 'Opening stock', 1, '2026-02-02 18:04:27', '2026-02-02 18:04:27'),
(126, 126, 'opening_stock', 2, 'Opening stock', 1, '2026-02-02 18:04:27', '2026-02-02 18:04:27'),
(127, 127, 'opening_stock', 3, 'Opening stock', 1, '2026-02-02 18:04:27', '2026-02-02 18:04:27'),
(128, 128, 'opening_stock', 1, 'Opening stock', 1, '2026-02-02 18:04:27', '2026-02-02 18:04:27'),
(129, 129, 'opening_stock', 1, 'Opening stock', 1, '2026-02-02 18:04:27', '2026-02-02 18:04:27'),
(130, 130, 'opening_stock', 1, 'Opening stock', 1, '2026-02-02 18:04:27', '2026-02-02 18:04:27'),
(131, 131, 'opening_stock', 1, 'Opening stock', 1, '2026-02-02 18:04:27', '2026-02-02 18:04:27'),
(132, 132, 'opening_stock', 2, 'Opening stock', 1, '2026-02-02 18:04:28', '2026-02-02 18:04:28'),
(133, 133, 'opening_stock', 2, 'Opening stock', 1, '2026-02-02 18:04:28', '2026-02-02 18:04:28'),
(134, 134, 'opening_stock', 2, 'Opening stock', 1, '2026-02-02 18:04:28', '2026-02-02 18:04:28'),
(135, 135, 'opening_stock', 1, 'Opening stock', 1, '2026-02-02 18:04:28', '2026-02-02 18:04:28'),
(136, 136, 'opening_stock', 1, 'Opening stock', 1, '2026-02-02 18:04:28', '2026-02-02 18:04:28'),
(137, 137, 'opening_stock', 1, 'Opening stock', 1, '2026-02-02 18:04:28', '2026-02-02 18:04:28'),
(138, 138, 'opening_stock', 1, 'Opening stock', 1, '2026-02-02 18:04:28', '2026-02-02 18:04:28'),
(139, 139, 'opening_stock', 1, 'Opening stock', 1, '2026-02-02 18:04:28', '2026-02-02 18:04:28'),
(140, 140, 'opening_stock', 1, 'Opening stock', 1, '2026-02-02 18:04:28', '2026-02-02 18:04:28'),
(141, 141, 'opening_stock', 1, 'Opening stock', 1, '2026-02-02 18:04:28', '2026-02-02 18:04:28'),
(142, 142, 'opening_stock', 1, 'Opening stock', 1, '2026-02-02 18:04:28', '2026-02-02 18:04:28'),
(143, 143, 'opening_stock', 1, 'Opening stock', 1, '2026-02-02 18:04:28', '2026-02-02 18:04:28'),
(144, 144, 'opening_stock', 1, 'Opening stock', 1, '2026-02-02 18:04:28', '2026-02-02 18:04:28'),
(145, 145, 'opening_stock', 1, 'Opening stock', 1, '2026-02-02 18:04:28', '2026-02-02 18:04:28'),
(146, 146, 'opening_stock', 1, 'Opening stock', 1, '2026-02-02 18:04:28', '2026-02-02 18:04:28'),
(147, 147, 'opening_stock', 1, 'Opening stock', 1, '2026-02-02 18:04:28', '2026-02-02 18:04:28'),
(148, 148, 'opening_stock', 1, 'Opening stock', 1, '2026-02-02 18:04:28', '2026-02-02 18:04:28'),
(149, 149, 'opening_stock', 6, 'Opening stock', 1, '2026-02-02 18:04:28', '2026-02-02 18:04:28'),
(150, 150, 'opening_stock', 8, 'Opening stock', 1, '2026-02-02 18:04:28', '2026-02-02 18:04:28'),
(151, 151, 'opening_stock', 7, 'Opening stock', 1, '2026-02-02 18:04:28', '2026-02-02 18:04:28'),
(152, 152, 'opening_stock', 5, 'Opening stock', 1, '2026-02-02 18:04:28', '2026-02-02 18:04:28'),
(153, 153, 'opening_stock', 8, 'Opening stock', 1, '2026-02-02 18:04:28', '2026-02-02 18:04:28'),
(154, 154, 'opening_stock', 3, 'Opening stock', 1, '2026-02-02 18:04:28', '2026-02-02 18:04:28'),
(155, 155, 'opening_stock', 2, 'Opening stock', 1, '2026-02-02 18:04:28', '2026-02-02 18:04:28'),
(156, 156, 'opening_stock', 1, 'Opening stock', 1, '2026-02-02 18:04:28', '2026-02-02 18:04:28'),
(157, 157, 'opening_stock', 1, 'Opening stock', 1, '2026-02-02 18:04:28', '2026-02-02 18:04:28'),
(158, 158, 'opening_stock', 1, 'Opening stock', 1, '2026-02-02 18:04:29', '2026-02-02 18:04:29'),
(159, 159, 'opening_stock', 1, 'Opening stock', 1, '2026-02-02 18:04:29', '2026-02-02 18:04:29'),
(160, 160, 'opening_stock', 1, 'Opening stock', 1, '2026-02-02 18:04:29', '2026-02-02 18:04:29'),
(161, 161, 'opening_stock', 1, 'Opening stock', 1, '2026-02-02 18:04:29', '2026-02-02 18:04:29'),
(162, 162, 'opening_stock', 244, 'Opening stock', 1, '2026-02-02 18:04:29', '2026-02-02 18:04:29'),
(163, 163, 'opening_stock', 12, 'Opening stock', 1, '2026-02-02 18:04:29', '2026-02-02 18:04:29'),
(164, 164, 'opening_stock', 12, 'Opening stock', 1, '2026-02-02 18:04:29', '2026-02-02 18:04:29'),
(165, 165, 'opening_stock', 7, 'Opening stock', 1, '2026-02-02 18:04:29', '2026-02-02 18:04:29'),
(166, 166, 'opening_stock', 16, 'Opening stock', 1, '2026-02-02 18:04:29', '2026-02-02 18:04:29'),
(167, 167, 'opening_stock', 16, 'Opening stock', 1, '2026-02-02 18:04:29', '2026-02-02 18:04:29'),
(168, 168, 'opening_stock', 13, 'Opening stock', 1, '2026-02-02 18:04:29', '2026-02-02 18:04:29'),
(169, 169, 'opening_stock', 19, 'Opening stock', 1, '2026-02-02 18:04:29', '2026-02-02 18:04:29'),
(170, 170, 'opening_stock', 14, 'Opening stock', 1, '2026-02-02 18:04:29', '2026-02-02 18:04:29'),
(171, 171, 'opening_stock', 83, 'Opening stock', 1, '2026-02-02 18:04:29', '2026-02-02 18:04:29'),
(172, 172, 'opening_stock', 36, 'Opening stock', 1, '2026-02-02 18:04:29', '2026-02-02 18:04:29'),
(173, 173, 'opening_stock', 67, 'Opening stock', 1, '2026-02-02 18:04:29', '2026-02-02 18:04:29'),
(174, 174, 'opening_stock', 9, 'Opening stock', 1, '2026-02-02 18:04:29', '2026-02-02 18:04:29'),
(175, 175, 'opening_stock', 63, 'Opening stock', 1, '2026-02-02 18:04:29', '2026-02-02 18:04:29'),
(176, 176, 'opening_stock', 15, 'Opening stock', 1, '2026-02-02 18:04:29', '2026-02-02 18:04:29'),
(177, 177, 'opening_stock', 10, 'Opening stock', 1, '2026-02-02 18:04:29', '2026-02-02 18:04:29'),
(178, 178, 'opening_stock', 9, 'Opening stock', 1, '2026-02-02 18:04:29', '2026-02-02 18:04:29'),
(179, 179, 'opening_stock', 3, 'Opening stock', 1, '2026-02-02 18:04:29', '2026-02-02 18:04:29'),
(180, 180, 'opening_stock', 8, 'Opening stock', 1, '2026-02-02 18:04:29', '2026-02-02 18:04:29'),
(181, 181, 'opening_stock', 9, 'Opening stock', 1, '2026-02-02 18:04:29', '2026-02-02 18:04:29'),
(182, 182, 'opening_stock', 3, 'Opening stock', 1, '2026-02-02 18:04:29', '2026-02-02 18:04:29'),
(183, 183, 'opening_stock', 3, 'Opening stock', 1, '2026-02-02 18:04:29', '2026-02-02 18:04:29'),
(184, 184, 'opening_stock', 2, 'Opening stock', 1, '2026-02-02 18:04:29', '2026-02-02 18:04:29'),
(185, 185, 'opening_stock', 2, 'Opening stock', 1, '2026-02-02 18:04:29', '2026-02-02 18:04:29'),
(186, 186, 'opening_stock', 4, 'Opening stock', 1, '2026-02-02 18:04:29', '2026-02-02 18:04:29'),
(187, 187, 'opening_stock', 2, 'Opening stock', 1, '2026-02-02 18:04:30', '2026-02-02 18:04:30'),
(188, 188, 'opening_stock', 3, 'Opening stock', 1, '2026-02-02 18:04:30', '2026-02-02 18:04:30'),
(189, 189, 'opening_stock', 4, 'Opening stock', 1, '2026-02-02 18:04:30', '2026-02-02 18:04:30'),
(190, 190, 'opening_stock', 12, 'Opening stock', 1, '2026-02-02 18:04:30', '2026-02-02 18:04:30'),
(191, 191, 'opening_stock', 119, 'Opening stock', 1, '2026-02-02 18:04:30', '2026-02-02 18:04:30'),
(192, 192, 'opening_stock', 47, 'Opening stock', 1, '2026-02-02 18:04:30', '2026-02-02 18:04:30'),
(193, 193, 'opening_stock', 50, 'Opening stock', 1, '2026-02-02 18:04:30', '2026-02-02 18:04:30'),
(194, 194, 'opening_stock', 9, 'Opening stock', 1, '2026-02-02 18:04:30', '2026-02-02 18:04:30'),
(195, 195, 'opening_stock', 45, 'Opening stock', 1, '2026-02-02 18:04:30', '2026-02-02 18:04:30'),
(196, 196, 'opening_stock', 48, 'Opening stock', 1, '2026-02-02 18:04:30', '2026-02-02 18:04:30'),
(197, 197, 'opening_stock', 49, 'Opening stock', 1, '2026-02-02 18:04:30', '2026-02-02 18:04:30'),
(198, 198, 'opening_stock', 49, 'Opening stock', 1, '2026-02-02 18:04:30', '2026-02-02 18:04:30'),
(199, 199, 'opening_stock', 46, 'Opening stock', 1, '2026-02-02 18:04:30', '2026-02-02 18:04:30'),
(200, 200, 'opening_stock', 47, 'Opening stock', 1, '2026-02-02 18:04:30', '2026-02-02 18:04:30'),
(201, 201, 'opening_stock', 48, 'Opening stock', 1, '2026-02-02 18:04:30', '2026-02-02 18:04:30'),
(202, 202, 'opening_stock', 48, 'Opening stock', 1, '2026-02-02 18:04:30', '2026-02-02 18:04:30'),
(203, 203, 'opening_stock', 45, 'Opening stock', 1, '2026-02-02 18:04:30', '2026-02-02 18:04:30'),
(204, 204, 'opening_stock', 51, 'Opening stock', 1, '2026-02-02 18:04:30', '2026-02-02 18:04:30'),
(205, 205, 'opening_stock', 11, 'Opening stock', 1, '2026-02-02 18:04:30', '2026-02-02 18:04:30'),
(206, 206, 'opening_stock', 5, 'Opening stock', 1, '2026-02-02 18:04:30', '2026-02-02 18:04:30'),
(207, 207, 'opening_stock', 3, 'Opening stock', 1, '2026-02-02 18:04:30', '2026-02-02 18:04:30'),
(208, 208, 'opening_stock', 8, 'Opening stock', 1, '2026-02-02 18:04:30', '2026-02-02 18:04:30'),
(209, 209, 'opening_stock', 6, 'Opening stock', 1, '2026-02-02 18:04:30', '2026-02-02 18:04:30'),
(210, 210, 'opening_stock', 52, 'Opening stock', 1, '2026-02-02 18:04:30', '2026-02-02 18:04:30'),
(211, 211, 'opening_stock', 19, 'Opening stock', 1, '2026-02-02 18:04:30', '2026-02-02 18:04:30'),
(212, 212, 'opening_stock', 9, 'Opening stock', 1, '2026-02-02 18:04:30', '2026-02-02 18:04:30'),
(213, 213, 'opening_stock', 44, 'Opening stock', 1, '2026-02-02 18:04:30', '2026-02-02 18:04:30'),
(214, 214, 'opening_stock', 22, 'Opening stock', 1, '2026-02-02 18:04:30', '2026-02-02 18:04:30'),
(215, 215, 'opening_stock', 11, 'Opening stock', 1, '2026-02-02 18:04:30', '2026-02-02 18:04:30'),
(216, 216, 'opening_stock', 9, 'Opening stock', 1, '2026-02-02 18:04:30', '2026-02-02 18:04:30'),
(217, 217, 'opening_stock', 6, 'Opening stock', 1, '2026-02-02 18:04:30', '2026-02-02 18:04:30'),
(218, 218, 'opening_stock', 7, 'Opening stock', 1, '2026-02-02 18:04:30', '2026-02-02 18:04:30'),
(219, 219, 'opening_stock', 24, 'Opening stock', 1, '2026-02-02 18:04:31', '2026-02-02 18:04:31'),
(220, 220, 'opening_stock', 43, 'Opening stock', 1, '2026-02-02 18:04:31', '2026-02-02 18:04:31'),
(221, 221, 'opening_stock', 7, 'Opening stock', 1, '2026-02-02 18:04:31', '2026-02-02 18:04:31'),
(222, 222, 'opening_stock', 11, 'Opening stock', 1, '2026-02-02 18:04:31', '2026-02-02 18:04:31'),
(223, 223, 'opening_stock', 5, 'Opening stock', 1, '2026-02-02 18:04:31', '2026-02-02 18:04:31'),
(224, 224, 'opening_stock', 13, 'Opening stock', 1, '2026-02-02 18:04:31', '2026-02-02 18:04:31'),
(225, 225, 'opening_stock', 87, 'Opening stock', 1, '2026-02-02 18:04:31', '2026-02-02 18:04:31'),
(226, 226, 'opening_stock', 4, 'Opening stock', 1, '2026-02-02 18:04:31', '2026-02-02 18:04:31'),
(227, 227, 'opening_stock', 12, 'Opening stock', 1, '2026-02-02 18:04:31', '2026-02-02 18:04:31'),
(228, 228, 'opening_stock', 117, 'Opening stock', 1, '2026-02-02 18:04:31', '2026-02-02 18:04:31'),
(229, 229, 'opening_stock', 665, 'Opening stock', 1, '2026-02-02 18:04:31', '2026-02-02 18:04:31'),
(230, 230, 'opening_stock', 35, 'Opening stock', 1, '2026-02-02 18:04:31', '2026-02-02 18:04:31'),
(231, 231, 'opening_stock', 45, 'Opening stock', 1, '2026-02-02 18:04:31', '2026-02-02 18:04:31'),
(232, 232, 'opening_stock', 45, 'Opening stock', 1, '2026-02-02 18:04:31', '2026-02-02 18:04:31'),
(233, 233, 'opening_stock', 236, 'Opening stock', 1, '2026-02-02 18:04:31', '2026-02-02 18:04:31'),
(234, 234, 'opening_stock', 7, 'Opening stock', 1, '2026-02-02 18:04:31', '2026-02-02 18:04:31'),
(235, 235, 'opening_stock', 6, 'Opening stock', 1, '2026-02-02 18:04:31', '2026-02-02 18:04:31'),
(236, 236, 'opening_stock', 2, 'Opening stock', 1, '2026-02-02 18:04:31', '2026-02-02 18:04:31'),
(237, 237, 'opening_stock', 1, 'Opening stock', 1, '2026-02-02 18:04:31', '2026-02-02 18:04:31'),
(238, 238, 'opening_stock', 1, 'Opening stock', 1, '2026-02-02 18:04:31', '2026-02-02 18:04:31'),
(239, 239, 'opening_stock', 1, 'Opening stock', 1, '2026-02-02 18:04:31', '2026-02-02 18:04:31'),
(240, 240, 'opening_stock', 629, 'Opening stock', 1, '2026-02-02 18:04:31', '2026-02-02 18:04:31'),
(241, 241, 'opening_stock', 260, 'Opening stock', 1, '2026-02-02 18:04:31', '2026-02-02 18:04:31'),
(242, 242, 'opening_stock', 8, 'Opening stock', 1, '2026-02-02 18:04:31', '2026-02-02 18:04:31'),
(243, 243, 'opening_stock', 3, 'Opening stock', 1, '2026-02-02 18:04:31', '2026-02-02 18:04:31'),
(244, 244, 'opening_stock', 3, 'Opening stock', 1, '2026-02-02 18:04:31', '2026-02-02 18:04:31'),
(245, 245, 'opening_stock', 4, 'Opening stock', 1, '2026-02-02 18:04:31', '2026-02-02 18:04:31'),
(246, 246, 'opening_stock', 3, 'Opening stock', 1, '2026-02-02 18:04:31', '2026-02-02 18:04:31'),
(247, 247, 'opening_stock', 6, 'Opening stock', 1, '2026-02-02 18:04:31', '2026-02-02 18:04:31'),
(248, 248, 'opening_stock', 2, 'Opening stock', 1, '2026-02-02 18:04:32', '2026-02-02 18:04:32'),
(249, 249, 'opening_stock', 2, 'Opening stock', 1, '2026-02-02 18:04:32', '2026-02-02 18:04:32'),
(250, 250, 'opening_stock', 3, 'Opening stock', 1, '2026-02-02 18:04:32', '2026-02-02 18:04:32'),
(251, 251, 'opening_stock', 1, 'Opening stock', 1, '2026-02-02 18:04:32', '2026-02-02 18:04:32'),
(252, 252, 'opening_stock', 1, 'Opening stock', 1, '2026-02-02 18:04:32', '2026-02-02 18:04:32'),
(253, 253, 'opening_stock', 1, 'Opening stock', 1, '2026-02-02 18:04:32', '2026-02-02 18:04:32'),
(254, 254, 'opening_stock', 36, 'Opening stock', 1, '2026-02-02 18:04:32', '2026-02-02 18:04:32'),
(255, 255, 'opening_stock', 10, 'Opening stock', 1, '2026-02-02 18:04:32', '2026-02-02 18:04:32'),
(256, 256, 'opening_stock', 8, 'Opening stock', 1, '2026-02-02 18:04:32', '2026-02-02 18:04:32'),
(257, 257, 'opening_stock', 8, 'Opening stock', 1, '2026-02-02 18:04:32', '2026-02-02 18:04:32'),
(258, 258, 'opening_stock', 59, 'Opening stock', 1, '2026-02-02 18:04:32', '2026-02-02 18:04:32'),
(259, 259, 'opening_stock', 39, 'Opening stock', 1, '2026-02-02 18:04:32', '2026-02-02 18:04:32'),
(260, 260, 'opening_stock', 56, 'Opening stock', 1, '2026-02-02 18:04:32', '2026-02-02 18:04:32'),
(261, 261, 'opening_stock', 2, 'Opening stock', 1, '2026-02-02 18:04:32', '2026-02-02 18:04:32'),
(262, 262, 'opening_stock', 3, 'Opening stock', 1, '2026-02-02 18:04:32', '2026-02-02 18:04:32'),
(263, 263, 'opening_stock', 5, 'Opening stock', 1, '2026-02-02 18:04:32', '2026-02-02 18:04:32'),
(264, 264, 'opening_stock', 6, 'Opening stock', 1, '2026-02-02 18:04:32', '2026-02-02 18:04:32'),
(265, 265, 'opening_stock', 7, 'Opening stock', 1, '2026-02-02 18:04:32', '2026-02-02 18:04:32'),
(266, 266, 'opening_stock', 2, 'Opening stock', 1, '2026-02-02 18:04:32', '2026-02-02 18:04:32'),
(267, 267, 'opening_stock', 4, 'Opening stock', 1, '2026-02-02 18:04:32', '2026-02-02 18:04:32'),
(268, 268, 'opening_stock', 8, 'Opening stock', 1, '2026-02-02 18:04:32', '2026-02-02 18:04:32'),
(269, 269, 'opening_stock', 6, 'Opening stock', 1, '2026-02-02 18:04:32', '2026-02-02 18:04:32'),
(270, 270, 'opening_stock', 160, 'Opening stock', 1, '2026-02-02 18:04:32', '2026-02-02 18:04:32'),
(271, 271, 'opening_stock', 2, 'Opening stock', 1, '2026-02-02 18:04:32', '2026-02-02 18:04:32'),
(272, 272, 'opening_stock', 2, 'Opening stock', 1, '2026-02-02 18:04:32', '2026-02-02 18:04:32'),
(273, 273, 'opening_stock', 4, 'Opening stock', 1, '2026-02-02 18:04:32', '2026-02-02 18:04:32'),
(274, 274, 'opening_stock', 5, 'Opening stock', 1, '2026-02-02 18:04:32', '2026-02-02 18:04:32'),
(275, 275, 'opening_stock', 2, 'Opening stock', 1, '2026-02-02 18:04:32', '2026-02-02 18:04:32'),
(276, 276, 'opening_stock', 5, 'Opening stock', 1, '2026-02-02 18:04:32', '2026-02-02 18:04:32'),
(277, 277, 'opening_stock', 5, 'Opening stock', 1, '2026-02-02 18:04:32', '2026-02-02 18:04:32'),
(278, 278, 'opening_stock', 3, 'Opening stock', 1, '2026-02-02 18:04:32', '2026-02-02 18:04:32'),
(279, 279, 'opening_stock', 3, 'Opening stock', 1, '2026-02-02 18:04:33', '2026-02-02 18:04:33'),
(280, 280, 'opening_stock', 2, 'Opening stock', 1, '2026-02-02 18:04:33', '2026-02-02 18:04:33'),
(281, 281, 'opening_stock', 153, 'Opening stock', 1, '2026-02-02 18:04:33', '2026-02-02 18:04:33'),
(282, 282, 'opening_stock', 12, 'Opening stock', 1, '2026-02-02 18:04:33', '2026-02-02 18:04:33'),
(283, 283, 'opening_stock', 14, 'Opening stock', 1, '2026-02-02 18:04:33', '2026-02-02 18:04:33'),
(284, 284, 'opening_stock', 12, 'Opening stock', 1, '2026-02-02 18:04:33', '2026-02-02 18:04:33'),
(285, 285, 'opening_stock', 12, 'Opening stock', 1, '2026-02-02 18:04:33', '2026-02-02 18:04:33'),
(286, 286, 'opening_stock', 63, 'Opening stock', 1, '2026-02-02 18:04:33', '2026-02-02 18:04:33'),
(287, 287, 'opening_stock', 1, 'Opening stock', 1, '2026-02-02 18:04:33', '2026-02-02 18:04:33'),
(288, 288, 'opening_stock', 10, 'Opening stock', 1, '2026-02-02 18:04:33', '2026-02-02 18:04:33'),
(289, 289, 'opening_stock', 5, 'Opening stock', 1, '2026-02-02 18:04:33', '2026-02-02 18:04:33'),
(290, 290, 'opening_stock', 6, 'Opening stock', 1, '2026-02-02 18:04:33', '2026-02-02 18:04:33'),
(291, 291, 'opening_stock', 3, 'Opening stock', 1, '2026-02-02 18:04:33', '2026-02-02 18:04:33'),
(292, 292, 'opening_stock', 57, 'Opening stock', 1, '2026-02-02 18:04:33', '2026-02-02 18:04:33'),
(293, 293, 'opening_stock', 2, 'Opening stock', 1, '2026-02-02 18:04:33', '2026-02-02 18:04:33'),
(294, 294, 'opening_stock', 2, 'Opening stock', 1, '2026-02-02 18:04:33', '2026-02-02 18:04:33'),
(295, 295, 'opening_stock', 3, 'Opening stock', 1, '2026-02-02 18:04:33', '2026-02-02 18:04:33'),
(296, 296, 'opening_stock', 1, 'Opening stock', 1, '2026-02-02 18:04:33', '2026-02-02 18:04:33'),
(297, 297, 'opening_stock', 2, 'Opening stock', 1, '2026-02-02 18:04:33', '2026-02-02 18:04:33'),
(298, 298, 'opening_stock', 72, 'Opening stock', 1, '2026-02-02 18:04:33', '2026-02-02 18:04:33'),
(299, 3, 'sale', -1, 'POS Order #107', 16, '2026-02-04 08:40:33', '2026-02-04 08:40:33'),
(300, 2, 'sale', -2, 'POS Order #107', 16, '2026-02-04 08:40:33', '2026-02-04 08:40:33'),
(301, 4, 'sale', -1, 'POS Order #107', 16, '2026-02-04 08:40:33', '2026-02-04 08:40:33'),
(302, 7, 'sale', -1, 'POS Order #107', 16, '2026-02-04 08:40:33', '2026-02-04 08:40:33');

-- --------------------------------------------------------

--
-- Table structure for table `roles`
--

CREATE TABLE IF NOT EXISTS `roles` (
  `id` bigint UNSIGNED NOT NULL AUTO_INCREMENT,
  `name` varchar(100) CHARACTER SET utf8mb4 COLLATE utf8mb4_general_ci NOT NULL,
  `guard_name` varchar(100) CHARACTER SET utf8mb4 COLLATE utf8mb4_general_ci NOT NULL,
  `max_discount_percentage` decimal(5,2) DEFAULT NULL,
  `otp_required_for_discount` tinyint(1) NOT NULL DEFAULT '0',
  `created_at` timestamp NULL DEFAULT NULL,
  `updated_at` timestamp NULL DEFAULT NULL,
  PRIMARY KEY (`id`),
  UNIQUE KEY `roles_name_guard_name_unique` (`name`,`guard_name`)
) ENGINE=InnoDB AUTO_INCREMENT=7 DEFAULT CHARSET=utf8mb4 COLLATE=utf8mb4_general_ci;

--
-- Dumping data for table `roles`
--

INSERT INTO `roles` (`id`, `name`, `guard_name`, `max_discount_percentage`, `otp_required_for_discount`, `created_at`, `updated_at`) VALUES
(4, 'Manager', 'web', 90.00, 1, '2025-12-17 06:50:36', '2026-01-26 15:08:29'),
(6, 'Stock Manager', 'web', 15.00, 1, '2026-01-02 08:56:24', '2026-01-26 15:08:44');

-- --------------------------------------------------------

--
-- Table structure for table `role_has_permissions`
--

CREATE TABLE IF NOT EXISTS `role_has_permissions` (
  `permission_id` bigint UNSIGNED NOT NULL,
  `role_id` bigint UNSIGNED NOT NULL,
  PRIMARY KEY (`permission_id`,`role_id`),
  KEY `role_has_permissions_role_id_foreign` (`role_id`)
) ENGINE=InnoDB DEFAULT CHARSET=utf8mb4 COLLATE=utf8mb4_general_ci;

--
-- Dumping data for table `role_has_permissions`
--

INSERT INTO `role_has_permissions` (`permission_id`, `role_id`) VALUES
(16, 4),
(17, 4),
(23, 4),
(24, 4),
(25, 4),
(26, 4),
(27, 4),
(28, 4),
(29, 4),
(30, 4),
(31, 4),
(32, 4),
(33, 4),
(34, 4),
(35, 4),
(36, 4),
(37, 4),
(38, 4),
(39, 4),
(40, 4),
(41, 4),
(42, 4),
(47, 4),
(48, 4),
(49, 4),
(50, 4),
(51, 4),
(52, 4),
(53, 4),
(54, 4),
(55, 4),
(56, 4),
(57, 4),
(58, 4),
(59, 4),
(60, 4),
(61, 4),
(62, 4),
(63, 4),
(64, 4),
(65, 4),
(66, 4),
(67, 4),
(68, 4),
(69, 4),
(70, 4),
(75, 4),
(76, 4),
(77, 4),
(94, 4),
(95, 4),
(96, 4),
(97, 4),
(23, 6),
(25, 6),
(27, 6),
(29, 6),
(31, 6),
(33, 6),
(35, 6),
(37, 6),
(39, 6),
(41, 6),
(47, 6),
(49, 6),
(51, 6),
(53, 6),
(55, 6),
(57, 6),
(59, 6),
(61, 6),
(63, 6),
(65, 6),
(67, 6),
(69, 6),
(82, 6),
(84, 6),
(86, 6),
(87, 6),
(89, 6),
(90, 6),
(92, 6),
(94, 6),
(95, 6),
(96, 6),
(97, 6),
(98, 6),
(100, 6),
(107, 6),
(109, 6),
(111, 6),
(112, 6),
(113, 6),
(115, 6),
(116, 6);

-- --------------------------------------------------------

--
-- Table structure for table `sessions`
--

CREATE TABLE IF NOT EXISTS `sessions` (
  `id` varchar(191) CHARACTER SET utf8mb4 COLLATE utf8mb4_general_ci NOT NULL,
  `user_id` bigint UNSIGNED DEFAULT NULL,
  `ip_address` varchar(45) CHARACTER SET utf8mb4 COLLATE utf8mb4_general_ci DEFAULT NULL,
  `user_agent` text CHARACTER SET utf8mb4 COLLATE utf8mb4_general_ci,
  `payload` longtext CHARACTER SET utf8mb4 COLLATE utf8mb4_general_ci NOT NULL,
  `last_activity` int NOT NULL,
  PRIMARY KEY (`id`),
  KEY `sessions_user_id_index` (`user_id`),
  KEY `sessions_last_activity_index` (`last_activity`)
) ENGINE=InnoDB DEFAULT CHARSET=utf8mb4 COLLATE=utf8mb4_general_ci;

--
-- Dumping data for table `sessions`
--

INSERT INTO `sessions` (`id`, `user_id`, `ip_address`, `user_agent`, `payload`, `last_activity`) VALUES
('iWCvuTLixfu224PoO4NhDHQDNgHbADfcVMvTAwJb', 1, '::1', 'Mozilla/5.0 (Windows NT 10.0; Win64; x64) AppleWebKit/537.36 (KHTML, like Gecko) Chrome/144.0.0.0 Safari/537.36', 'YTo1OntzOjY6Il90b2tlbiI7czo0MDoiaVl6UGI3SHZhS0NhOElaMmU5M0JYdlhJSTY1d21TbUVaYU9xOVI3eiI7czo5OiJfcHJldmlvdXMiO2E6Mjp7czozOiJ1cmwiO3M6NDk6Imh0dHA6Ly9lY29tLmxpdGUvYWRtaW4vc21zLXRlbXBsYXRlcy9wb3NfZGlzY291bnQiO3M6NToicm91dGUiO3M6MjQ6ImFkbWluLnNtcy10ZW1wbGF0ZXMuc2hvdyI7fXM6NjoiX2ZsYXNoIjthOjI6e3M6Mzoib2xkIjthOjA6e31zOjM6Im5ldyI7YTowOnt9fXM6MzoidXJsIjthOjE6e3M6ODoiaW50ZW5kZWQiO3M6MzU6Imh0dHA6Ly9lY29tLmxpdGUvYWRtaW4vcm9sZXMvNC9lZGl0Ijt9czo1MDoibG9naW5fd2ViXzU5YmEzNmFkZGMyYjJmOTQwMTU4MGYwMTRjN2Y1OGVhNGUzMDk4OWQiO2k6MTt9', 1770194799),
('kiWcYSK26Pb0LZCTYVgv63bgL6x8pb4DOJ0qr61m', 16, '::1', 'Mozilla/5.0 (Windows NT 10.0; Win64; x64) AppleWebKit/537.36 (KHTML, like Gecko) Chrome/144.0.0.0 Safari/537.36', 'YTo0OntzOjY6Il90b2tlbiI7czo0MDoiN0RyZ1FsdkpVS2NWQlFkNjM0eVl3RG85NXFlN2l1ZGoxSWltT1U5aiI7czo2OiJfZmxhc2giO2E6Mjp7czozOiJuZXciO2E6MDp7fXM6Mzoib2xkIjthOjA6e319czo5OiJfcHJldmlvdXMiO2E6Mjp7czozOiJ1cmwiO3M6NjU6Imh0dHA6Ly9lY29tLmxpdGUvYWRtaW4vYXBpL3Bvcy9wcm9kdWN0cz9jdXN0b21lcl9pZD0xOSZsaW1pdD0xMDAwIjtzOjU6InJvdXRlIjtzOjI4OiJhZG1pbi5hcGkucG9zLnByb2R1Y3RzLmluZGV4Ijt9czo1MDoibG9naW5fd2ViXzU5YmEzNmFkZGMyYjJmOTQwMTU4MGYwMTRjN2Y1OGVhNGUzMDk4OWQiO2k6MTY7fQ==', 1770194956),
('nVNt9zGmheOEyUmpUe4LqDb9P3YXfVib65WUuRUj', 1, '::1', 'Mozilla/5.0 (Windows NT 10.0; Win64; x64) AppleWebKit/537.36 (KHTML, like Gecko) Chrome/144.0.0.0 Safari/537.36', 'YTo1OntzOjY6Il90b2tlbiI7czo0MDoibE9QMkRtRUV0MDRXbjVoSEY3NXhvakp6Y3NkcEs1SjZjUXFNZnZtNSI7czozOiJ1cmwiO2E6MTp7czo4OiJpbnRlbmRlZCI7czoyOToiaHR0cDovL2Vjb20ubGl0ZS9hZG1pbi9vcmRlcnMiO31zOjk6Il9wcmV2aW91cyI7YToyOntzOjM6InVybCI7czo0MzoiaHR0cDovL2Vjb20ubGl0ZS9hZG1pbi9vcmRlcnM/c3RhdHVzPXBsYWNlZCI7czo1OiJyb3V0ZSI7czoxODoiYWRtaW4ub3JkZXJzLmluZGV4Ijt9czo2OiJfZmxhc2giO2E6Mjp7czozOiJvbGQiO2E6MDp7fXM6MzoibmV3IjthOjA6e319czo1MDoibG9naW5fd2ViXzU5YmEzNmFkZGMyYjJmOTQwMTU4MGYwMTRjN2Y1OGVhNGUzMDk4OWQiO2k6MTt9', 1770204648);

-- --------------------------------------------------------

--
-- Table structure for table `settings`
--

CREATE TABLE IF NOT EXISTS `settings` (
  `id` bigint UNSIGNED NOT NULL AUTO_INCREMENT,
  `key` varchar(191) CHARACTER SET utf8mb4 COLLATE utf8mb4_general_ci NOT NULL,
  `value` text CHARACTER SET utf8mb4 COLLATE utf8mb4_general_ci,
  `created_at` timestamp NULL DEFAULT NULL,
  `updated_at` timestamp NULL DEFAULT NULL,
  PRIMARY KEY (`id`),
  UNIQUE KEY `settings_key_unique` (`key`),
  KEY `settings_key_index` (`key`)
) ENGINE=InnoDB AUTO_INCREMENT=27 DEFAULT CHARSET=utf8mb4 COLLATE=utf8mb4_general_ci;

--
-- Dumping data for table `settings`
--

INSERT INTO `settings` (`id`, `key`, `value`, `created_at`, `updated_at`) VALUES
(1, 'site_logo', 'settings/63H8bO7TWgiBOqSssPqlGGvHjZIS973pPKfjDvY5.jpg', '2025-11-12 09:03:22', '2025-11-28 03:58:54'),
(2, 'site_logo_dark', 'settings/tjbjou1uYVfxT9mFCVYCoohFqT3vatmCzyDbwzkT.jpg', '2025-11-12 09:03:22', '2025-11-28 03:58:54'),
(3, 'site_name', 'SudheerKT One Gram Gold', '2025-11-12 09:03:22', '2025-11-28 22:33:56'),
(4, 'site_email', 'swethasogana123@gmail.com', '2025-11-12 09:03:22', '2025-11-28 03:37:08'),
(5, 'site_phone', '8143599919', '2025-11-12 09:03:22', '2025-11-28 03:37:08'),
(6, 'site_address', 'first floor, \r\nNew City fabric centre, beside Madhuri bar & restaurant,\r\nWarangal Chowrasta\r\nOld Beet Bazaar, \r\nWarangal, Telangana 506002', '2025-11-12 09:03:22', '2025-11-28 03:37:08'),
(7, 'meta_title', 'One Gram Gold Bangles | Latest Designs & Offers – Shiva jewellerss', '2025-11-12 09:03:22', '2025-11-28 03:37:08'),
(8, 'meta_description', NULL, '2025-11-12 09:03:22', '2025-11-12 09:03:22'),
(9, 'meta_keywords', 'One Gram Gold Bangles | Latest Designs & Offers – Shiva jewellerss', '2025-11-12 09:03:22', '2025-11-28 03:37:08'),
(10, 'payment_razorpay_enabled', '1', '2025-11-12 09:03:29', '2025-11-12 09:03:29'),
(11, 'payment_cod_enabled', '1', '2025-11-12 09:03:29', '2025-12-02 00:38:38'),
(12, 'sms_fast2sms_api_key', 'clbwSfuIb9kz8aukUOxPFsRWv2eQJL5M9mAgZ70hB3Gt4YKXjdb7bqFyn3TAjC0QKameER9lSxDBuZuv', '2025-11-21 10:10:54', '2026-02-04 08:36:54'),
(13, 'sms_fast2sms_sender', 'KiyoKT', '2025-11-21 10:10:54', '2026-02-04 08:39:07'),
(14, 'sms_fast2sms_route', 'dlt_manual', '2025-11-21 10:10:54', '2025-11-21 10:10:54'),
(15, 'sms_fast2sms_entity_id', '1701162780716530150', '2025-11-21 10:10:54', '2025-11-21 10:10:54'),
(16, 'sms_fast2sms_template_id_login', '1707171081385586580', '2025-11-21 10:10:54', '2025-11-21 10:10:54'),
(17, 'payment_razorpay_key_id', 'rzp_test_STh4nuMCZllhhB', '2025-11-21 10:20:49', '2025-11-21 10:20:49'),
(18, 'payment_razorpay_secret_key', 'ZUoPiEzMd71wpN2I9jtg5opi', '2025-11-21 10:20:49', '2025-11-21 10:20:49'),
(19, 'payment_razorpay_webhook_secret', '', '2025-11-21 10:20:49', '2025-11-21 10:20:49'),
(20, 'profit_include_shipping_in_cogs', 'true', '2025-11-24 09:58:20', '2025-11-24 09:58:20'),
(21, 'profit_include_discounts_in_cogs', 'true', '2025-11-24 09:58:20', '2025-11-24 09:58:20'),
(22, 'profit_include_tax_in_cogs', 'false', '2025-11-24 09:58:20', '2025-11-24 09:58:20'),
(23, 'profit_purchase_price_fallback_policy', 'mark_zero_and_flag', '2025-11-24 09:58:20', '2025-11-24 09:58:20'),
(24, 'openai_api_key', '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', '2026-01-10 09:09:39', '2026-01-10 09:09:39'),
(25, 'sms_fast2sms_url', 'https://sms.kiyosolutions.com/dev/bulkV2', '2026-02-02 09:33:08', '2026-02-04 08:39:39'),
(26, 'sms_store_manager_mobile', '9966337448', '2026-02-02 09:33:08', '2026-02-02 09:33:08');

-- --------------------------------------------------------

--
-- Table structure for table `shipments`
--

CREATE TABLE IF NOT EXISTS `shipments` (
  `id` bigint UNSIGNED NOT NULL AUTO_INCREMENT,
  `order_id` bigint UNSIGNED NOT NULL,
  `carrier_id` bigint UNSIGNED NOT NULL,
  `tracking_id` varchar(255) CHARACTER SET utf8mb4 COLLATE utf8mb4_general_ci DEFAULT NULL,
  `status` enum('pending','created','failed','delivered') CHARACTER SET utf8mb4 COLLATE utf8mb4_general_ci NOT NULL DEFAULT 'pending',
  `label_url` varchar(255) CHARACTER SET utf8mb4 COLLATE utf8mb4_general_ci DEFAULT NULL,
  `raw_response` json DEFAULT NULL,
  `metadata` json DEFAULT NULL,
  `created_at` timestamp NULL DEFAULT NULL,
  `updated_at` timestamp NULL DEFAULT NULL,
  PRIMARY KEY (`id`),
  KEY `shipments_order_id_index` (`order_id`),
  KEY `shipments_carrier_id_index` (`carrier_id`)
) ENGINE=InnoDB AUTO_INCREMENT=53 DEFAULT CHARSET=utf8mb4 COLLATE=utf8mb4_general_ci;

--
-- Dumping data for table `shipments`
--

INSERT INTO `shipments` (`id`, `order_id`, `carrier_id`, `tracking_id`, `status`, `label_url`, `raw_response`, `metadata`, `created_at`, `updated_at`) VALUES
(1, 4, 1, NULL, 'pending', NULL, NULL, '[]', '2025-11-21 11:42:10', '2025-11-21 11:42:10'),
(2, 3, 1, NULL, 'pending', NULL, NULL, NULL, '2025-11-21 12:16:59', '2025-11-21 12:16:59'),
(3, 32, 1, '31457910000044', 'created', 'https://track.delhivery.com/api/p/packing_slip?wbns=31457910000044', '{\"success\": true, \"packages\": [{\"client\": \"ace63d-KiyoSolutionsPvtLtd-do\", \"refnum\": \"32\", \"status\": \"Success\", \"payment\": \"Pre-paid\", \"remarks\": [\"\"], \"waybill\": \"31457910000044\", \"sort_code\": \"HYD/MGW\", \"cod_amount\": 0, \"serviceable\": true}], \"cod_count\": 0, \"cod_amount\": 0, \"upload_wbn\": \"UPL16115311039553162793\", \"cash_pickups\": 0, \"package_count\": 1, \"pickups_count\": 0, \"prepaid_count\": 1, \"replacement_count\": 0, \"cash_pickups_count\": 0}', '{\"package\": {\"client\": \"ace63d-KiyoSolutionsPvtLtd-do\", \"refnum\": \"32\", \"status\": \"Success\", \"payment\": \"Pre-paid\", \"remarks\": [\"\"], \"waybill\": \"31457910000044\", \"sort_code\": \"HYD/MGW\", \"cod_amount\": 0, \"serviceable\": true}}', '2025-12-16 10:30:12', '2025-12-16 10:30:16'),
(9, 43, 2, NULL, 'failed', NULL, '{\"error\": \"Client error: `POST https://app.elite.ekartlogistics.in/integrations/v2/auth/token/EKART_693d1a4cf3882c628fff1b51` resulted in a `401 Unauthorized` response:\\n{\\\"statusCode\\\":401,\\\"code\\\":\\\"c44d94cddbc84cd07f066eed0f59d6a8/1928355015477022351\\\",\\\"message\\\":\\\"INVALID_USERNAME_PASSWORD\\\",\\\"d (truncated...)\\n\", \"trace\": \"#0 C:\\\\wamp64\\\\www\\\\kiyo\\\\ecom_lite\\\\vendor\\\\guzzlehttp\\\\guzzle\\\\src\\\\Middleware.php(72): GuzzleHttp\\\\Exception\\\\RequestException::create(Object(GuzzleHttp\\\\Psr7\\\\Request), Object(GuzzleHttp\\\\Psr7\\\\Response), NULL, Array, NULL)\\n#1 C:\\\\wamp64\\\\www\\\\kiyo\\\\ecom_lite\\\\vendor\\\\guzzlehttp\\\\promises\\\\src\\\\Promise.php(209): GuzzleHttp\\\\Middleware::GuzzleHttp\\\\{closure}(Object(GuzzleHttp\\\\Psr7\\\\Response))\\n#2 C:\\\\wamp64\\\\www\\\\kiyo\\\\ecom_lite\\\\vendor\\\\guzzlehttp\\\\promises\\\\src\\\\Promise.php(158): GuzzleHttp\\\\Promise\\\\Promise::callHandler(1, Object(GuzzleHttp\\\\Psr7\\\\Response), NULL)\\n#3 C:\\\\wamp64\\\\www\\\\kiyo\\\\ecom_lite\\\\vendor\\\\guzzlehttp\\\\promises\\\\src\\\\TaskQueue.php(52): GuzzleHttp\\\\Promise\\\\Promise::GuzzleHttp\\\\Promise\\\\{closure}()\\n#4 C:\\\\wamp64\\\\www\\\\kiyo\\\\ecom_lite\\\\vendor\\\\guzzlehttp\\\\promises\\\\src\\\\Promise.php(251): GuzzleHttp\\\\Promise\\\\TaskQueue->run(true)\\n#5 C:\\\\wamp64\\\\www\\\\kiyo\\\\ecom_lite\\\\vendor\\\\guzzlehttp\\\\promises\\\\src\\\\Promise.php(227): GuzzleHttp\\\\Promise\\\\Promise->invokeWaitFn()\\n#6 C:\\\\wamp64\\\\www\\\\kiyo\\\\ecom_lite\\\\vendor\\\\guzzlehttp\\\\promises\\\\src\\\\Promise.php(272): GuzzleHttp\\\\Promise\\\\Promise->waitIfPending()\\n#7 C:\\\\wamp64\\\\www\\\\kiyo\\\\ecom_lite\\\\vendor\\\\guzzlehttp\\\\promises\\\\src\\\\Promise.php(229): GuzzleHttp\\\\Promise\\\\Promise->invokeWaitList()\\n#8 C:\\\\wamp64\\\\www\\\\kiyo\\\\ecom_lite\\\\vendor\\\\guzzlehttp\\\\promises\\\\src\\\\Promise.php(69): GuzzleHttp\\\\Promise\\\\Promise->waitIfPending()\\n#9 C:\\\\wamp64\\\\www\\\\kiyo\\\\ecom_lite\\\\vendor\\\\guzzlehttp\\\\guzzle\\\\src\\\\Client.php(189): GuzzleHttp\\\\Promise\\\\Promise->wait()\\n#10 C:\\\\wamp64\\\\www\\\\kiyo\\\\ecom_lite\\\\vendor\\\\guzzlehttp\\\\guzzle\\\\src\\\\ClientTrait.php(95): GuzzleHttp\\\\Client->request(\'POST\', \'/integrations/v...\', Array)\\n#11 C:\\\\wamp64\\\\www\\\\kiyo\\\\ecom_lite\\\\app\\\\Services\\\\Carriers\\\\EkartCarrier.php(45): GuzzleHttp\\\\Client->post(\'/integrations/v...\', Array)\\n#12 C:\\\\wamp64\\\\www\\\\kiyo\\\\ecom_lite\\\\app\\\\Jobs\\\\ProcessShipmentJob.php(44): App\\\\Services\\\\Carriers\\\\EkartCarrier->createShipment(Object(App\\\\Models\\\\Order), Array)\\n#13 C:\\\\wamp64\\\\www\\\\kiyo\\\\ecom_lite\\\\app\\\\Http\\\\Controllers\\\\Admin\\\\OrderController.php(258): App\\\\Jobs\\\\ProcessShipmentJob->execute()\\n#14 C:\\\\wamp64\\\\www\\\\kiyo\\\\ecom_lite\\\\vendor\\\\laravel\\\\framework\\\\src\\\\Illuminate\\\\Routing\\\\Controller.php(54): App\\\\Http\\\\Controllers\\\\Admin\\\\OrderController->storeShipment(Object(Illuminate\\\\Http\\\\Request), Object(App\\\\Models\\\\Order))\\n#15 C:\\\\wamp64\\\\www\\\\kiyo\\\\ecom_lite\\\\vendor\\\\laravel\\\\framework\\\\src\\\\Illuminate\\\\Routing\\\\ControllerDispatcher.php(43): Illuminate\\\\Routing\\\\Controller->callAction(\'storeShipment\', Array)\\n#16 C:\\\\wamp64\\\\www\\\\kiyo\\\\ecom_lite\\\\vendor\\\\laravel\\\\framework\\\\src\\\\Illuminate\\\\Routing\\\\Route.php(265): Illuminate\\\\Routing\\\\ControllerDispatcher->dispatch(Object(Illuminate\\\\Routing\\\\Route), Object(App\\\\Http\\\\Controllers\\\\Admin\\\\OrderController), \'storeShipment\')\\n#17 C:\\\\wamp64\\\\www\\\\kiyo\\\\ecom_lite\\\\vendor\\\\laravel\\\\framework\\\\src\\\\Illuminate\\\\Routing\\\\Route.php(211): Illuminate\\\\Routing\\\\Route->runController()\\n#18 C:\\\\wamp64\\\\www\\\\kiyo\\\\ecom_lite\\\\vendor\\\\laravel\\\\framework\\\\src\\\\Illuminate\\\\Routing\\\\Router.php(822): Illuminate\\\\Routing\\\\Route->run()\\n#19 C:\\\\wamp64\\\\www\\\\kiyo\\\\ecom_lite\\\\vendor\\\\laravel\\\\framework\\\\src\\\\Illuminate\\\\Pipeline\\\\Pipeline.php(180): Illuminate\\\\Routing\\\\Router->Illuminate\\\\Routing\\\\{closure}(Object(Illuminate\\\\Http\\\\Request))\\n#20 C:\\\\wamp64\\\\www\\\\kiyo\\\\ecom_lite\\\\app\\\\Http\\\\Middleware\\\\CheckUserType.php(32): Illuminate\\\\Pipeline\\\\Pipeline->Illuminate\\\\Pipeline\\\\{closure}(Object(Illuminate\\\\Http\\\\Request))\\n#21 C:\\\\wamp64\\\\www\\\\kiyo\\\\ecom_lite\\\\vendor\\\\laravel\\\\framework\\\\src\\\\Illuminate\\\\Pipeline\\\\Pipeline.php(219): App\\\\Http\\\\Middleware\\\\CheckUserType->handle(Object(Illuminate\\\\Http\\\\Request), Object(Closure), \'admin\', \'staff\')\\n#22 C:\\\\wamp64\\\\www\\\\kiyo\\\\ecom_lite\\\\vendor\\\\laravel\\\\framework\\\\src\\\\Illuminate\\\\Routing\\\\Middleware\\\\SubstituteBindings.php(50): Illuminate\\\\Pipeline\\\\Pipeline->Illuminate\\\\Pipeline\\\\{closure}(Object(Illuminate\\\\Http\\\\Request))\\n#23 C:\\\\wamp64\\\\www\\\\kiyo\\\\ecom_lite\\\\vendor\\\\laravel\\\\framework\\\\src\\\\Illuminate\\\\Pipeline\\\\Pipeline.php(219): Illuminate\\\\Routing\\\\Middleware\\\\SubstituteBindings->handle(Object(Illuminate\\\\Http\\\\Request), Object(Closure))\\n#24 C:\\\\wamp64\\\\www\\\\kiyo\\\\ecom_lite\\\\vendor\\\\laravel\\\\framework\\\\src\\\\Illuminate\\\\Auth\\\\Middleware\\\\Authenticate.php(63): Illuminate\\\\Pipeline\\\\Pipeline->Illuminate\\\\Pipeline\\\\{closure}(Object(Illuminate\\\\Http\\\\Request))\\n#25 C:\\\\wamp64\\\\www\\\\kiyo\\\\ecom_lite\\\\vendor\\\\laravel\\\\framework\\\\src\\\\Illuminate\\\\Pipeline\\\\Pipeline.php(219): Illuminate\\\\Auth\\\\Middleware\\\\Authenticate->handle(Object(Illuminate\\\\Http\\\\Request), Object(Closure))\\n#26 C:\\\\wamp64\\\\www\\\\kiyo\\\\ecom_lite\\\\vendor\\\\laravel\\\\framework\\\\src\\\\Illuminate\\\\Foundation\\\\Http\\\\Middleware\\\\VerifyCsrfToken.php(87): Illuminate\\\\Pipeline\\\\Pipeline->Illuminate\\\\Pipeline\\\\{closure}(Object(Illuminate\\\\Http\\\\Request))\\n#27 C:\\\\wamp64\\\\www\\\\kiyo\\\\ecom_lite\\\\vendor\\\\laravel\\\\framework\\\\src\\\\Illuminate\\\\Pipeline\\\\Pipeline.php(219): Illuminate\\\\Foundation\\\\Http\\\\Middleware\\\\VerifyCsrfToken->handle(Object(Illuminate\\\\Http\\\\Request), Object(Closure))\\n#28 C:\\\\wamp64\\\\www\\\\kiyo\\\\ecom_lite\\\\vendor\\\\laravel\\\\framework\\\\src\\\\Illuminate\\\\View\\\\Middleware\\\\ShareErrorsFromSession.php(48): Illuminate\\\\Pipeline\\\\Pipeline->Illuminate\\\\Pipeline\\\\{closure}(Object(Illuminate\\\\Http\\\\Request))\\n#29 C:\\\\wamp64\\\\www\\\\kiyo\\\\ecom_lite\\\\vendor\\\\laravel\\\\framework\\\\src\\\\Illuminate\\\\Pipeline\\\\Pipeline.php(219): Illuminate\\\\View\\\\Middleware\\\\ShareErrorsFromSession->handle(Object(Illuminate\\\\Http\\\\Request), Object(Closure))\\n#30 C:\\\\wamp64\\\\www\\\\kiyo\\\\ecom_lite\\\\vendor\\\\laravel\\\\framework\\\\src\\\\Illuminate\\\\Session\\\\Middleware\\\\StartSession.php(120): Illuminate\\\\Pipeline\\\\Pipeline->Illuminate\\\\Pipeline\\\\{closure}(Object(Illuminate\\\\Http\\\\Request))\\n#31 C:\\\\wamp64\\\\www\\\\kiyo\\\\ecom_lite\\\\vendor\\\\laravel\\\\framework\\\\src\\\\Illuminate\\\\Session\\\\Middleware\\\\StartSession.php(63): Illuminate\\\\Session\\\\Middleware\\\\StartSession->handleStatefulRequest(Object(Illuminate\\\\Http\\\\Request), Object(Illuminate\\\\Session\\\\Store), Object(Closure))\\n#32 C:\\\\wamp64\\\\www\\\\kiyo\\\\ecom_lite\\\\vendor\\\\laravel\\\\framework\\\\src\\\\Illuminate\\\\Pipeline\\\\Pipeline.php(219): Illuminate\\\\Session\\\\Middleware\\\\StartSession->handle(Object(Illuminate\\\\Http\\\\Request), Object(Closure))\\n#33 C:\\\\wamp64\\\\www\\\\kiyo\\\\ecom_lite\\\\vendor\\\\laravel\\\\framework\\\\src\\\\Illuminate\\\\Cookie\\\\Middleware\\\\AddQueuedCookiesToResponse.php(36): Illuminate\\\\Pipeline\\\\Pipeline->Illuminate\\\\Pipeline\\\\{closure}(Object(Illuminate\\\\Http\\\\Request))\\n#34 C:\\\\wamp64\\\\www\\\\kiyo\\\\ecom_lite\\\\vendor\\\\laravel\\\\framework\\\\src\\\\Illuminate\\\\Pipeline\\\\Pipeline.php(219): Illuminate\\\\Cookie\\\\Middleware\\\\AddQueuedCookiesToResponse->handle(Object(Illuminate\\\\Http\\\\Request), Object(Closure))\\n#35 C:\\\\wamp64\\\\www\\\\kiyo\\\\ecom_lite\\\\vendor\\\\laravel\\\\framework\\\\src\\\\Illuminate\\\\Cookie\\\\Middleware\\\\EncryptCookies.php(74): Illuminate\\\\Pipeline\\\\Pipeline->Illuminate\\\\Pipeline\\\\{closure}(Object(Illuminate\\\\Http\\\\Request))\\n#36 C:\\\\wamp64\\\\www\\\\kiyo\\\\ecom_lite\\\\vendor\\\\laravel\\\\framework\\\\src\\\\Illuminate\\\\Pipeline\\\\Pipeline.php(219): Illuminate\\\\Cookie\\\\Middleware\\\\EncryptCookies->handle(Object(Illuminate\\\\Http\\\\Request), Object(Closure))\\n#37 C:\\\\wamp64\\\\www\\\\kiyo\\\\ecom_lite\\\\vendor\\\\laravel\\\\framework\\\\src\\\\Illuminate\\\\Pipeline\\\\Pipeline.php(137): Illuminate\\\\Pipeline\\\\Pipeline->Illuminate\\\\Pipeline\\\\{closure}(Object(Illuminate\\\\Http\\\\Request))\\n#38 C:\\\\wamp64\\\\www\\\\kiyo\\\\ecom_lite\\\\vendor\\\\laravel\\\\framework\\\\src\\\\Illuminate\\\\Routing\\\\Router.php(821): Illuminate\\\\Pipeline\\\\Pipeline->then(Object(Closure))\\n#39 C:\\\\wamp64\\\\www\\\\kiyo\\\\ecom_lite\\\\vendor\\\\laravel\\\\framework\\\\src\\\\Illuminate\\\\Routing\\\\Router.php(800): Illuminate\\\\Routing\\\\Router->runRouteWithinStack(Object(Illuminate\\\\Routing\\\\Route), Object(Illuminate\\\\Http\\\\Request))\\n#40 C:\\\\wamp64\\\\www\\\\kiyo\\\\ecom_lite\\\\vendor\\\\laravel\\\\framework\\\\src\\\\Illuminate\\\\Routing\\\\Router.php(764): Illuminate\\\\Routing\\\\Router->runRoute(Object(Illuminate\\\\Http\\\\Request), Object(Illuminate\\\\Routing\\\\Route))\\n#41 C:\\\\wamp64\\\\www\\\\kiyo\\\\ecom_lite\\\\vendor\\\\laravel\\\\framework\\\\src\\\\Illuminate\\\\Routing\\\\Router.php(753): Illuminate\\\\Routing\\\\Router->dispatchToRoute(Object(Illuminate\\\\Http\\\\Request))\\n#42 C:\\\\wamp64\\\\www\\\\kiyo\\\\ecom_lite\\\\vendor\\\\laravel\\\\framework\\\\src\\\\Illuminate\\\\Foundation\\\\Http\\\\Kernel.php(200): Illuminate\\\\Routing\\\\Router->dispatch(Object(Illuminate\\\\Http\\\\Request))\\n#43 C:\\\\wamp64\\\\www\\\\kiyo\\\\ecom_lite\\\\vendor\\\\laravel\\\\framework\\\\src\\\\Illuminate\\\\Pipeline\\\\Pipeline.php(180): Illuminate\\\\Foundation\\\\Http\\\\Kernel->Illuminate\\\\Foundation\\\\Http\\\\{closure}(Object(Illuminate\\\\Http\\\\Request))\\n#44 C:\\\\wamp64\\\\www\\\\kiyo\\\\ecom_lite\\\\vendor\\\\laravel\\\\framework\\\\src\\\\Illuminate\\\\Foundation\\\\Http\\\\Middleware\\\\TransformsRequest.php(21): Illuminate\\\\Pipeline\\\\Pipeline->Illuminate\\\\Pipeline\\\\{closure}(Object(Illuminate\\\\Http\\\\Request))\\n#45 C:\\\\wamp64\\\\www\\\\kiyo\\\\ecom_lite\\\\vendor\\\\laravel\\\\framework\\\\src\\\\Illuminate\\\\Foundation\\\\Http\\\\Middleware\\\\ConvertEmptyStringsToNull.php(31): Illuminate\\\\Foundation\\\\Http\\\\Middleware\\\\TransformsRequest->handle(Object(Illuminate\\\\Http\\\\Request), Object(Closure))\\n#46 C:\\\\wamp64\\\\www\\\\kiyo\\\\ecom_lite\\\\vendor\\\\laravel\\\\framework\\\\src\\\\Illuminate\\\\Pipeline\\\\Pipeline.php(219): Illuminate\\\\Foundation\\\\Http\\\\Middleware\\\\ConvertEmptyStringsToNull->handle(Object(Illuminate\\\\Http\\\\Request), Object(Closure))\\n#47 C:\\\\wamp64\\\\www\\\\kiyo\\\\ecom_lite\\\\vendor\\\\laravel\\\\framework\\\\src\\\\Illuminate\\\\Foundation\\\\Http\\\\Middleware\\\\TransformsRequest.php(21): Illuminate\\\\Pipeline\\\\Pipeline->Illuminate\\\\Pipeline\\\\{closure}(Object(Illuminate\\\\Http\\\\Request))\\n#48 C:\\\\wamp64\\\\www\\\\kiyo\\\\ecom_lite\\\\vendor\\\\laravel\\\\framework\\\\src\\\\Illuminate\\\\Foundation\\\\Http\\\\Middleware\\\\TrimStrings.php(51): Illuminate\\\\Foundation\\\\Http\\\\Middleware\\\\TransformsRequest->handle(Object(Illuminate\\\\Http\\\\Request), Object(Closure))\\n#49 C:\\\\wamp64\\\\www\\\\kiyo\\\\ecom_lite\\\\vendor\\\\laravel\\\\framework\\\\src\\\\Illuminate\\\\Pipeline\\\\Pipeline.php(219): Illuminate\\\\Foundation\\\\Http\\\\Middleware\\\\TrimStrings->handle(Object(Illuminate\\\\Http\\\\Request), Object(Closure))\\n#50 C:\\\\wamp64\\\\www\\\\kiyo\\\\ecom_lite\\\\vendor\\\\laravel\\\\framework\\\\src\\\\Illuminate\\\\Http\\\\Middleware\\\\ValidatePostSize.php(27): Illuminate\\\\Pipeline\\\\Pipeline->Illuminate\\\\Pipeline\\\\{closure}(Object(Illuminate\\\\Http\\\\Request))\\n#51 C:\\\\wamp64\\\\www\\\\kiyo\\\\ecom_lite\\\\vendor\\\\laravel\\\\framework\\\\src\\\\Illuminate\\\\Pipeline\\\\Pipeline.php(219): Illuminate\\\\Http\\\\Middleware\\\\ValidatePostSize->handle(Object(Illuminate\\\\Http\\\\Request), Object(Closure))\\n#52 C:\\\\wamp64\\\\www\\\\kiyo\\\\ecom_lite\\\\vendor\\\\laravel\\\\framework\\\\src\\\\Illuminate\\\\Foundation\\\\Http\\\\Middleware\\\\PreventRequestsDuringMaintenance.php(109): Illuminate\\\\Pipeline\\\\Pipeline->Illuminate\\\\Pipeline\\\\{closure}(Object(Illuminate\\\\Http\\\\Request))\\n#53 C:\\\\wamp64\\\\www\\\\kiyo\\\\ecom_lite\\\\vendor\\\\laravel\\\\framework\\\\src\\\\Illuminate\\\\Pipeline\\\\Pipeline.php(219): Illuminate\\\\Foundation\\\\Http\\\\Middleware\\\\PreventRequestsDuringMaintenance->handle(Object(Illuminate\\\\Http\\\\Request), Object(Closure))\\n#54 C:\\\\wamp64\\\\www\\\\kiyo\\\\ecom_lite\\\\vendor\\\\laravel\\\\framework\\\\src\\\\Illuminate\\\\Http\\\\Middleware\\\\HandleCors.php(48): Illuminate\\\\Pipeline\\\\Pipeline->Illuminate\\\\Pipeline\\\\{closure}(Object(Illuminate\\\\Http\\\\Request))\\n#55 C:\\\\wamp64\\\\www\\\\kiyo\\\\ecom_lite\\\\vendor\\\\laravel\\\\framework\\\\src\\\\Illuminate\\\\Pipeline\\\\Pipeline.php(219): Illuminate\\\\Http\\\\Middleware\\\\HandleCors->handle(Object(Illuminate\\\\Http\\\\Request), Object(Closure))\\n#56 C:\\\\wamp64\\\\www\\\\kiyo\\\\ecom_lite\\\\vendor\\\\laravel\\\\framework\\\\src\\\\Illuminate\\\\Http\\\\Middleware\\\\TrustProxies.php(58): Illuminate\\\\Pipeline\\\\Pipeline->Illuminate\\\\Pipeline\\\\{closure}(Object(Illuminate\\\\Http\\\\Request))\\n#57 C:\\\\wamp64\\\\www\\\\kiyo\\\\ecom_lite\\\\vendor\\\\laravel\\\\framework\\\\src\\\\Illuminate\\\\Pipeline\\\\Pipeline.php(219): Illuminate\\\\Http\\\\Middleware\\\\TrustProxies->handle(Object(Illuminate\\\\Http\\\\Request), Object(Closure))\\n#58 C:\\\\wamp64\\\\www\\\\kiyo\\\\ecom_lite\\\\vendor\\\\laravel\\\\framework\\\\src\\\\Illuminate\\\\Foundation\\\\Http\\\\Middleware\\\\InvokeDeferredCallbacks.php(22): Illuminate\\\\Pipeline\\\\Pipeline->Illuminate\\\\Pipeline\\\\{closure}(Object(Illuminate\\\\Http\\\\Request))\\n#59 C:\\\\wamp64\\\\www\\\\kiyo\\\\ecom_lite\\\\vendor\\\\laravel\\\\framework\\\\src\\\\Illuminate\\\\Pipeline\\\\Pipeline.php(219): Illuminate\\\\Foundation\\\\Http\\\\Middleware\\\\InvokeDeferredCallbacks->handle(Object(Illuminate\\\\Http\\\\Request), Object(Closure))\\n#60 C:\\\\wamp64\\\\www\\\\kiyo\\\\ecom_lite\\\\vendor\\\\laravel\\\\framework\\\\src\\\\Illuminate\\\\Http\\\\Middleware\\\\ValidatePathEncoding.php(26): Illuminate\\\\Pipeline\\\\Pipeline->Illuminate\\\\Pipeline\\\\{closure}(Object(Illuminate\\\\Http\\\\Request))\\n#61 C:\\\\wamp64\\\\www\\\\kiyo\\\\ecom_lite\\\\vendor\\\\laravel\\\\framework\\\\src\\\\Illuminate\\\\Pipeline\\\\Pipeline.php(219): Illuminate\\\\Http\\\\Middleware\\\\ValidatePathEncoding->handle(Object(Illuminate\\\\Http\\\\Request), Object(Closure))\\n#62 C:\\\\wamp64\\\\www\\\\kiyo\\\\ecom_lite\\\\vendor\\\\laravel\\\\framework\\\\src\\\\Illuminate\\\\Pipeline\\\\Pipeline.php(137): Illuminate\\\\Pipeline\\\\Pipeline->Illuminate\\\\Pipeline\\\\{closure}(Object(Illuminate\\\\Http\\\\Request))\\n#63 C:\\\\wamp64\\\\www\\\\kiyo\\\\ecom_lite\\\\vendor\\\\laravel\\\\framework\\\\src\\\\Illuminate\\\\Foundation\\\\Http\\\\Kernel.php(175): Illuminate\\\\Pipeline\\\\Pipeline->then(Object(Closure))\\n#64 C:\\\\wamp64\\\\www\\\\kiyo\\\\ecom_lite\\\\vendor\\\\laravel\\\\framework\\\\src\\\\Illuminate\\\\Foundation\\\\Http\\\\Kernel.php(144): Illuminate\\\\Foundation\\\\Http\\\\Kernel->sendRequestThroughRouter(Object(Illuminate\\\\Http\\\\Request))\\n#65 C:\\\\wamp64\\\\www\\\\kiyo\\\\ecom_lite\\\\public\\\\index.php(51): Illuminate\\\\Foundation\\\\Http\\\\Kernel->handle(Object(Illuminate\\\\Http\\\\Request))\\n#66 {main}\"}', NULL, '2025-12-17 16:02:50', '2025-12-17 16:02:52'),
(35, 72, 3, NULL, 'failed', NULL, '{\"error\": \"Failed to create XpressBees shipment: ID already in use.\", \"trace\": \"#0 C:\\\\wamp64\\\\www\\\\kiyo\\\\ecom_lite\\\\app\\\\Jobs\\\\ProcessShipmentJob.php(44): App\\\\Services\\\\Carriers\\\\ExpressBeesCarrier->createShipment(Object(App\\\\Models\\\\Order), Array)\\n#1 C:\\\\wamp64\\\\www\\\\kiyo\\\\ecom_lite\\\\app\\\\Http\\\\Controllers\\\\Admin\\\\OrderController.php(258): App\\\\Jobs\\\\ProcessShipmentJob->execute()\\n#2 C:\\\\wamp64\\\\www\\\\kiyo\\\\ecom_lite\\\\vendor\\\\laravel\\\\framework\\\\src\\\\Illuminate\\\\Routing\\\\Controller.php(54): App\\\\Http\\\\Controllers\\\\Admin\\\\OrderController->storeShipment(Object(Illuminate\\\\Http\\\\Request), Object(App\\\\Models\\\\Order))\\n#3 C:\\\\wamp64\\\\www\\\\kiyo\\\\ecom_lite\\\\vendor\\\\laravel\\\\framework\\\\src\\\\Illuminate\\\\Routing\\\\ControllerDispatcher.php(43): Illuminate\\\\Routing\\\\Controller->callAction(\'storeShipment\', Array)\\n#4 C:\\\\wamp64\\\\www\\\\kiyo\\\\ecom_lite\\\\vendor\\\\laravel\\\\framework\\\\src\\\\Illuminate\\\\Routing\\\\Route.php(265): Illuminate\\\\Routing\\\\ControllerDispatcher->dispatch(Object(Illuminate\\\\Routing\\\\Route), Object(App\\\\Http\\\\Controllers\\\\Admin\\\\OrderController), \'storeShipment\')\\n#5 C:\\\\wamp64\\\\www\\\\kiyo\\\\ecom_lite\\\\vendor\\\\laravel\\\\framework\\\\src\\\\Illuminate\\\\Routing\\\\Route.php(211): Illuminate\\\\Routing\\\\Route->runController()\\n#6 C:\\\\wamp64\\\\www\\\\kiyo\\\\ecom_lite\\\\vendor\\\\laravel\\\\framework\\\\src\\\\Illuminate\\\\Routing\\\\Router.php(822): Illuminate\\\\Routing\\\\Route->run()\\n#7 C:\\\\wamp64\\\\www\\\\kiyo\\\\ecom_lite\\\\vendor\\\\laravel\\\\framework\\\\src\\\\Illuminate\\\\Pipeline\\\\Pipeline.php(180): Illuminate\\\\Routing\\\\Router->Illuminate\\\\Routing\\\\{closure}(Object(Illuminate\\\\Http\\\\Request))\\n#8 C:\\\\wamp64\\\\www\\\\kiyo\\\\ecom_lite\\\\app\\\\Http\\\\Middleware\\\\CheckUserType.php(40): Illuminate\\\\Pipeline\\\\Pipeline->Illuminate\\\\Pipeline\\\\{closure}(Object(Illuminate\\\\Http\\\\Request))\\n#9 C:\\\\wamp64\\\\www\\\\kiyo\\\\ecom_lite\\\\vendor\\\\laravel\\\\framework\\\\src\\\\Illuminate\\\\Pipeline\\\\Pipeline.php(219): App\\\\Http\\\\Middleware\\\\CheckUserType->handle(Object(Illuminate\\\\Http\\\\Request), Object(Closure), \'admin\', \'staff\')\\n#10 C:\\\\wamp64\\\\www\\\\kiyo\\\\ecom_lite\\\\vendor\\\\laravel\\\\framework\\\\src\\\\Illuminate\\\\Routing\\\\Middleware\\\\SubstituteBindings.php(50): Illuminate\\\\Pipeline\\\\Pipeline->Illuminate\\\\Pipeline\\\\{closure}(Object(Illuminate\\\\Http\\\\Request))\\n#11 C:\\\\wamp64\\\\www\\\\kiyo\\\\ecom_lite\\\\vendor\\\\laravel\\\\framework\\\\src\\\\Illuminate\\\\Pipeline\\\\Pipeline.php(219): Illuminate\\\\Routing\\\\Middleware\\\\SubstituteBindings->handle(Object(Illuminate\\\\Http\\\\Request), Object(Closure))\\n#12 C:\\\\wamp64\\\\www\\\\kiyo\\\\ecom_lite\\\\vendor\\\\laravel\\\\framework\\\\src\\\\Illuminate\\\\Auth\\\\Middleware\\\\Authenticate.php(63): Illuminate\\\\Pipeline\\\\Pipeline->Illuminate\\\\Pipeline\\\\{closure}(Object(Illuminate\\\\Http\\\\Request))\\n#13 C:\\\\wamp64\\\\www\\\\kiyo\\\\ecom_lite\\\\vendor\\\\laravel\\\\framework\\\\src\\\\Illuminate\\\\Pipeline\\\\Pipeline.php(219): Illuminate\\\\Auth\\\\Middleware\\\\Authenticate->handle(Object(Illuminate\\\\Http\\\\Request), Object(Closure))\\n#14 C:\\\\wamp64\\\\www\\\\kiyo\\\\ecom_lite\\\\vendor\\\\laravel\\\\framework\\\\src\\\\Illuminate\\\\Foundation\\\\Http\\\\Middleware\\\\VerifyCsrfToken.php(87): Illuminate\\\\Pipeline\\\\Pipeline->Illuminate\\\\Pipeline\\\\{closure}(Object(Illuminate\\\\Http\\\\Request))\\n#15 C:\\\\wamp64\\\\www\\\\kiyo\\\\ecom_lite\\\\vendor\\\\laravel\\\\framework\\\\src\\\\Illuminate\\\\Pipeline\\\\Pipeline.php(219): Illuminate\\\\Foundation\\\\Http\\\\Middleware\\\\VerifyCsrfToken->handle(Object(Illuminate\\\\Http\\\\Request), Object(Closure))\\n#16 C:\\\\wamp64\\\\www\\\\kiyo\\\\ecom_lite\\\\vendor\\\\laravel\\\\framework\\\\src\\\\Illuminate\\\\View\\\\Middleware\\\\ShareErrorsFromSession.php(48): Illuminate\\\\Pipeline\\\\Pipeline->Illuminate\\\\Pipeline\\\\{closure}(Object(Illuminate\\\\Http\\\\Request))\\n#17 C:\\\\wamp64\\\\www\\\\kiyo\\\\ecom_lite\\\\vendor\\\\laravel\\\\framework\\\\src\\\\Illuminate\\\\Pipeline\\\\Pipeline.php(219): Illuminate\\\\View\\\\Middleware\\\\ShareErrorsFromSession->handle(Object(Illuminate\\\\Http\\\\Request), Object(Closure))\\n#18 C:\\\\wamp64\\\\www\\\\kiyo\\\\ecom_lite\\\\vendor\\\\laravel\\\\framework\\\\src\\\\Illuminate\\\\Session\\\\Middleware\\\\StartSession.php(120): Illuminate\\\\Pipeline\\\\Pipeline->Illuminate\\\\Pipeline\\\\{closure}(Object(Illuminate\\\\Http\\\\Request))\\n#19 C:\\\\wamp64\\\\www\\\\kiyo\\\\ecom_lite\\\\vendor\\\\laravel\\\\framework\\\\src\\\\Illuminate\\\\Session\\\\Middleware\\\\StartSession.php(63): Illuminate\\\\Session\\\\Middleware\\\\StartSession->handleStatefulRequest(Object(Illuminate\\\\Http\\\\Request), Object(Illuminate\\\\Session\\\\Store), Object(Closure))\\n#20 C:\\\\wamp64\\\\www\\\\kiyo\\\\ecom_lite\\\\vendor\\\\laravel\\\\framework\\\\src\\\\Illuminate\\\\Pipeline\\\\Pipeline.php(219): Illuminate\\\\Session\\\\Middleware\\\\StartSession->handle(Object(Illuminate\\\\Http\\\\Request), Object(Closure))\\n#21 C:\\\\wamp64\\\\www\\\\kiyo\\\\ecom_lite\\\\vendor\\\\laravel\\\\framework\\\\src\\\\Illuminate\\\\Cookie\\\\Middleware\\\\AddQueuedCookiesToResponse.php(36): Illuminate\\\\Pipeline\\\\Pipeline->Illuminate\\\\Pipeline\\\\{closure}(Object(Illuminate\\\\Http\\\\Request))\\n#22 C:\\\\wamp64\\\\www\\\\kiyo\\\\ecom_lite\\\\vendor\\\\laravel\\\\framework\\\\src\\\\Illuminate\\\\Pipeline\\\\Pipeline.php(219): Illuminate\\\\Cookie\\\\Middleware\\\\AddQueuedCookiesToResponse->handle(Object(Illuminate\\\\Http\\\\Request), Object(Closure))\\n#23 C:\\\\wamp64\\\\www\\\\kiyo\\\\ecom_lite\\\\vendor\\\\laravel\\\\framework\\\\src\\\\Illuminate\\\\Cookie\\\\Middleware\\\\EncryptCookies.php(74): Illuminate\\\\Pipeline\\\\Pipeline->Illuminate\\\\Pipeline\\\\{closure}(Object(Illuminate\\\\Http\\\\Request))\\n#24 C:\\\\wamp64\\\\www\\\\kiyo\\\\ecom_lite\\\\vendor\\\\laravel\\\\framework\\\\src\\\\Illuminate\\\\Pipeline\\\\Pipeline.php(219): Illuminate\\\\Cookie\\\\Middleware\\\\EncryptCookies->handle(Object(Illuminate\\\\Http\\\\Request), Object(Closure))\\n#25 C:\\\\wamp64\\\\www\\\\kiyo\\\\ecom_lite\\\\vendor\\\\laravel\\\\framework\\\\src\\\\Illuminate\\\\Pipeline\\\\Pipeline.php(137): Illuminate\\\\Pipeline\\\\Pipeline->Illuminate\\\\Pipeline\\\\{closure}(Object(Illuminate\\\\Http\\\\Request))\\n#26 C:\\\\wamp64\\\\www\\\\kiyo\\\\ecom_lite\\\\vendor\\\\laravel\\\\framework\\\\src\\\\Illuminate\\\\Routing\\\\Router.php(821): Illuminate\\\\Pipeline\\\\Pipeline->then(Object(Closure))\\n#27 C:\\\\wamp64\\\\www\\\\kiyo\\\\ecom_lite\\\\vendor\\\\laravel\\\\framework\\\\src\\\\Illuminate\\\\Routing\\\\Router.php(800): Illuminate\\\\Routing\\\\Router->runRouteWithinStack(Object(Illuminate\\\\Routing\\\\Route), Object(Illuminate\\\\Http\\\\Request))\\n#28 C:\\\\wamp64\\\\www\\\\kiyo\\\\ecom_lite\\\\vendor\\\\laravel\\\\framework\\\\src\\\\Illuminate\\\\Routing\\\\Router.php(764): Illuminate\\\\Routing\\\\Router->runRoute(Object(Illuminate\\\\Http\\\\Request), Object(Illuminate\\\\Routing\\\\Route))\\n#29 C:\\\\wamp64\\\\www\\\\kiyo\\\\ecom_lite\\\\vendor\\\\laravel\\\\framework\\\\src\\\\Illuminate\\\\Routing\\\\Router.php(753): Illuminate\\\\Routing\\\\Router->dispatchToRoute(Object(Illuminate\\\\Http\\\\Request))\\n#30 C:\\\\wamp64\\\\www\\\\kiyo\\\\ecom_lite\\\\vendor\\\\laravel\\\\framework\\\\src\\\\Illuminate\\\\Foundation\\\\Http\\\\Kernel.php(200): Illuminate\\\\Routing\\\\Router->dispatch(Object(Illuminate\\\\Http\\\\Request))\\n#31 C:\\\\wamp64\\\\www\\\\kiyo\\\\ecom_lite\\\\vendor\\\\laravel\\\\framework\\\\src\\\\Illuminate\\\\Pipeline\\\\Pipeline.php(180): Illuminate\\\\Foundation\\\\Http\\\\Kernel->Illuminate\\\\Foundation\\\\Http\\\\{closure}(Object(Illuminate\\\\Http\\\\Request))\\n#32 C:\\\\wamp64\\\\www\\\\kiyo\\\\ecom_lite\\\\vendor\\\\laravel\\\\framework\\\\src\\\\Illuminate\\\\Foundation\\\\Http\\\\Middleware\\\\TransformsRequest.php(21): Illuminate\\\\Pipeline\\\\Pipeline->Illuminate\\\\Pipeline\\\\{closure}(Object(Illuminate\\\\Http\\\\Request))\\n#33 C:\\\\wamp64\\\\www\\\\kiyo\\\\ecom_lite\\\\vendor\\\\laravel\\\\framework\\\\src\\\\Illuminate\\\\Foundation\\\\Http\\\\Middleware\\\\ConvertEmptyStringsToNull.php(31): Illuminate\\\\Foundation\\\\Http\\\\Middleware\\\\TransformsRequest->handle(Object(Illuminate\\\\Http\\\\Request), Object(Closure))\\n#34 C:\\\\wamp64\\\\www\\\\kiyo\\\\ecom_lite\\\\vendor\\\\laravel\\\\framework\\\\src\\\\Illuminate\\\\Pipeline\\\\Pipeline.php(219): Illuminate\\\\Foundation\\\\Http\\\\Middleware\\\\ConvertEmptyStringsToNull->handle(Object(Illuminate\\\\Http\\\\Request), Object(Closure))\\n#35 C:\\\\wamp64\\\\www\\\\kiyo\\\\ecom_lite\\\\vendor\\\\laravel\\\\framework\\\\src\\\\Illuminate\\\\Foundation\\\\Http\\\\Middleware\\\\TransformsRequest.php(21): Illuminate\\\\Pipeline\\\\Pipeline->Illuminate\\\\Pipeline\\\\{closure}(Object(Illuminate\\\\Http\\\\Request))\\n#36 C:\\\\wamp64\\\\www\\\\kiyo\\\\ecom_lite\\\\vendor\\\\laravel\\\\framework\\\\src\\\\Illuminate\\\\Foundation\\\\Http\\\\Middleware\\\\TrimStrings.php(51): Illuminate\\\\Foundation\\\\Http\\\\Middleware\\\\TransformsRequest->handle(Object(Illuminate\\\\Http\\\\Request), Object(Closure))\\n#37 C:\\\\wamp64\\\\www\\\\kiyo\\\\ecom_lite\\\\vendor\\\\laravel\\\\framework\\\\src\\\\Illuminate\\\\Pipeline\\\\Pipeline.php(219): Illuminate\\\\Foundation\\\\Http\\\\Middleware\\\\TrimStrings->handle(Object(Illuminate\\\\Http\\\\Request), Object(Closure))\\n#38 C:\\\\wamp64\\\\www\\\\kiyo\\\\ecom_lite\\\\vendor\\\\laravel\\\\framework\\\\src\\\\Illuminate\\\\Http\\\\Middleware\\\\ValidatePostSize.php(27): Illuminate\\\\Pipeline\\\\Pipeline->Illuminate\\\\Pipeline\\\\{closure}(Object(Illuminate\\\\Http\\\\Request))\\n#39 C:\\\\wamp64\\\\www\\\\kiyo\\\\ecom_lite\\\\vendor\\\\laravel\\\\framework\\\\src\\\\Illuminate\\\\Pipeline\\\\Pipeline.php(219): Illuminate\\\\Http\\\\Middleware\\\\ValidatePostSize->handle(Object(Illuminate\\\\Http\\\\Request), Object(Closure))\\n#40 C:\\\\wamp64\\\\www\\\\kiyo\\\\ecom_lite\\\\vendor\\\\laravel\\\\framework\\\\src\\\\Illuminate\\\\Foundation\\\\Http\\\\Middleware\\\\PreventRequestsDuringMaintenance.php(109): Illuminate\\\\Pipeline\\\\Pipeline->Illuminate\\\\Pipeline\\\\{closure}(Object(Illuminate\\\\Http\\\\Request))\\n#41 C:\\\\wamp64\\\\www\\\\kiyo\\\\ecom_lite\\\\vendor\\\\laravel\\\\framework\\\\src\\\\Illuminate\\\\Pipeline\\\\Pipeline.php(219): Illuminate\\\\Foundation\\\\Http\\\\Middleware\\\\PreventRequestsDuringMaintenance->handle(Object(Illuminate\\\\Http\\\\Request), Object(Closure))\\n#42 C:\\\\wamp64\\\\www\\\\kiyo\\\\ecom_lite\\\\vendor\\\\laravel\\\\framework\\\\src\\\\Illuminate\\\\Http\\\\Middleware\\\\HandleCors.php(48): Illuminate\\\\Pipeline\\\\Pipeline->Illuminate\\\\Pipeline\\\\{closure}(Object(Illuminate\\\\Http\\\\Request))\\n#43 C:\\\\wamp64\\\\www\\\\kiyo\\\\ecom_lite\\\\vendor\\\\laravel\\\\framework\\\\src\\\\Illuminate\\\\Pipeline\\\\Pipeline.php(219): Illuminate\\\\Http\\\\Middleware\\\\HandleCors->handle(Object(Illuminate\\\\Http\\\\Request), Object(Closure))\\n#44 C:\\\\wamp64\\\\www\\\\kiyo\\\\ecom_lite\\\\vendor\\\\laravel\\\\framework\\\\src\\\\Illuminate\\\\Http\\\\Middleware\\\\TrustProxies.php(58): Illuminate\\\\Pipeline\\\\Pipeline->Illuminate\\\\Pipeline\\\\{closure}(Object(Illuminate\\\\Http\\\\Request))\\n#45 C:\\\\wamp64\\\\www\\\\kiyo\\\\ecom_lite\\\\vendor\\\\laravel\\\\framework\\\\src\\\\Illuminate\\\\Pipeline\\\\Pipeline.php(219): Illuminate\\\\Http\\\\Middleware\\\\TrustProxies->handle(Object(Illuminate\\\\Http\\\\Request), Object(Closure))\\n#46 C:\\\\wamp64\\\\www\\\\kiyo\\\\ecom_lite\\\\vendor\\\\laravel\\\\framework\\\\src\\\\Illuminate\\\\Foundation\\\\Http\\\\Middleware\\\\InvokeDeferredCallbacks.php(22): Illuminate\\\\Pipeline\\\\Pipeline->Illuminate\\\\Pipeline\\\\{closure}(Object(Illuminate\\\\Http\\\\Request))\\n#47 C:\\\\wamp64\\\\www\\\\kiyo\\\\ecom_lite\\\\vendor\\\\laravel\\\\framework\\\\src\\\\Illuminate\\\\Pipeline\\\\Pipeline.php(219): Illuminate\\\\Foundation\\\\Http\\\\Middleware\\\\InvokeDeferredCallbacks->handle(Object(Illuminate\\\\Http\\\\Request), Object(Closure))\\n#48 C:\\\\wamp64\\\\www\\\\kiyo\\\\ecom_lite\\\\vendor\\\\laravel\\\\framework\\\\src\\\\Illuminate\\\\Http\\\\Middleware\\\\ValidatePathEncoding.php(26): Illuminate\\\\Pipeline\\\\Pipeline->Illuminate\\\\Pipeline\\\\{closure}(Object(Illuminate\\\\Http\\\\Request))\\n#49 C:\\\\wamp64\\\\www\\\\kiyo\\\\ecom_lite\\\\vendor\\\\laravel\\\\framework\\\\src\\\\Illuminate\\\\Pipeline\\\\Pipeline.php(219): Illuminate\\\\Http\\\\Middleware\\\\ValidatePathEncoding->handle(Object(Illuminate\\\\Http\\\\Request), Object(Closure))\\n#50 C:\\\\wamp64\\\\www\\\\kiyo\\\\ecom_lite\\\\vendor\\\\laravel\\\\framework\\\\src\\\\Illuminate\\\\Pipeline\\\\Pipeline.php(137): Illuminate\\\\Pipeline\\\\Pipeline->Illuminate\\\\Pipeline\\\\{closure}(Object(Illuminate\\\\Http\\\\Request))\\n#51 C:\\\\wamp64\\\\www\\\\kiyo\\\\ecom_lite\\\\vendor\\\\laravel\\\\framework\\\\src\\\\Illuminate\\\\Foundation\\\\Http\\\\Kernel.php(175): Illuminate\\\\Pipeline\\\\Pipeline->then(Object(Closure))\\n#52 C:\\\\wamp64\\\\www\\\\kiyo\\\\ecom_lite\\\\vendor\\\\laravel\\\\framework\\\\src\\\\Illuminate\\\\Foundation\\\\Http\\\\Kernel.php(144): Illuminate\\\\Foundation\\\\Http\\\\Kernel->sendRequestThroughRouter(Object(Illuminate\\\\Http\\\\Request))\\n#53 C:\\\\wamp64\\\\www\\\\kiyo\\\\ecom_lite\\\\public\\\\index.php(51): Illuminate\\\\Foundation\\\\Http\\\\Kernel->handle(Object(Illuminate\\\\Http\\\\Request))\\n#54 {main}\"}', NULL, '2025-12-22 13:17:23', '2025-12-22 13:17:25'),
(36, 71, 3, NULL, 'failed', NULL, '{\"error\": \"Failed to create XpressBees shipment: No Autoship rule found\", \"trace\": \"#0 C:\\\\wamp64\\\\www\\\\kiyo\\\\ecom_lite\\\\app\\\\Jobs\\\\ProcessShipmentJob.php(44): App\\\\Services\\\\Carriers\\\\ExpressBeesCarrier->createShipment(Object(App\\\\Models\\\\Order), Array)\\n#1 C:\\\\wamp64\\\\www\\\\kiyo\\\\ecom_lite\\\\app\\\\Http\\\\Controllers\\\\Admin\\\\OrderController.php(258): App\\\\Jobs\\\\ProcessShipmentJob->execute()\\n#2 C:\\\\wamp64\\\\www\\\\kiyo\\\\ecom_lite\\\\vendor\\\\laravel\\\\framework\\\\src\\\\Illuminate\\\\Routing\\\\Controller.php(54): App\\\\Http\\\\Controllers\\\\Admin\\\\OrderController->storeShipment(Object(Illuminate\\\\Http\\\\Request), Object(App\\\\Models\\\\Order))\\n#3 C:\\\\wamp64\\\\www\\\\kiyo\\\\ecom_lite\\\\vendor\\\\laravel\\\\framework\\\\src\\\\Illuminate\\\\Routing\\\\ControllerDispatcher.php(43): Illuminate\\\\Routing\\\\Controller->callAction(\'storeShipment\', Array)\\n#4 C:\\\\wamp64\\\\www\\\\kiyo\\\\ecom_lite\\\\vendor\\\\laravel\\\\framework\\\\src\\\\Illuminate\\\\Routing\\\\Route.php(265): Illuminate\\\\Routing\\\\ControllerDispatcher->dispatch(Object(Illuminate\\\\Routing\\\\Route), Object(App\\\\Http\\\\Controllers\\\\Admin\\\\OrderController), \'storeShipment\')\\n#5 C:\\\\wamp64\\\\www\\\\kiyo\\\\ecom_lite\\\\vendor\\\\laravel\\\\framework\\\\src\\\\Illuminate\\\\Routing\\\\Route.php(211): Illuminate\\\\Routing\\\\Route->runController()\\n#6 C:\\\\wamp64\\\\www\\\\kiyo\\\\ecom_lite\\\\vendor\\\\laravel\\\\framework\\\\src\\\\Illuminate\\\\Routing\\\\Router.php(822): Illuminate\\\\Routing\\\\Route->run()\\n#7 C:\\\\wamp64\\\\www\\\\kiyo\\\\ecom_lite\\\\vendor\\\\laravel\\\\framework\\\\src\\\\Illuminate\\\\Pipeline\\\\Pipeline.php(180): Illuminate\\\\Routing\\\\Router->Illuminate\\\\Routing\\\\{closure}(Object(Illuminate\\\\Http\\\\Request))\\n#8 C:\\\\wamp64\\\\www\\\\kiyo\\\\ecom_lite\\\\app\\\\Http\\\\Middleware\\\\CheckUserType.php(40): Illuminate\\\\Pipeline\\\\Pipeline->Illuminate\\\\Pipeline\\\\{closure}(Object(Illuminate\\\\Http\\\\Request))\\n#9 C:\\\\wamp64\\\\www\\\\kiyo\\\\ecom_lite\\\\vendor\\\\laravel\\\\framework\\\\src\\\\Illuminate\\\\Pipeline\\\\Pipeline.php(219): App\\\\Http\\\\Middleware\\\\CheckUserType->handle(Object(Illuminate\\\\Http\\\\Request), Object(Closure), \'admin\', \'staff\')\\n#10 C:\\\\wamp64\\\\www\\\\kiyo\\\\ecom_lite\\\\vendor\\\\laravel\\\\framework\\\\src\\\\Illuminate\\\\Routing\\\\Middleware\\\\SubstituteBindings.php(50): Illuminate\\\\Pipeline\\\\Pipeline->Illuminate\\\\Pipeline\\\\{closure}(Object(Illuminate\\\\Http\\\\Request))\\n#11 C:\\\\wamp64\\\\www\\\\kiyo\\\\ecom_lite\\\\vendor\\\\laravel\\\\framework\\\\src\\\\Illuminate\\\\Pipeline\\\\Pipeline.php(219): Illuminate\\\\Routing\\\\Middleware\\\\SubstituteBindings->handle(Object(Illuminate\\\\Http\\\\Request), Object(Closure))\\n#12 C:\\\\wamp64\\\\www\\\\kiyo\\\\ecom_lite\\\\vendor\\\\laravel\\\\framework\\\\src\\\\Illuminate\\\\Auth\\\\Middleware\\\\Authenticate.php(63): Illuminate\\\\Pipeline\\\\Pipeline->Illuminate\\\\Pipeline\\\\{closure}(Object(Illuminate\\\\Http\\\\Request))\\n#13 C:\\\\wamp64\\\\www\\\\kiyo\\\\ecom_lite\\\\vendor\\\\laravel\\\\framework\\\\src\\\\Illuminate\\\\Pipeline\\\\Pipeline.php(219): Illuminate\\\\Auth\\\\Middleware\\\\Authenticate->handle(Object(Illuminate\\\\Http\\\\Request), Object(Closure))\\n#14 C:\\\\wamp64\\\\www\\\\kiyo\\\\ecom_lite\\\\vendor\\\\laravel\\\\framework\\\\src\\\\Illuminate\\\\Foundation\\\\Http\\\\Middleware\\\\VerifyCsrfToken.php(87): Illuminate\\\\Pipeline\\\\Pipeline->Illuminate\\\\Pipeline\\\\{closure}(Object(Illuminate\\\\Http\\\\Request))\\n#15 C:\\\\wamp64\\\\www\\\\kiyo\\\\ecom_lite\\\\vendor\\\\laravel\\\\framework\\\\src\\\\Illuminate\\\\Pipeline\\\\Pipeline.php(219): Illuminate\\\\Foundation\\\\Http\\\\Middleware\\\\VerifyCsrfToken->handle(Object(Illuminate\\\\Http\\\\Request), Object(Closure))\\n#16 C:\\\\wamp64\\\\www\\\\kiyo\\\\ecom_lite\\\\vendor\\\\laravel\\\\framework\\\\src\\\\Illuminate\\\\View\\\\Middleware\\\\ShareErrorsFromSession.php(48): Illuminate\\\\Pipeline\\\\Pipeline->Illuminate\\\\Pipeline\\\\{closure}(Object(Illuminate\\\\Http\\\\Request))\\n#17 C:\\\\wamp64\\\\www\\\\kiyo\\\\ecom_lite\\\\vendor\\\\laravel\\\\framework\\\\src\\\\Illuminate\\\\Pipeline\\\\Pipeline.php(219): Illuminate\\\\View\\\\Middleware\\\\ShareErrorsFromSession->handle(Object(Illuminate\\\\Http\\\\Request), Object(Closure))\\n#18 C:\\\\wamp64\\\\www\\\\kiyo\\\\ecom_lite\\\\vendor\\\\laravel\\\\framework\\\\src\\\\Illuminate\\\\Session\\\\Middleware\\\\StartSession.php(120): Illuminate\\\\Pipeline\\\\Pipeline->Illuminate\\\\Pipeline\\\\{closure}(Object(Illuminate\\\\Http\\\\Request))\\n#19 C:\\\\wamp64\\\\www\\\\kiyo\\\\ecom_lite\\\\vendor\\\\laravel\\\\framework\\\\src\\\\Illuminate\\\\Session\\\\Middleware\\\\StartSession.php(63): Illuminate\\\\Session\\\\Middleware\\\\StartSession->handleStatefulRequest(Object(Illuminate\\\\Http\\\\Request), Object(Illuminate\\\\Session\\\\Store), Object(Closure))\\n#20 C:\\\\wamp64\\\\www\\\\kiyo\\\\ecom_lite\\\\vendor\\\\laravel\\\\framework\\\\src\\\\Illuminate\\\\Pipeline\\\\Pipeline.php(219): Illuminate\\\\Session\\\\Middleware\\\\StartSession->handle(Object(Illuminate\\\\Http\\\\Request), Object(Closure))\\n#21 C:\\\\wamp64\\\\www\\\\kiyo\\\\ecom_lite\\\\vendor\\\\laravel\\\\framework\\\\src\\\\Illuminate\\\\Cookie\\\\Middleware\\\\AddQueuedCookiesToResponse.php(36): Illuminate\\\\Pipeline\\\\Pipeline->Illuminate\\\\Pipeline\\\\{closure}(Object(Illuminate\\\\Http\\\\Request))\\n#22 C:\\\\wamp64\\\\www\\\\kiyo\\\\ecom_lite\\\\vendor\\\\laravel\\\\framework\\\\src\\\\Illuminate\\\\Pipeline\\\\Pipeline.php(219): Illuminate\\\\Cookie\\\\Middleware\\\\AddQueuedCookiesToResponse->handle(Object(Illuminate\\\\Http\\\\Request), Object(Closure))\\n#23 C:\\\\wamp64\\\\www\\\\kiyo\\\\ecom_lite\\\\vendor\\\\laravel\\\\framework\\\\src\\\\Illuminate\\\\Cookie\\\\Middleware\\\\EncryptCookies.php(74): Illuminate\\\\Pipeline\\\\Pipeline->Illuminate\\\\Pipeline\\\\{closure}(Object(Illuminate\\\\Http\\\\Request))\\n#24 C:\\\\wamp64\\\\www\\\\kiyo\\\\ecom_lite\\\\vendor\\\\laravel\\\\framework\\\\src\\\\Illuminate\\\\Pipeline\\\\Pipeline.php(219): Illuminate\\\\Cookie\\\\Middleware\\\\EncryptCookies->handle(Object(Illuminate\\\\Http\\\\Request), Object(Closure))\\n#25 C:\\\\wamp64\\\\www\\\\kiyo\\\\ecom_lite\\\\vendor\\\\laravel\\\\framework\\\\src\\\\Illuminate\\\\Pipeline\\\\Pipeline.php(137): Illuminate\\\\Pipeline\\\\Pipeline->Illuminate\\\\Pipeline\\\\{closure}(Object(Illuminate\\\\Http\\\\Request))\\n#26 C:\\\\wamp64\\\\www\\\\kiyo\\\\ecom_lite\\\\vendor\\\\laravel\\\\framework\\\\src\\\\Illuminate\\\\Routing\\\\Router.php(821): Illuminate\\\\Pipeline\\\\Pipeline->then(Object(Closure))\\n#27 C:\\\\wamp64\\\\www\\\\kiyo\\\\ecom_lite\\\\vendor\\\\laravel\\\\framework\\\\src\\\\Illuminate\\\\Routing\\\\Router.php(800): Illuminate\\\\Routing\\\\Router->runRouteWithinStack(Object(Illuminate\\\\Routing\\\\Route), Object(Illuminate\\\\Http\\\\Request))\\n#28 C:\\\\wamp64\\\\www\\\\kiyo\\\\ecom_lite\\\\vendor\\\\laravel\\\\framework\\\\src\\\\Illuminate\\\\Routing\\\\Router.php(764): Illuminate\\\\Routing\\\\Router->runRoute(Object(Illuminate\\\\Http\\\\Request), Object(Illuminate\\\\Routing\\\\Route))\\n#29 C:\\\\wamp64\\\\www\\\\kiyo\\\\ecom_lite\\\\vendor\\\\laravel\\\\framework\\\\src\\\\Illuminate\\\\Routing\\\\Router.php(753): Illuminate\\\\Routing\\\\Router->dispatchToRoute(Object(Illuminate\\\\Http\\\\Request))\\n#30 C:\\\\wamp64\\\\www\\\\kiyo\\\\ecom_lite\\\\vendor\\\\laravel\\\\framework\\\\src\\\\Illuminate\\\\Foundation\\\\Http\\\\Kernel.php(200): Illuminate\\\\Routing\\\\Router->dispatch(Object(Illuminate\\\\Http\\\\Request))\\n#31 C:\\\\wamp64\\\\www\\\\kiyo\\\\ecom_lite\\\\vendor\\\\laravel\\\\framework\\\\src\\\\Illuminate\\\\Pipeline\\\\Pipeline.php(180): Illuminate\\\\Foundation\\\\Http\\\\Kernel->Illuminate\\\\Foundation\\\\Http\\\\{closure}(Object(Illuminate\\\\Http\\\\Request))\\n#32 C:\\\\wamp64\\\\www\\\\kiyo\\\\ecom_lite\\\\vendor\\\\laravel\\\\framework\\\\src\\\\Illuminate\\\\Foundation\\\\Http\\\\Middleware\\\\TransformsRequest.php(21): Illuminate\\\\Pipeline\\\\Pipeline->Illuminate\\\\Pipeline\\\\{closure}(Object(Illuminate\\\\Http\\\\Request))\\n#33 C:\\\\wamp64\\\\www\\\\kiyo\\\\ecom_lite\\\\vendor\\\\laravel\\\\framework\\\\src\\\\Illuminate\\\\Foundation\\\\Http\\\\Middleware\\\\ConvertEmptyStringsToNull.php(31): Illuminate\\\\Foundation\\\\Http\\\\Middleware\\\\TransformsRequest->handle(Object(Illuminate\\\\Http\\\\Request), Object(Closure))\\n#34 C:\\\\wamp64\\\\www\\\\kiyo\\\\ecom_lite\\\\vendor\\\\laravel\\\\framework\\\\src\\\\Illuminate\\\\Pipeline\\\\Pipeline.php(219): Illuminate\\\\Foundation\\\\Http\\\\Middleware\\\\ConvertEmptyStringsToNull->handle(Object(Illuminate\\\\Http\\\\Request), Object(Closure))\\n#35 C:\\\\wamp64\\\\www\\\\kiyo\\\\ecom_lite\\\\vendor\\\\laravel\\\\framework\\\\src\\\\Illuminate\\\\Foundation\\\\Http\\\\Middleware\\\\TransformsRequest.php(21): Illuminate\\\\Pipeline\\\\Pipeline->Illuminate\\\\Pipeline\\\\{closure}(Object(Illuminate\\\\Http\\\\Request))\\n#36 C:\\\\wamp64\\\\www\\\\kiyo\\\\ecom_lite\\\\vendor\\\\laravel\\\\framework\\\\src\\\\Illuminate\\\\Foundation\\\\Http\\\\Middleware\\\\TrimStrings.php(51): Illuminate\\\\Foundation\\\\Http\\\\Middleware\\\\TransformsRequest->handle(Object(Illuminate\\\\Http\\\\Request), Object(Closure))\\n#37 C:\\\\wamp64\\\\www\\\\kiyo\\\\ecom_lite\\\\vendor\\\\laravel\\\\framework\\\\src\\\\Illuminate\\\\Pipeline\\\\Pipeline.php(219): Illuminate\\\\Foundation\\\\Http\\\\Middleware\\\\TrimStrings->handle(Object(Illuminate\\\\Http\\\\Request), Object(Closure))\\n#38 C:\\\\wamp64\\\\www\\\\kiyo\\\\ecom_lite\\\\vendor\\\\laravel\\\\framework\\\\src\\\\Illuminate\\\\Http\\\\Middleware\\\\ValidatePostSize.php(27): Illuminate\\\\Pipeline\\\\Pipeline->Illuminate\\\\Pipeline\\\\{closure}(Object(Illuminate\\\\Http\\\\Request))\\n#39 C:\\\\wamp64\\\\www\\\\kiyo\\\\ecom_lite\\\\vendor\\\\laravel\\\\framework\\\\src\\\\Illuminate\\\\Pipeline\\\\Pipeline.php(219): Illuminate\\\\Http\\\\Middleware\\\\ValidatePostSize->handle(Object(Illuminate\\\\Http\\\\Request), Object(Closure))\\n#40 C:\\\\wamp64\\\\www\\\\kiyo\\\\ecom_lite\\\\vendor\\\\laravel\\\\framework\\\\src\\\\Illuminate\\\\Foundation\\\\Http\\\\Middleware\\\\PreventRequestsDuringMaintenance.php(109): Illuminate\\\\Pipeline\\\\Pipeline->Illuminate\\\\Pipeline\\\\{closure}(Object(Illuminate\\\\Http\\\\Request))\\n#41 C:\\\\wamp64\\\\www\\\\kiyo\\\\ecom_lite\\\\vendor\\\\laravel\\\\framework\\\\src\\\\Illuminate\\\\Pipeline\\\\Pipeline.php(219): Illuminate\\\\Foundation\\\\Http\\\\Middleware\\\\PreventRequestsDuringMaintenance->handle(Object(Illuminate\\\\Http\\\\Request), Object(Closure))\\n#42 C:\\\\wamp64\\\\www\\\\kiyo\\\\ecom_lite\\\\vendor\\\\laravel\\\\framework\\\\src\\\\Illuminate\\\\Http\\\\Middleware\\\\HandleCors.php(48): Illuminate\\\\Pipeline\\\\Pipeline->Illuminate\\\\Pipeline\\\\{closure}(Object(Illuminate\\\\Http\\\\Request))\\n#43 C:\\\\wamp64\\\\www\\\\kiyo\\\\ecom_lite\\\\vendor\\\\laravel\\\\framework\\\\src\\\\Illuminate\\\\Pipeline\\\\Pipeline.php(219): Illuminate\\\\Http\\\\Middleware\\\\HandleCors->handle(Object(Illuminate\\\\Http\\\\Request), Object(Closure))\\n#44 C:\\\\wamp64\\\\www\\\\kiyo\\\\ecom_lite\\\\vendor\\\\laravel\\\\framework\\\\src\\\\Illuminate\\\\Http\\\\Middleware\\\\TrustProxies.php(58): Illuminate\\\\Pipeline\\\\Pipeline->Illuminate\\\\Pipeline\\\\{closure}(Object(Illuminate\\\\Http\\\\Request))\\n#45 C:\\\\wamp64\\\\www\\\\kiyo\\\\ecom_lite\\\\vendor\\\\laravel\\\\framework\\\\src\\\\Illuminate\\\\Pipeline\\\\Pipeline.php(219): Illuminate\\\\Http\\\\Middleware\\\\TrustProxies->handle(Object(Illuminate\\\\Http\\\\Request), Object(Closure))\\n#46 C:\\\\wamp64\\\\www\\\\kiyo\\\\ecom_lite\\\\vendor\\\\laravel\\\\framework\\\\src\\\\Illuminate\\\\Foundation\\\\Http\\\\Middleware\\\\InvokeDeferredCallbacks.php(22): Illuminate\\\\Pipeline\\\\Pipeline->Illuminate\\\\Pipeline\\\\{closure}(Object(Illuminate\\\\Http\\\\Request))\\n#47 C:\\\\wamp64\\\\www\\\\kiyo\\\\ecom_lite\\\\vendor\\\\laravel\\\\framework\\\\src\\\\Illuminate\\\\Pipeline\\\\Pipeline.php(219): Illuminate\\\\Foundation\\\\Http\\\\Middleware\\\\InvokeDeferredCallbacks->handle(Object(Illuminate\\\\Http\\\\Request), Object(Closure))\\n#48 C:\\\\wamp64\\\\www\\\\kiyo\\\\ecom_lite\\\\vendor\\\\laravel\\\\framework\\\\src\\\\Illuminate\\\\Http\\\\Middleware\\\\ValidatePathEncoding.php(26): Illuminate\\\\Pipeline\\\\Pipeline->Illuminate\\\\Pipeline\\\\{closure}(Object(Illuminate\\\\Http\\\\Request))\\n#49 C:\\\\wamp64\\\\www\\\\kiyo\\\\ecom_lite\\\\vendor\\\\laravel\\\\framework\\\\src\\\\Illuminate\\\\Pipeline\\\\Pipeline.php(219): Illuminate\\\\Http\\\\Middleware\\\\ValidatePathEncoding->handle(Object(Illuminate\\\\Http\\\\Request), Object(Closure))\\n#50 C:\\\\wamp64\\\\www\\\\kiyo\\\\ecom_lite\\\\vendor\\\\laravel\\\\framework\\\\src\\\\Illuminate\\\\Pipeline\\\\Pipeline.php(137): Illuminate\\\\Pipeline\\\\Pipeline->Illuminate\\\\Pipeline\\\\{closure}(Object(Illuminate\\\\Http\\\\Request))\\n#51 C:\\\\wamp64\\\\www\\\\kiyo\\\\ecom_lite\\\\vendor\\\\laravel\\\\framework\\\\src\\\\Illuminate\\\\Foundation\\\\Http\\\\Kernel.php(175): Illuminate\\\\Pipeline\\\\Pipeline->then(Object(Closure))\\n#52 C:\\\\wamp64\\\\www\\\\kiyo\\\\ecom_lite\\\\vendor\\\\laravel\\\\framework\\\\src\\\\Illuminate\\\\Foundation\\\\Http\\\\Kernel.php(144): Illuminate\\\\Foundation\\\\Http\\\\Kernel->sendRequestThroughRouter(Object(Illuminate\\\\Http\\\\Request))\\n#53 C:\\\\wamp64\\\\www\\\\kiyo\\\\ecom_lite\\\\public\\\\index.php(51): Illuminate\\\\Foundation\\\\Http\\\\Kernel->handle(Object(Illuminate\\\\Http\\\\Request))\\n#54 {main}\"}', NULL, '2025-12-22 13:19:21', '2025-12-22 13:19:23');
INSERT INTO `shipments` (`id`, `order_id`, `carrier_id`, `tracking_id`, `status`, `label_url`, `raw_response`, `metadata`, `created_at`, `updated_at`) VALUES
(38, 68, 3, NULL, 'failed', NULL, '{\"error\": \"Failed to create XpressBees shipment: No Autoship rule found\", \"trace\": \"#0 C:\\\\wamp64\\\\www\\\\kiyo\\\\ecom_lite\\\\app\\\\Jobs\\\\ProcessShipmentJob.php(44): App\\\\Services\\\\Carriers\\\\ExpressBeesCarrier->createShipment(Object(App\\\\Models\\\\Order), Array)\\n#1 C:\\\\wamp64\\\\www\\\\kiyo\\\\ecom_lite\\\\app\\\\Http\\\\Controllers\\\\Admin\\\\OrderController.php(339): App\\\\Jobs\\\\ProcessShipmentJob->execute()\\n#2 C:\\\\wamp64\\\\www\\\\kiyo\\\\ecom_lite\\\\vendor\\\\laravel\\\\framework\\\\src\\\\Illuminate\\\\Routing\\\\Controller.php(54): App\\\\Http\\\\Controllers\\\\Admin\\\\OrderController->storeShipment(Object(Illuminate\\\\Http\\\\Request), Object(App\\\\Models\\\\Order))\\n#3 C:\\\\wamp64\\\\www\\\\kiyo\\\\ecom_lite\\\\vendor\\\\laravel\\\\framework\\\\src\\\\Illuminate\\\\Routing\\\\ControllerDispatcher.php(43): Illuminate\\\\Routing\\\\Controller->callAction(\'storeShipment\', Array)\\n#4 C:\\\\wamp64\\\\www\\\\kiyo\\\\ecom_lite\\\\vendor\\\\laravel\\\\framework\\\\src\\\\Illuminate\\\\Routing\\\\Route.php(265): Illuminate\\\\Routing\\\\ControllerDispatcher->dispatch(Object(Illuminate\\\\Routing\\\\Route), Object(App\\\\Http\\\\Controllers\\\\Admin\\\\OrderController), \'storeShipment\')\\n#5 C:\\\\wamp64\\\\www\\\\kiyo\\\\ecom_lite\\\\vendor\\\\laravel\\\\framework\\\\src\\\\Illuminate\\\\Routing\\\\Route.php(211): Illuminate\\\\Routing\\\\Route->runController()\\n#6 C:\\\\wamp64\\\\www\\\\kiyo\\\\ecom_lite\\\\vendor\\\\laravel\\\\framework\\\\src\\\\Illuminate\\\\Routing\\\\Router.php(822): Illuminate\\\\Routing\\\\Route->run()\\n#7 C:\\\\wamp64\\\\www\\\\kiyo\\\\ecom_lite\\\\vendor\\\\laravel\\\\framework\\\\src\\\\Illuminate\\\\Pipeline\\\\Pipeline.php(180): Illuminate\\\\Routing\\\\Router->Illuminate\\\\Routing\\\\{closure}(Object(Illuminate\\\\Http\\\\Request))\\n#8 C:\\\\wamp64\\\\www\\\\kiyo\\\\ecom_lite\\\\app\\\\Http\\\\Middleware\\\\CheckUserType.php(40): Illuminate\\\\Pipeline\\\\Pipeline->Illuminate\\\\Pipeline\\\\{closure}(Object(Illuminate\\\\Http\\\\Request))\\n#9 C:\\\\wamp64\\\\www\\\\kiyo\\\\ecom_lite\\\\vendor\\\\laravel\\\\framework\\\\src\\\\Illuminate\\\\Pipeline\\\\Pipeline.php(219): App\\\\Http\\\\Middleware\\\\CheckUserType->handle(Object(Illuminate\\\\Http\\\\Request), Object(Closure), \'admin\', \'staff\')\\n#10 C:\\\\wamp64\\\\www\\\\kiyo\\\\ecom_lite\\\\vendor\\\\laravel\\\\framework\\\\src\\\\Illuminate\\\\Routing\\\\Middleware\\\\SubstituteBindings.php(50): Illuminate\\\\Pipeline\\\\Pipeline->Illuminate\\\\Pipeline\\\\{closure}(Object(Illuminate\\\\Http\\\\Request))\\n#11 C:\\\\wamp64\\\\www\\\\kiyo\\\\ecom_lite\\\\vendor\\\\laravel\\\\framework\\\\src\\\\Illuminate\\\\Pipeline\\\\Pipeline.php(219): Illuminate\\\\Routing\\\\Middleware\\\\SubstituteBindings->handle(Object(Illuminate\\\\Http\\\\Request), Object(Closure))\\n#12 C:\\\\wamp64\\\\www\\\\kiyo\\\\ecom_lite\\\\vendor\\\\laravel\\\\framework\\\\src\\\\Illuminate\\\\Auth\\\\Middleware\\\\Authenticate.php(63): Illuminate\\\\Pipeline\\\\Pipeline->Illuminate\\\\Pipeline\\\\{closure}(Object(Illuminate\\\\Http\\\\Request))\\n#13 C:\\\\wamp64\\\\www\\\\kiyo\\\\ecom_lite\\\\vendor\\\\laravel\\\\framework\\\\src\\\\Illuminate\\\\Pipeline\\\\Pipeline.php(219): Illuminate\\\\Auth\\\\Middleware\\\\Authenticate->handle(Object(Illuminate\\\\Http\\\\Request), Object(Closure))\\n#14 C:\\\\wamp64\\\\www\\\\kiyo\\\\ecom_lite\\\\vendor\\\\laravel\\\\framework\\\\src\\\\Illuminate\\\\Foundation\\\\Http\\\\Middleware\\\\VerifyCsrfToken.php(87): Illuminate\\\\Pipeline\\\\Pipeline->Illuminate\\\\Pipeline\\\\{closure}(Object(Illuminate\\\\Http\\\\Request))\\n#15 C:\\\\wamp64\\\\www\\\\kiyo\\\\ecom_lite\\\\vendor\\\\laravel\\\\framework\\\\src\\\\Illuminate\\\\Pipeline\\\\Pipeline.php(219): Illuminate\\\\Foundation\\\\Http\\\\Middleware\\\\VerifyCsrfToken->handle(Object(Illuminate\\\\Http\\\\Request), Object(Closure))\\n#16 C:\\\\wamp64\\\\www\\\\kiyo\\\\ecom_lite\\\\vendor\\\\laravel\\\\framework\\\\src\\\\Illuminate\\\\View\\\\Middleware\\\\ShareErrorsFromSession.php(48): Illuminate\\\\Pipeline\\\\Pipeline->Illuminate\\\\Pipeline\\\\{closure}(Object(Illuminate\\\\Http\\\\Request))\\n#17 C:\\\\wamp64\\\\www\\\\kiyo\\\\ecom_lite\\\\vendor\\\\laravel\\\\framework\\\\src\\\\Illuminate\\\\Pipeline\\\\Pipeline.php(219): Illuminate\\\\View\\\\Middleware\\\\ShareErrorsFromSession->handle(Object(Illuminate\\\\Http\\\\Request), Object(Closure))\\n#18 C:\\\\wamp64\\\\www\\\\kiyo\\\\ecom_lite\\\\vendor\\\\laravel\\\\framework\\\\src\\\\Illuminate\\\\Session\\\\Middleware\\\\StartSession.php(120): Illuminate\\\\Pipeline\\\\Pipeline->Illuminate\\\\Pipeline\\\\{closure}(Object(Illuminate\\\\Http\\\\Request))\\n#19 C:\\\\wamp64\\\\www\\\\kiyo\\\\ecom_lite\\\\vendor\\\\laravel\\\\framework\\\\src\\\\Illuminate\\\\Session\\\\Middleware\\\\StartSession.php(63): Illuminate\\\\Session\\\\Middleware\\\\StartSession->handleStatefulRequest(Object(Illuminate\\\\Http\\\\Request), Object(Illuminate\\\\Session\\\\Store), Object(Closure))\\n#20 C:\\\\wamp64\\\\www\\\\kiyo\\\\ecom_lite\\\\vendor\\\\laravel\\\\framework\\\\src\\\\Illuminate\\\\Pipeline\\\\Pipeline.php(219): Illuminate\\\\Session\\\\Middleware\\\\StartSession->handle(Object(Illuminate\\\\Http\\\\Request), Object(Closure))\\n#21 C:\\\\wamp64\\\\www\\\\kiyo\\\\ecom_lite\\\\vendor\\\\laravel\\\\framework\\\\src\\\\Illuminate\\\\Cookie\\\\Middleware\\\\AddQueuedCookiesToResponse.php(36): Illuminate\\\\Pipeline\\\\Pipeline->Illuminate\\\\Pipeline\\\\{closure}(Object(Illuminate\\\\Http\\\\Request))\\n#22 C:\\\\wamp64\\\\www\\\\kiyo\\\\ecom_lite\\\\vendor\\\\laravel\\\\framework\\\\src\\\\Illuminate\\\\Pipeline\\\\Pipeline.php(219): Illuminate\\\\Cookie\\\\Middleware\\\\AddQueuedCookiesToResponse->handle(Object(Illuminate\\\\Http\\\\Request), Object(Closure))\\n#23 C:\\\\wamp64\\\\www\\\\kiyo\\\\ecom_lite\\\\vendor\\\\laravel\\\\framework\\\\src\\\\Illuminate\\\\Cookie\\\\Middleware\\\\EncryptCookies.php(74): Illuminate\\\\Pipeline\\\\Pipeline->Illuminate\\\\Pipeline\\\\{closure}(Object(Illuminate\\\\Http\\\\Request))\\n#24 C:\\\\wamp64\\\\www\\\\kiyo\\\\ecom_lite\\\\vendor\\\\laravel\\\\framework\\\\src\\\\Illuminate\\\\Pipeline\\\\Pipeline.php(219): Illuminate\\\\Cookie\\\\Middleware\\\\EncryptCookies->handle(Object(Illuminate\\\\Http\\\\Request), Object(Closure))\\n#25 C:\\\\wamp64\\\\www\\\\kiyo\\\\ecom_lite\\\\vendor\\\\laravel\\\\framework\\\\src\\\\Illuminate\\\\Pipeline\\\\Pipeline.php(137): Illuminate\\\\Pipeline\\\\Pipeline->Illuminate\\\\Pipeline\\\\{closure}(Object(Illuminate\\\\Http\\\\Request))\\n#26 C:\\\\wamp64\\\\www\\\\kiyo\\\\ecom_lite\\\\vendor\\\\laravel\\\\framework\\\\src\\\\Illuminate\\\\Routing\\\\Router.php(821): Illuminate\\\\Pipeline\\\\Pipeline->then(Object(Closure))\\n#27 C:\\\\wamp64\\\\www\\\\kiyo\\\\ecom_lite\\\\vendor\\\\laravel\\\\framework\\\\src\\\\Illuminate\\\\Routing\\\\Router.php(800): Illuminate\\\\Routing\\\\Router->runRouteWithinStack(Object(Illuminate\\\\Routing\\\\Route), Object(Illuminate\\\\Http\\\\Request))\\n#28 C:\\\\wamp64\\\\www\\\\kiyo\\\\ecom_lite\\\\vendor\\\\laravel\\\\framework\\\\src\\\\Illuminate\\\\Routing\\\\Router.php(764): Illuminate\\\\Routing\\\\Router->runRoute(Object(Illuminate\\\\Http\\\\Request), Object(Illuminate\\\\Routing\\\\Route))\\n#29 C:\\\\wamp64\\\\www\\\\kiyo\\\\ecom_lite\\\\vendor\\\\laravel\\\\framework\\\\src\\\\Illuminate\\\\Routing\\\\Router.php(753): Illuminate\\\\Routing\\\\Router->dispatchToRoute(Object(Illuminate\\\\Http\\\\Request))\\n#30 C:\\\\wamp64\\\\www\\\\kiyo\\\\ecom_lite\\\\vendor\\\\laravel\\\\framework\\\\src\\\\Illuminate\\\\Foundation\\\\Http\\\\Kernel.php(200): Illuminate\\\\Routing\\\\Router->dispatch(Object(Illuminate\\\\Http\\\\Request))\\n#31 C:\\\\wamp64\\\\www\\\\kiyo\\\\ecom_lite\\\\vendor\\\\laravel\\\\framework\\\\src\\\\Illuminate\\\\Pipeline\\\\Pipeline.php(180): Illuminate\\\\Foundation\\\\Http\\\\Kernel->Illuminate\\\\Foundation\\\\Http\\\\{closure}(Object(Illuminate\\\\Http\\\\Request))\\n#32 C:\\\\wamp64\\\\www\\\\kiyo\\\\ecom_lite\\\\vendor\\\\laravel\\\\framework\\\\src\\\\Illuminate\\\\Foundation\\\\Http\\\\Middleware\\\\TransformsRequest.php(21): Illuminate\\\\Pipeline\\\\Pipeline->Illuminate\\\\Pipeline\\\\{closure}(Object(Illuminate\\\\Http\\\\Request))\\n#33 C:\\\\wamp64\\\\www\\\\kiyo\\\\ecom_lite\\\\vendor\\\\laravel\\\\framework\\\\src\\\\Illuminate\\\\Foundation\\\\Http\\\\Middleware\\\\ConvertEmptyStringsToNull.php(31): Illuminate\\\\Foundation\\\\Http\\\\Middleware\\\\TransformsRequest->handle(Object(Illuminate\\\\Http\\\\Request), Object(Closure))\\n#34 C:\\\\wamp64\\\\www\\\\kiyo\\\\ecom_lite\\\\vendor\\\\laravel\\\\framework\\\\src\\\\Illuminate\\\\Pipeline\\\\Pipeline.php(219): Illuminate\\\\Foundation\\\\Http\\\\Middleware\\\\ConvertEmptyStringsToNull->handle(Object(Illuminate\\\\Http\\\\Request), Object(Closure))\\n#35 C:\\\\wamp64\\\\www\\\\kiyo\\\\ecom_lite\\\\vendor\\\\laravel\\\\framework\\\\src\\\\Illuminate\\\\Foundation\\\\Http\\\\Middleware\\\\TransformsRequest.php(21): Illuminate\\\\Pipeline\\\\Pipeline->Illuminate\\\\Pipeline\\\\{closure}(Object(Illuminate\\\\Http\\\\Request))\\n#36 C:\\\\wamp64\\\\www\\\\kiyo\\\\ecom_lite\\\\vendor\\\\laravel\\\\framework\\\\src\\\\Illuminate\\\\Foundation\\\\Http\\\\Middleware\\\\TrimStrings.php(51): Illuminate\\\\Foundation\\\\Http\\\\Middleware\\\\TransformsRequest->handle(Object(Illuminate\\\\Http\\\\Request), Object(Closure))\\n#37 C:\\\\wamp64\\\\www\\\\kiyo\\\\ecom_lite\\\\vendor\\\\laravel\\\\framework\\\\src\\\\Illuminate\\\\Pipeline\\\\Pipeline.php(219): Illuminate\\\\Foundation\\\\Http\\\\Middleware\\\\TrimStrings->handle(Object(Illuminate\\\\Http\\\\Request), Object(Closure))\\n#38 C:\\\\wamp64\\\\www\\\\kiyo\\\\ecom_lite\\\\vendor\\\\laravel\\\\framework\\\\src\\\\Illuminate\\\\Http\\\\Middleware\\\\ValidatePostSize.php(27): Illuminate\\\\Pipeline\\\\Pipeline->Illuminate\\\\Pipeline\\\\{closure}(Object(Illuminate\\\\Http\\\\Request))\\n#39 C:\\\\wamp64\\\\www\\\\kiyo\\\\ecom_lite\\\\vendor\\\\laravel\\\\framework\\\\src\\\\Illuminate\\\\Pipeline\\\\Pipeline.php(219): Illuminate\\\\Http\\\\Middleware\\\\ValidatePostSize->handle(Object(Illuminate\\\\Http\\\\Request), Object(Closure))\\n#40 C:\\\\wamp64\\\\www\\\\kiyo\\\\ecom_lite\\\\vendor\\\\laravel\\\\framework\\\\src\\\\Illuminate\\\\Foundation\\\\Http\\\\Middleware\\\\PreventRequestsDuringMaintenance.php(109): Illuminate\\\\Pipeline\\\\Pipeline->Illuminate\\\\Pipeline\\\\{closure}(Object(Illuminate\\\\Http\\\\Request))\\n#41 C:\\\\wamp64\\\\www\\\\kiyo\\\\ecom_lite\\\\vendor\\\\laravel\\\\framework\\\\src\\\\Illuminate\\\\Pipeline\\\\Pipeline.php(219): Illuminate\\\\Foundation\\\\Http\\\\Middleware\\\\PreventRequestsDuringMaintenance->handle(Object(Illuminate\\\\Http\\\\Request), Object(Closure))\\n#42 C:\\\\wamp64\\\\www\\\\kiyo\\\\ecom_lite\\\\vendor\\\\laravel\\\\framework\\\\src\\\\Illuminate\\\\Http\\\\Middleware\\\\HandleCors.php(48): Illuminate\\\\Pipeline\\\\Pipeline->Illuminate\\\\Pipeline\\\\{closure}(Object(Illuminate\\\\Http\\\\Request))\\n#43 C:\\\\wamp64\\\\www\\\\kiyo\\\\ecom_lite\\\\vendor\\\\laravel\\\\framework\\\\src\\\\Illuminate\\\\Pipeline\\\\Pipeline.php(219): Illuminate\\\\Http\\\\Middleware\\\\HandleCors->handle(Object(Illuminate\\\\Http\\\\Request), Object(Closure))\\n#44 C:\\\\wamp64\\\\www\\\\kiyo\\\\ecom_lite\\\\vendor\\\\laravel\\\\framework\\\\src\\\\Illuminate\\\\Http\\\\Middleware\\\\TrustProxies.php(58): Illuminate\\\\Pipeline\\\\Pipeline->Illuminate\\\\Pipeline\\\\{closure}(Object(Illuminate\\\\Http\\\\Request))\\n#45 C:\\\\wamp64\\\\www\\\\kiyo\\\\ecom_lite\\\\vendor\\\\laravel\\\\framework\\\\src\\\\Illuminate\\\\Pipeline\\\\Pipeline.php(219): Illuminate\\\\Http\\\\Middleware\\\\TrustProxies->handle(Object(Illuminate\\\\Http\\\\Request), Object(Closure))\\n#46 C:\\\\wamp64\\\\www\\\\kiyo\\\\ecom_lite\\\\vendor\\\\laravel\\\\framework\\\\src\\\\Illuminate\\\\Foundation\\\\Http\\\\Middleware\\\\InvokeDeferredCallbacks.php(22): Illuminate\\\\Pipeline\\\\Pipeline->Illuminate\\\\Pipeline\\\\{closure}(Object(Illuminate\\\\Http\\\\Request))\\n#47 C:\\\\wamp64\\\\www\\\\kiyo\\\\ecom_lite\\\\vendor\\\\laravel\\\\framework\\\\src\\\\Illuminate\\\\Pipeline\\\\Pipeline.php(219): Illuminate\\\\Foundation\\\\Http\\\\Middleware\\\\InvokeDeferredCallbacks->handle(Object(Illuminate\\\\Http\\\\Request), Object(Closure))\\n#48 C:\\\\wamp64\\\\www\\\\kiyo\\\\ecom_lite\\\\vendor\\\\laravel\\\\framework\\\\src\\\\Illuminate\\\\Http\\\\Middleware\\\\ValidatePathEncoding.php(26): Illuminate\\\\Pipeline\\\\Pipeline->Illuminate\\\\Pipeline\\\\{closure}(Object(Illuminate\\\\Http\\\\Request))\\n#49 C:\\\\wamp64\\\\www\\\\kiyo\\\\ecom_lite\\\\vendor\\\\laravel\\\\framework\\\\src\\\\Illuminate\\\\Pipeline\\\\Pipeline.php(219): Illuminate\\\\Http\\\\Middleware\\\\ValidatePathEncoding->handle(Object(Illuminate\\\\Http\\\\Request), Object(Closure))\\n#50 C:\\\\wamp64\\\\www\\\\kiyo\\\\ecom_lite\\\\vendor\\\\laravel\\\\framework\\\\src\\\\Illuminate\\\\Pipeline\\\\Pipeline.php(137): Illuminate\\\\Pipeline\\\\Pipeline->Illuminate\\\\Pipeline\\\\{closure}(Object(Illuminate\\\\Http\\\\Request))\\n#51 C:\\\\wamp64\\\\www\\\\kiyo\\\\ecom_lite\\\\vendor\\\\laravel\\\\framework\\\\src\\\\Illuminate\\\\Foundation\\\\Http\\\\Kernel.php(175): Illuminate\\\\Pipeline\\\\Pipeline->then(Object(Closure))\\n#52 C:\\\\wamp64\\\\www\\\\kiyo\\\\ecom_lite\\\\vendor\\\\laravel\\\\framework\\\\src\\\\Illuminate\\\\Foundation\\\\Http\\\\Kernel.php(144): Illuminate\\\\Foundation\\\\Http\\\\Kernel->sendRequestThroughRouter(Object(Illuminate\\\\Http\\\\Request))\\n#53 C:\\\\wamp64\\\\www\\\\kiyo\\\\ecom_lite\\\\public\\\\index.php(51): Illuminate\\\\Foundation\\\\Http\\\\Kernel->handle(Object(Illuminate\\\\Http\\\\Request))\\n#54 {main}\"}', NULL, '2025-12-23 09:26:12', '2025-12-23 09:26:14'),
(39, 67, 1, '31457910000055', 'created', 'https://track.delhivery.com/api/p/packing_slip?wbns=31457910000055', '{\"success\": true, \"packages\": [{\"client\": \"ace63d-KiyoSolutionsPvtLtd-do\", \"refnum\": \"67\", \"status\": \"Success\", \"payment\": \"Pre-paid\", \"remarks\": [\"\"], \"waybill\": \"31457910000055\", \"sort_code\": \"RJH/RJH\", \"cod_amount\": 0, \"serviceable\": true}], \"cod_count\": 0, \"cod_amount\": 0, \"upload_wbn\": \"UPL12686396588186419450\", \"cash_pickups\": 0, \"package_count\": 1, \"pickups_count\": 0, \"prepaid_count\": 1, \"replacement_count\": 0, \"cash_pickups_count\": 0}', '{\"package\": {\"client\": \"ace63d-KiyoSolutionsPvtLtd-do\", \"refnum\": \"67\", \"status\": \"Success\", \"payment\": \"Pre-paid\", \"remarks\": [\"\"], \"waybill\": \"31457910000055\", \"sort_code\": \"RJH/RJH\", \"cod_amount\": 0, \"serviceable\": true}}', '2025-12-23 15:38:31', '2025-12-23 15:38:34'),
(49, 73, 2, 'LUAP0000556120', 'created', 'https://app.elite.ekartlogistics.in/api/v1/package/label?json_only=false&ids[]=LUAP0000556120', '{\"remark\": \"Successfully created shipment\", \"status\": true, \"vendor\": \"EKART\", \"barcodes\": {\"wbn\": \"LUAP0000556120\", \"order\": \"#73\"}, \"obdShipment\": false, \"tracking_id\": \"LUAP0000556120\"}', '{\"vendor\": \"EKART\", \"barcodes\": {\"wbn\": \"LUAP0000556120\", \"order\": \"#73\"}}', '2025-12-26 10:13:12', '2025-12-26 10:13:13'),
(50, 69, 1, '31457910000066', 'created', 'https://track.delhivery.com/api/p/packing_slip?wbns=31457910000066', '{\"success\": true, \"packages\": [{\"client\": \"ace63d-KiyoSolutionsPvtLtd-do\", \"refnum\": \"69\", \"status\": \"Success\", \"payment\": \"Pre-paid\", \"remarks\": [\"\"], \"waybill\": \"31457910000066\", \"sort_code\": \"RJH/RJH\", \"cod_amount\": 0, \"serviceable\": true}], \"cod_count\": 0, \"cod_amount\": 0, \"upload_wbn\": \"UPL15796759744057917756\", \"cash_pickups\": 0, \"package_count\": 1, \"pickups_count\": 0, \"prepaid_count\": 1, \"replacement_count\": 0, \"cash_pickups_count\": 0}', '{\"package\": {\"client\": \"ace63d-KiyoSolutionsPvtLtd-do\", \"refnum\": \"69\", \"status\": \"Success\", \"payment\": \"Pre-paid\", \"remarks\": [\"\"], \"waybill\": \"31457910000066\", \"sort_code\": \"RJH/RJH\", \"cod_amount\": 0, \"serviceable\": true}}', '2026-01-03 13:45:37', '2026-01-03 13:45:39'),
(51, 66, 1, '31457910000103', 'created', 'https://track.delhivery.com/api/p/packing_slip?wbns=31457910000103', '{\"success\": true, \"packages\": [{\"client\": \"ace63d-KiyoSolutionsPvtLtd-do\", \"refnum\": \"66\", \"status\": \"Success\", \"payment\": \"Pre-paid\", \"remarks\": [\"\"], \"waybill\": \"31457910000103\", \"sort_code\": \"RJH/RJH\", \"cod_amount\": 0, \"serviceable\": true}], \"cod_count\": 0, \"cod_amount\": 0, \"upload_wbn\": \"UPL14971096770288764021\", \"cash_pickups\": 0, \"package_count\": 1, \"pickups_count\": 0, \"prepaid_count\": 1, \"replacement_count\": 0, \"cash_pickups_count\": 0}', '{\"package\": {\"client\": \"ace63d-KiyoSolutionsPvtLtd-do\", \"refnum\": \"66\", \"status\": \"Success\", \"payment\": \"Pre-paid\", \"remarks\": [\"\"], \"waybill\": \"31457910000103\", \"sort_code\": \"RJH/RJH\", \"cod_amount\": 0, \"serviceable\": true}}', '2026-01-06 09:51:22', '2026-01-06 09:51:23'),
(52, 83, 2, 'LUAP0000666288', 'created', 'https://app.elite.ekartlogistics.in/api/v1/package/label?json_only=false&ids[]=LUAP0000666288', '{\"remark\": \"Successfully created shipment\", \"status\": true, \"vendor\": \"EKART\", \"barcodes\": {\"wbn\": \"LUAP0000666288\", \"order\": \"#83\"}, \"obdShipment\": false, \"tracking_id\": \"LUAP0000666288\"}', '{\"vendor\": \"EKART\", \"barcodes\": {\"wbn\": \"LUAP0000666288\", \"order\": \"#83\"}}', '2026-01-23 11:51:37', '2026-01-23 11:51:39');

-- --------------------------------------------------------

--
