-- https://www.phpmyadmin.net/
--

START TRANSACTION;



--
-- Database: `ecom_lite`
--

-- --------------------------------------------------------

--
-- Table structure for table `ab_tests`
--

CREATE TABLE IF NOT EXISTS `ab_tests` (
  `id` bigint UNSIGNED NOT NULL AUTO_INCREMENT,
  `name` varchar(255) COLLATE utf8mb4_unicode_ci NOT NULL,
  `key` varchar(191) COLLATE utf8mb4_unicode_ci NOT NULL,
  `description` text COLLATE utf8mb4_unicode_ci,
  `is_active` tinyint(1) NOT NULL DEFAULT '0',
  `variants` json DEFAULT NULL,
  `starts_at` timestamp NULL DEFAULT NULL,
  `ends_at` timestamp NULL DEFAULT NULL,
  `target_audience` json DEFAULT NULL,
  `created_at` timestamp NULL DEFAULT NULL,
  `updated_at` timestamp NULL DEFAULT NULL,
  PRIMARY KEY (`id`),
  UNIQUE KEY `ab_tests_key_unique` (`key`),
  KEY `ab_tests_key_index` (`key`),
  KEY `ab_tests_is_active_index` (`is_active`)
) ENGINE=MyISAM DEFAULT CHARSET=utf8mb4 COLLATE=utf8mb4_unicode_ci;

-- --------------------------------------------------------

--
-- Table structure for table `ab_test_assignments`
--

CREATE TABLE IF NOT EXISTS `ab_test_assignments` (
  `id` bigint UNSIGNED NOT NULL AUTO_INCREMENT,
  `ab_test_id` bigint UNSIGNED NOT NULL,
  `user_identifier` varchar(191) COLLATE utf8mb4_unicode_ci NOT NULL,
  `variant` varchar(50) COLLATE utf8mb4_unicode_ci NOT NULL,
  `assigned_at` timestamp NOT NULL,
  `created_at` timestamp NULL DEFAULT NULL,
  `updated_at` timestamp NULL DEFAULT NULL,
  PRIMARY KEY (`id`),
  UNIQUE KEY `ab_test_assignments_ab_test_id_user_identifier_unique` (`ab_test_id`,`user_identifier`),
  KEY `ab_test_assignments_ab_test_id_variant_index` (`ab_test_id`,`variant`)
) ENGINE=MyISAM DEFAULT CHARSET=utf8mb4 COLLATE=utf8mb4_unicode_ci;

-- --------------------------------------------------------

--
-- Table structure for table `ab_test_events`
--

CREATE TABLE IF NOT EXISTS `ab_test_events` (
  `id` bigint UNSIGNED NOT NULL AUTO_INCREMENT,
  `ab_test_id` bigint UNSIGNED NOT NULL,
  `user_identifier` varchar(100) COLLATE utf8mb4_unicode_ci NOT NULL,
  `variant` varchar(50) COLLATE utf8mb4_unicode_ci NOT NULL,
  `event_type` varchar(50) COLLATE utf8mb4_unicode_ci NOT NULL,
  `event_data` json DEFAULT NULL,
  `occurred_at` timestamp NOT NULL,
  `created_at` timestamp NULL DEFAULT NULL,
  `updated_at` timestamp NULL DEFAULT NULL,
  PRIMARY KEY (`id`),
  KEY `ab_test_events_ab_test_id_variant_event_type_index` (`ab_test_id`,`variant`,`event_type`),
  KEY `ab_test_events_ab_test_id_occurred_at_index` (`ab_test_id`,`occurred_at`)
) ENGINE=MyISAM DEFAULT CHARSET=utf8mb4 COLLATE=utf8mb4_unicode_ci;

-- --------------------------------------------------------

--
-- Table structure for table `addresses`
--

CREATE TABLE IF NOT EXISTS `addresses` (
  `id` bigint UNSIGNED NOT NULL AUTO_INCREMENT,
  `user_id` bigint UNSIGNED NOT NULL,
  `name` varchar(255) COLLATE utf8mb4_unicode_ci NOT NULL,
  `mobile` varchar(15) COLLATE utf8mb4_unicode_ci NOT NULL,
  `line1` varchar(255) COLLATE utf8mb4_unicode_ci NOT NULL,
  `line2` varchar(255) COLLATE utf8mb4_unicode_ci DEFAULT NULL,
  `city` varchar(255) COLLATE utf8mb4_unicode_ci NOT NULL,
  `state` varchar(255) COLLATE utf8mb4_unicode_ci NOT NULL,
  `pin` varchar(10) COLLATE utf8mb4_unicode_ci NOT NULL,
  `is_default` tinyint(1) NOT NULL DEFAULT '0',
  `created_at` timestamp NULL DEFAULT NULL,
  `updated_at` timestamp NULL DEFAULT NULL,
  PRIMARY KEY (`id`),
  KEY `addresses_user_id_index` (`user_id`)
) ENGINE=MyISAM AUTO_INCREMENT=3 DEFAULT CHARSET=utf8mb4 COLLATE=utf8mb4_unicode_ci;

--
-- Dumping data for table `addresses`
--

INSERT INTO `addresses` (`id`, `user_id`, `name`, `mobile`, `line1`, `line2`, `city`, `state`, `pin`, `is_default`, `created_at`, `updated_at`) VALUES
(1, 2, 'Anjaneya Reddy challa', '09966337448', 'Latha Residency, Prasathi Hills', 'Pragathi Nagar', 'Hyderabad', 'Telangana', '500090', 1, '2025-11-12 09:18:42', '2025-11-12 09:18:42'),
(2, 1, 'Anjaneya Reddy challa', '09966337448', 'Latha Residency, Prasathi Hills', 'Pragathi Nagar', 'Hyderabad', 'Telangana', '500090', 1, '2025-11-18 23:11:10', '2025-11-18 23:11:10');

-- --------------------------------------------------------

--
-- Table structure for table `banners`
--

CREATE TABLE IF NOT EXISTS `banners` (
  `id` bigint UNSIGNED NOT NULL AUTO_INCREMENT,
  `title` varchar(255) COLLATE utf8mb4_unicode_ci DEFAULT NULL,
  `image_path` varchar(255) COLLATE utf8mb4_unicode_ci NOT NULL,
  `link` varchar(255) COLLATE utf8mb4_unicode_ci DEFAULT NULL,
  `sort_order` int NOT NULL DEFAULT '0',
  `is_active` tinyint(1) NOT NULL DEFAULT '1',
  `created_at` timestamp NULL DEFAULT NULL,
  `updated_at` timestamp NULL DEFAULT NULL,
  PRIMARY KEY (`id`),
  KEY `banners_is_active_index` (`is_active`),
  KEY `banners_sort_order_index` (`sort_order`)
) ENGINE=MyISAM AUTO_INCREMENT=2 DEFAULT CHARSET=utf8mb4 COLLATE=utf8mb4_unicode_ci;

--
-- Dumping data for table `banners`
--

INSERT INTO `banners` (`id`, `title`, `image_path`, `link`, `sort_order`, `is_active`, `created_at`, `updated_at`) VALUES
(1, NULL, 'banners/MpnB9C2MtoO2nFA52czJb2wHxeUcaRQFzJSJHJya.jpg', NULL, 1, 1, '2025-11-12 09:02:51', '2025-11-12 09:02:51');

-- --------------------------------------------------------

--
-- Table structure for table `cache`
--

CREATE TABLE IF NOT EXISTS `cache` (
  `key` varchar(191) COLLATE utf8mb4_unicode_ci NOT NULL,
  `value` mediumtext COLLATE utf8mb4_unicode_ci NOT NULL,
  `expiration` int NOT NULL,
  PRIMARY KEY (`key`)
) ENGINE=MyISAM DEFAULT CHARSET=utf8mb4 COLLATE=utf8mb4_unicode_ci;

--
-- Dumping data for table `cache`
--

INSERT INTO `cache` (`key`, `value`, `expiration`) VALUES
('homepage.featured_products', 'O:39:\"Illuminate\\Database\\Eloquent\\Collection\":2:{s:8:\"\0*\0items\";a:1:{i:0;O:18:\"App\\Models\\Product\":33:{s:13:\"\0*\0connection\";s:5:\"mysql\";s:8:\"\0*\0table\";s:8:\"products\";s:13:\"\0*\0primaryKey\";s:2:\"id\";s:10:\"\0*\0keyType\";s:3:\"int\";s:12:\"incrementing\";b:1;s:7:\"\0*\0with\";a:0:{}s:12:\"\0*\0withCount\";a:0:{}s:19:\"preventsLazyLoading\";b:0;s:10:\"\0*\0perPage\";i:15;s:6:\"exists\";b:1;s:18:\"wasRecentlyCreated\";b:0;s:28:\"\0*\0escapeWhenCastingToString\";b:0;s:13:\"\0*\0attributes\";a:21:{s:2:\"id\";i:106;s:11:\"category_id\";i:39;s:4:\"name\";s:15:\"Rings for women\";s:4:\"slug\";s:7:\"rings-1\";s:4:\"tags\";N;s:7:\"barcode\";s:18:\"BC-20251113-063361\";s:5:\"price\";s:6:\"999.00\";s:3:\"mrp\";s:7:\"1999.00\";s:13:\"opening_stock\";i:0;s:13:\"current_stock\";i:100;s:7:\"unit_id\";i:2;s:6:\"tax_id\";N;s:17:\"tax_rate_snapshot\";N;s:10:\"short_desc\";s:5:\"Rings\";s:9:\"long_desc\";s:5:\"Rings\";s:10:\"image_path\";s:53:\"products/Hx3XesZ3eBclc1dQLWvqvzNWCQOR1is7lxkWCHnc.jpg\";s:9:\"is_active\";i:1;s:11:\"is_featured\";i:1;s:13:\"is_prebooking\";i:1;s:10:\"created_at\";s:19:\"2025-11-13 01:48:30\";s:10:\"updated_at\";s:19:\"2025-11-21 11:19:35\";}s:11:\"\0*\0original\";a:21:{s:2:\"id\";i:106;s:11:\"category_id\";i:39;s:4:\"name\";s:15:\"Rings for women\";s:4:\"slug\";s:7:\"rings-1\";s:4:\"tags\";N;s:7:\"barcode\";s:18:\"BC-20251113-063361\";s:5:\"price\";s:6:\"999.00\";s:3:\"mrp\";s:7:\"1999.00\";s:13:\"opening_stock\";i:0;s:13:\"current_stock\";i:100;s:7:\"unit_id\";i:2;s:6:\"tax_id\";N;s:17:\"tax_rate_snapshot\";N;s:10:\"short_desc\";s:5:\"Rings\";s:9:\"long_desc\";s:5:\"Rings\";s:10:\"image_path\";s:53:\"products/Hx3XesZ3eBclc1dQLWvqvzNWCQOR1is7lxkWCHnc.jpg\";s:9:\"is_active\";i:1;s:11:\"is_featured\";i:1;s:13:\"is_prebooking\";i:1;s:10:\"created_at\";s:19:\"2025-11-13 01:48:30\";s:10:\"updated_at\";s:19:\"2025-11-21 11:19:35\";}s:10:\"\0*\0changes\";a:0:{}s:11:\"\0*\0previous\";a:0:{}s:8:\"\0*\0casts\";a:8:{s:5:\"price\";s:9:\"decimal:2\";s:3:\"mrp\";s:9:\"decimal:2\";s:17:\"tax_rate_snapshot\";s:9:\"decimal:2\";s:13:\"opening_stock\";s:7:\"integer\";s:13:\"current_stock\";s:7:\"integer\";s:9:\"is_active\";s:7:\"boolean\";s:11:\"is_featured\";s:7:\"boolean\";s:13:\"is_prebooking\";s:7:\"boolean\";}s:17:\"\0*\0classCastCache\";a:0:{}s:21:\"\0*\0attributeCastCache\";a:0:{}s:13:\"\0*\0dateFormat\";N;s:10:\"\0*\0appends\";a:0:{}s:19:\"\0*\0dispatchesEvents\";a:0:{}s:14:\"\0*\0observables\";a:0:{}s:12:\"\0*\0relations\";a:1:{s:8:\"category\";O:19:\"App\\Models\\Category\":33:{s:13:\"\0*\0connection\";s:5:\"mysql\";s:8:\"\0*\0table\";s:10:\"categories\";s:13:\"\0*\0primaryKey\";s:2:\"id\";s:10:\"\0*\0keyType\";s:3:\"int\";s:12:\"incrementing\";b:1;s:7:\"\0*\0with\";a:0:{}s:12:\"\0*\0withCount\";a:0:{}s:19:\"preventsLazyLoading\";b:0;s:10:\"\0*\0perPage\";i:15;s:6:\"exists\";b:1;s:18:\"wasRecentlyCreated\";b:0;s:28:\"\0*\0escapeWhenCastingToString\";b:0;s:13:\"\0*\0attributes\";a:9:{s:2:\"id\";i:39;s:9:\"parent_id\";i:1;s:4:\"name\";s:5:\"Rings\";s:4:\"slug\";s:5:\"rings\";s:10:\"image_path\";N;s:9:\"is_active\";i:1;s:10:\"sort_order\";i:1;s:10:\"created_at\";s:19:\"2025-11-12 14:37:18\";s:10:\"updated_at\";s:19:\"2025-11-12 14:37:18\";}s:11:\"\0*\0original\";a:9:{s:2:\"id\";i:39;s:9:\"parent_id\";i:1;s:4:\"name\";s:5:\"Rings\";s:4:\"slug\";s:5:\"rings\";s:10:\"image_path\";N;s:9:\"is_active\";i:1;s:10:\"sort_order\";i:1;s:10:\"created_at\";s:19:\"2025-11-12 14:37:18\";s:10:\"updated_at\";s:19:\"2025-11-12 14:37:18\";}s:10:\"\0*\0changes\";a:0:{}s:11:\"\0*\0previous\";a:0:{}s:8:\"\0*\0casts\";a:2:{s:9:\"is_active\";s:7:\"boolean\";s:10:\"sort_order\";s:7:\"integer\";}s:17:\"\0*\0classCastCache\";a:0:{}s:21:\"\0*\0attributeCastCache\";a:0:{}s:13:\"\0*\0dateFormat\";N;s:10:\"\0*\0appends\";a:0:{}s:19:\"\0*\0dispatchesEvents\";a:0:{}s:14:\"\0*\0observables\";a:0:{}s:12:\"\0*\0relations\";a:0:{}s:10:\"\0*\0touches\";a:0:{}s:27:\"\0*\0relationAutoloadCallback\";N;s:26:\"\0*\0relationAutoloadContext\";N;s:10:\"timestamps\";b:1;s:13:\"usesUniqueIds\";b:0;s:9:\"\0*\0hidden\";a:0:{}s:10:\"\0*\0visible\";a:0:{}s:11:\"\0*\0fillable\";a:6:{i:0;s:9:\"parent_id\";i:1;s:4:\"name\";i:2;s:4:\"slug\";i:3;s:10:\"image_path\";i:4;s:9:\"is_active\";i:5;s:10:\"sort_order\";}s:10:\"\0*\0guarded\";a:1:{i:0;s:1:\"*\";}}}s:10:\"\0*\0touches\";a:0:{}s:27:\"\0*\0relationAutoloadCallback\";N;s:26:\"\0*\0relationAutoloadContext\";N;s:10:\"timestamps\";b:1;s:13:\"usesUniqueIds\";b:0;s:9:\"\0*\0hidden\";a:0:{}s:10:\"\0*\0visible\";a:0:{}s:11:\"\0*\0fillable\";a:18:{i:0;s:11:\"category_id\";i:1;s:7:\"unit_id\";i:2;s:6:\"tax_id\";i:3;s:17:\"tax_rate_snapshot\";i:4;s:4:\"name\";i:5;s:4:\"slug\";i:6;s:4:\"tags\";i:7;s:7:\"barcode\";i:8;s:5:\"price\";i:9;s:3:\"mrp\";i:10;s:13:\"opening_stock\";i:11;s:13:\"current_stock\";i:12;s:10:\"short_desc\";i:13;s:9:\"long_desc\";i:14;s:10:\"image_path\";i:15;s:9:\"is_active\";i:16;s:11:\"is_featured\";i:17;s:13:\"is_prebooking\";}s:10:\"\0*\0guarded\";a:1:{i:0;s:1:\"*\";}}}s:28:\"\0*\0escapeWhenCastingToString\";b:0;}', 1763992822),
('homepage.categories', 'O:39:\"Illuminate\\Database\\Eloquent\\Collection\":2:{s:8:\"\0*\0items\";a:10:{i:0;O:19:\"App\\Models\\Category\":33:{s:13:\"\0*\0connection\";s:5:\"mysql\";s:8:\"\0*\0table\";s:10:\"categories\";s:13:\"\0*\0primaryKey\";s:2:\"id\";s:10:\"\0*\0keyType\";s:3:\"int\";s:12:\"incrementing\";b:1;s:7:\"\0*\0with\";a:0:{}s:12:\"\0*\0withCount\";a:0:{}s:19:\"preventsLazyLoading\";b:0;s:10:\"\0*\0perPage\";i:15;s:6:\"exists\";b:1;s:18:\"wasRecentlyCreated\";b:0;s:28:\"\0*\0escapeWhenCastingToString\";b:0;s:13:\"\0*\0attributes\";a:9:{s:2:\"id\";i:1;s:9:\"parent_id\";N;s:4:\"name\";s:9:\"Necklaces\";s:4:\"slug\";s:9:\"necklaces\";s:10:\"image_path\";s:55:\"categories/4bf4nUAH9ReY2LBQ0HtsamgiHwbG1ydIsZ42OtkU.jpg\";s:9:\"is_active\";i:1;s:10:\"sort_order\";i:0;s:10:\"created_at\";s:19:\"2025-11-12 14:24:59\";s:10:\"updated_at\";s:19:\"2025-11-12 17:53:30\";}s:11:\"\0*\0original\";a:9:{s:2:\"id\";i:1;s:9:\"parent_id\";N;s:4:\"name\";s:9:\"Necklaces\";s:4:\"slug\";s:9:\"necklaces\";s:10:\"image_path\";s:55:\"categories/4bf4nUAH9ReY2LBQ0HtsamgiHwbG1ydIsZ42OtkU.jpg\";s:9:\"is_active\";i:1;s:10:\"sort_order\";i:0;s:10:\"created_at\";s:19:\"2025-11-12 14:24:59\";s:10:\"updated_at\";s:19:\"2025-11-12 17:53:30\";}s:10:\"\0*\0changes\";a:0:{}s:11:\"\0*\0previous\";a:0:{}s:8:\"\0*\0casts\";a:2:{s:9:\"is_active\";s:7:\"boolean\";s:10:\"sort_order\";s:7:\"integer\";}s:17:\"\0*\0classCastCache\";a:0:{}s:21:\"\0*\0attributeCastCache\";a:0:{}s:13:\"\0*\0dateFormat\";N;s:10:\"\0*\0appends\";a:0:{}s:19:\"\0*\0dispatchesEvents\";a:0:{}s:14:\"\0*\0observables\";a:0:{}s:12:\"\0*\0relations\";a:0:{}s:10:\"\0*\0touches\";a:0:{}s:27:\"\0*\0relationAutoloadCallback\";N;s:26:\"\0*\0relationAutoloadContext\";N;s:10:\"timestamps\";b:1;s:13:\"usesUniqueIds\";b:0;s:9:\"\0*\0hidden\";a:0:{}s:10:\"\0*\0visible\";a:0:{}s:11:\"\0*\0fillable\";a:6:{i:0;s:9:\"parent_id\";i:1;s:4:\"name\";i:2;s:4:\"slug\";i:3;s:10:\"image_path\";i:4;s:9:\"is_active\";i:5;s:10:\"sort_order\";}s:10:\"\0*\0guarded\";a:1:{i:0;s:1:\"*\";}}i:1;O:19:\"App\\Models\\Category\":33:{s:13:\"\0*\0connection\";s:5:\"mysql\";s:8:\"\0*\0table\";s:10:\"categories\";s:13:\"\0*\0primaryKey\";s:2:\"id\";s:10:\"\0*\0keyType\";s:3:\"int\";s:12:\"incrementing\";b:1;s:7:\"\0*\0with\";a:0:{}s:12:\"\0*\0withCount\";a:0:{}s:19:\"preventsLazyLoading\";b:0;s:10:\"\0*\0perPage\";i:15;s:6:\"exists\";b:1;s:18:\"wasRecentlyCreated\";b:0;s:28:\"\0*\0escapeWhenCastingToString\";b:0;s:13:\"\0*\0attributes\";a:9:{s:2:\"id\";i:2;s:9:\"parent_id\";N;s:4:\"name\";s:9:\"Victorian\";s:4:\"slug\";s:9:\"victorian\";s:10:\"image_path\";s:55:\"categories/t13tArDnu4yBZwOB6ANJRBgHFOfDHZUenDPSnDJY.jpg\";s:9:\"is_active\";i:1;s:10:\"sort_order\";i:0;s:10:\"created_at\";s:19:\"2025-11-12 14:24:59\";s:10:\"updated_at\";s:19:\"2025-11-12 17:56:46\";}s:11:\"\0*\0original\";a:9:{s:2:\"id\";i:2;s:9:\"parent_id\";N;s:4:\"name\";s:9:\"Victorian\";s:4:\"slug\";s:9:\"victorian\";s:10:\"image_path\";s:55:\"categories/t13tArDnu4yBZwOB6ANJRBgHFOfDHZUenDPSnDJY.jpg\";s:9:\"is_active\";i:1;s:10:\"sort_order\";i:0;s:10:\"created_at\";s:19:\"2025-11-12 14:24:59\";s:10:\"updated_at\";s:19:\"2025-11-12 17:56:46\";}s:10:\"\0*\0changes\";a:0:{}s:11:\"\0*\0previous\";a:0:{}s:8:\"\0*\0casts\";a:2:{s:9:\"is_active\";s:7:\"boolean\";s:10:\"sort_order\";s:7:\"integer\";}s:17:\"\0*\0classCastCache\";a:0:{}s:21:\"\0*\0attributeCastCache\";a:0:{}s:13:\"\0*\0dateFormat\";N;s:10:\"\0*\0appends\";a:0:{}s:19:\"\0*\0dispatchesEvents\";a:0:{}s:14:\"\0*\0observables\";a:0:{}s:12:\"\0*\0relations\";a:0:{}s:10:\"\0*\0touches\";a:0:{}s:27:\"\0*\0relationAutoloadCallback\";N;s:26:\"\0*\0relationAutoloadContext\";N;s:10:\"timestamps\";b:1;s:13:\"usesUniqueIds\";b:0;s:9:\"\0*\0hidden\";a:0:{}s:10:\"\0*\0visible\";a:0:{}s:11:\"\0*\0fillable\";a:6:{i:0;s:9:\"parent_id\";i:1;s:4:\"name\";i:2;s:4:\"slug\";i:3;s:10:\"image_path\";i:4;s:9:\"is_active\";i:5;s:10:\"sort_order\";}s:10:\"\0*\0guarded\";a:1:{i:0;s:1:\"*\";}}i:2;O:19:\"App\\Models\\Category\":33:{s:13:\"\0*\0connection\";s:5:\"mysql\";s:8:\"\0*\0table\";s:10:\"categories\";s:13:\"\0*\0primaryKey\";s:2:\"id\";s:10:\"\0*\0keyType\";s:3:\"int\";s:12:\"incrementing\";b:1;s:7:\"\0*\0with\";a:0:{}s:12:\"\0*\0withCount\";a:0:{}s:19:\"preventsLazyLoading\";b:0;s:10:\"\0*\0perPage\";i:15;s:6:\"exists\";b:1;s:18:\"wasRecentlyCreated\";b:0;s:28:\"\0*\0escapeWhenCastingToString\";b:0;s:13:\"\0*\0attributes\";a:9:{s:2:\"id\";i:3;s:9:\"parent_id\";N;s:4:\"name\";s:8:\"Earrings\";s:4:\"slug\";s:8:\"earrings\";s:10:\"image_path\";s:55:\"categories/v0pViHxtDzL3SKI44hLNTlAdHkEf2OpdZjJogV1m.jpg\";s:9:\"is_active\";i:1;s:10:\"sort_order\";i:0;s:10:\"created_at\";s:19:\"2025-11-12 14:24:59\";s:10:\"updated_at\";s:19:\"2025-11-12 17:57:40\";}s:11:\"\0*\0original\";a:9:{s:2:\"id\";i:3;s:9:\"parent_id\";N;s:4:\"name\";s:8:\"Earrings\";s:4:\"slug\";s:8:\"earrings\";s:10:\"image_path\";s:55:\"categories/v0pViHxtDzL3SKI44hLNTlAdHkEf2OpdZjJogV1m.jpg\";s:9:\"is_active\";i:1;s:10:\"sort_order\";i:0;s:10:\"created_at\";s:19:\"2025-11-12 14:24:59\";s:10:\"updated_at\";s:19:\"2025-11-12 17:57:40\";}s:10:\"\0*\0changes\";a:0:{}s:11:\"\0*\0previous\";a:0:{}s:8:\"\0*\0casts\";a:2:{s:9:\"is_active\";s:7:\"boolean\";s:10:\"sort_order\";s:7:\"integer\";}s:17:\"\0*\0classCastCache\";a:0:{}s:21:\"\0*\0attributeCastCache\";a:0:{}s:13:\"\0*\0dateFormat\";N;s:10:\"\0*\0appends\";a:0:{}s:19:\"\0*\0dispatchesEvents\";a:0:{}s:14:\"\0*\0observables\";a:0:{}s:12:\"\0*\0relations\";a:0:{}s:10:\"\0*\0touches\";a:0:{}s:27:\"\0*\0relationAutoloadCallback\";N;s:26:\"\0*\0relationAutoloadContext\";N;s:10:\"timestamps\";b:1;s:13:\"usesUniqueIds\";b:0;s:9:\"\0*\0hidden\";a:0:{}s:10:\"\0*\0visible\";a:0:{}s:11:\"\0*\0fillable\";a:6:{i:0;s:9:\"parent_id\";i:1;s:4:\"name\";i:2;s:4:\"slug\";i:3;s:10:\"image_path\";i:4;s:9:\"is_active\";i:5;s:10:\"sort_order\";}s:10:\"\0*\0guarded\";a:1:{i:0;s:1:\"*\";}}i:3;O:19:\"App\\Models\\Category\":33:{s:13:\"\0*\0connection\";s:5:\"mysql\";s:8:\"\0*\0table\";s:10:\"categories\";s:13:\"\0*\0primaryKey\";s:2:\"id\";s:10:\"\0*\0keyType\";s:3:\"int\";s:12:\"incrementing\";b:1;s:7:\"\0*\0with\";a:0:{}s:12:\"\0*\0withCount\";a:0:{}s:19:\"preventsLazyLoading\";b:0;s:10:\"\0*\0perPage\";i:15;s:6:\"exists\";b:1;s:18:\"wasRecentlyCreated\";b:0;s:28:\"\0*\0escapeWhenCastingToString\";b:0;s:13:\"\0*\0attributes\";a:9:{s:2:\"id\";i:4;s:9:\"parent_id\";N;s:4:\"name\";s:7:\"Bangles\";s:4:\"slug\";s:7:\"bangles\";s:10:\"image_path\";s:55:\"categories/9jjlHvvwQ5LdhrFiha2Yfx0XSVHViKHthtSUAaAJ.jpg\";s:9:\"is_active\";i:1;s:10:\"sort_order\";i:0;s:10:\"created_at\";s:19:\"2025-11-12 14:24:59\";s:10:\"updated_at\";s:19:\"2025-11-12 17:58:15\";}s:11:\"\0*\0original\";a:9:{s:2:\"id\";i:4;s:9:\"parent_id\";N;s:4:\"name\";s:7:\"Bangles\";s:4:\"slug\";s:7:\"bangles\";s:10:\"image_path\";s:55:\"categories/9jjlHvvwQ5LdhrFiha2Yfx0XSVHViKHthtSUAaAJ.jpg\";s:9:\"is_active\";i:1;s:10:\"sort_order\";i:0;s:10:\"created_at\";s:19:\"2025-11-12 14:24:59\";s:10:\"updated_at\";s:19:\"2025-11-12 17:58:15\";}s:10:\"\0*\0changes\";a:0:{}s:11:\"\0*\0previous\";a:0:{}s:8:\"\0*\0casts\";a:2:{s:9:\"is_active\";s:7:\"boolean\";s:10:\"sort_order\";s:7:\"integer\";}s:17:\"\0*\0classCastCache\";a:0:{}s:21:\"\0*\0attributeCastCache\";a:0:{}s:13:\"\0*\0dateFormat\";N;s:10:\"\0*\0appends\";a:0:{}s:19:\"\0*\0dispatchesEvents\";a:0:{}s:14:\"\0*\0observables\";a:0:{}s:12:\"\0*\0relations\";a:0:{}s:10:\"\0*\0touches\";a:0:{}s:27:\"\0*\0relationAutoloadCallback\";N;s:26:\"\0*\0relationAutoloadContext\";N;s:10:\"timestamps\";b:1;s:13:\"usesUniqueIds\";b:0;s:9:\"\0*\0hidden\";a:0:{}s:10:\"\0*\0visible\";a:0:{}s:11:\"\0*\0fillable\";a:6:{i:0;s:9:\"parent_id\";i:1;s:4:\"name\";i:2;s:4:\"slug\";i:3;s:10:\"image_path\";i:4;s:9:\"is_active\";i:5;s:10:\"sort_order\";}s:10:\"\0*\0guarded\";a:1:{i:0;s:1:\"*\";}}i:4;O:19:\"App\\Models\\Category\":33:{s:13:\"\0*\0connection\";s:5:\"mysql\";s:8:\"\0*\0table\";s:10:\"categories\";s:13:\"\0*\0primaryKey\";s:2:\"id\";s:10:\"\0*\0keyType\";s:3:\"int\";s:12:\"incrementing\";b:1;s:7:\"\0*\0with\";a:0:{}s:12:\"\0*\0withCount\";a:0:{}s:19:\"preventsLazyLoading\";b:0;s:10:\"\0*\0perPage\";i:15;s:6:\"exists\";b:1;s:18:\"wasRecentlyCreated\";b:0;s:28:\"\0*\0escapeWhenCastingToString\";b:0;s:13:\"\0*\0attributes\";a:9:{s:2:\"id\";i:5;s:9:\"parent_id\";N;s:4:\"name\";s:13:\"Mangalasutras\";s:4:\"slug\";s:13:\"mangalasutras\";s:10:\"image_path\";s:55:\"categories/eeSb8PeEz3zHfoZMZhs0YTD5MDMtx56xM8bUNkcX.jpg\";s:9:\"is_active\";i:1;s:10:\"sort_order\";i:0;s:10:\"created_at\";s:19:\"2025-11-12 14:24:59\";s:10:\"updated_at\";s:19:\"2025-11-12 18:03:04\";}s:11:\"\0*\0original\";a:9:{s:2:\"id\";i:5;s:9:\"parent_id\";N;s:4:\"name\";s:13:\"Mangalasutras\";s:4:\"slug\";s:13:\"mangalasutras\";s:10:\"image_path\";s:55:\"categories/eeSb8PeEz3zHfoZMZhs0YTD5MDMtx56xM8bUNkcX.jpg\";s:9:\"is_active\";i:1;s:10:\"sort_order\";i:0;s:10:\"created_at\";s:19:\"2025-11-12 14:24:59\";s:10:\"updated_at\";s:19:\"2025-11-12 18:03:04\";}s:10:\"\0*\0changes\";a:0:{}s:11:\"\0*\0previous\";a:0:{}s:8:\"\0*\0casts\";a:2:{s:9:\"is_active\";s:7:\"boolean\";s:10:\"sort_order\";s:7:\"integer\";}s:17:\"\0*\0classCastCache\";a:0:{}s:21:\"\0*\0attributeCastCache\";a:0:{}s:13:\"\0*\0dateFormat\";N;s:10:\"\0*\0appends\";a:0:{}s:19:\"\0*\0dispatchesEvents\";a:0:{}s:14:\"\0*\0observables\";a:0:{}s:12:\"\0*\0relations\";a:0:{}s:10:\"\0*\0touches\";a:0:{}s:27:\"\0*\0relationAutoloadCallback\";N;s:26:\"\0*\0relationAutoloadContext\";N;s:10:\"timestamps\";b:1;s:13:\"usesUniqueIds\";b:0;s:9:\"\0*\0hidden\";a:0:{}s:10:\"\0*\0visible\";a:0:{}s:11:\"\0*\0fillable\";a:6:{i:0;s:9:\"parent_id\";i:1;s:4:\"name\";i:2;s:4:\"slug\";i:3;s:10:\"image_path\";i:4;s:9:\"is_active\";i:5;s:10:\"sort_order\";}s:10:\"\0*\0guarded\";a:1:{i:0;s:1:\"*\";}}i:5;O:19:\"App\\Models\\Category\":33:{s:13:\"\0*\0connection\";s:5:\"mysql\";s:8:\"\0*\0table\";s:10:\"categories\";s:13:\"\0*\0primaryKey\";s:2:\"id\";s:10:\"\0*\0keyType\";s:3:\"int\";s:12:\"incrementing\";b:1;s:7:\"\0*\0with\";a:0:{}s:12:\"\0*\0withCount\";a:0:{}s:19:\"preventsLazyLoading\";b:0;s:10:\"\0*\0perPage\";i:15;s:6:\"exists\";b:1;s:18:\"wasRecentlyCreated\";b:0;s:28:\"\0*\0escapeWhenCastingToString\";b:0;s:13:\"\0*\0attributes\";a:9:{s:2:\"id\";i:6;s:9:\"parent_id\";N;s:4:\"name\";s:11:\"Bridal Sets\";s:4:\"slug\";s:11:\"bridal-sets\";s:10:\"image_path\";s:55:\"categories/RFEh0H5RWcJd8qV5AS4GXlslyvQi3fd1MR4eWezA.jpg\";s:9:\"is_active\";i:1;s:10:\"sort_order\";i:0;s:10:\"created_at\";s:19:\"2025-11-12 14:24:59\";s:10:\"updated_at\";s:19:\"2025-11-12 18:03:40\";}s:11:\"\0*\0original\";a:9:{s:2:\"id\";i:6;s:9:\"parent_id\";N;s:4:\"name\";s:11:\"Bridal Sets\";s:4:\"slug\";s:11:\"bridal-sets\";s:10:\"image_path\";s:55:\"categories/RFEh0H5RWcJd8qV5AS4GXlslyvQi3fd1MR4eWezA.jpg\";s:9:\"is_active\";i:1;s:10:\"sort_order\";i:0;s:10:\"created_at\";s:19:\"2025-11-12 14:24:59\";s:10:\"updated_at\";s:19:\"2025-11-12 18:03:40\";}s:10:\"\0*\0changes\";a:0:{}s:11:\"\0*\0previous\";a:0:{}s:8:\"\0*\0casts\";a:2:{s:9:\"is_active\";s:7:\"boolean\";s:10:\"sort_order\";s:7:\"integer\";}s:17:\"\0*\0classCastCache\";a:0:{}s:21:\"\0*\0attributeCastCache\";a:0:{}s:13:\"\0*\0dateFormat\";N;s:10:\"\0*\0appends\";a:0:{}s:19:\"\0*\0dispatchesEvents\";a:0:{}s:14:\"\0*\0observables\";a:0:{}s:12:\"\0*\0relations\";a:0:{}s:10:\"\0*\0touches\";a:0:{}s:27:\"\0*\0relationAutoloadCallback\";N;s:26:\"\0*\0relationAutoloadContext\";N;s:10:\"timestamps\";b:1;s:13:\"usesUniqueIds\";b:0;s:9:\"\0*\0hidden\";a:0:{}s:10:\"\0*\0visible\";a:0:{}s:11:\"\0*\0fillable\";a:6:{i:0;s:9:\"parent_id\";i:1;s:4:\"name\";i:2;s:4:\"slug\";i:3;s:10:\"image_path\";i:4;s:9:\"is_active\";i:5;s:10:\"sort_order\";}s:10:\"\0*\0guarded\";a:1:{i:0;s:1:\"*\";}}i:6;O:19:\"App\\Models\\Category\":33:{s:13:\"\0*\0connection\";s:5:\"mysql\";s:8:\"\0*\0table\";s:10:\"categories\";s:13:\"\0*\0primaryKey\";s:2:\"id\";s:10:\"\0*\0keyType\";s:3:\"int\";s:12:\"incrementing\";b:1;s:7:\"\0*\0with\";a:0:{}s:12:\"\0*\0withCount\";a:0:{}s:19:\"preventsLazyLoading\";b:0;s:10:\"\0*\0perPage\";i:15;s:6:\"exists\";b:1;s:18:\"wasRecentlyCreated\";b:0;s:28:\"\0*\0escapeWhenCastingToString\";b:0;s:13:\"\0*\0attributes\";a:9:{s:2:\"id\";i:7;s:9:\"parent_id\";N;s:4:\"name\";s:11:\"Accessories\";s:4:\"slug\";s:11:\"accessories\";s:10:\"image_path\";s:55:\"categories/G2xzX69zQpKRPyPgOI5AeTL88aKh9Tg7x91Vxhu2.jpg\";s:9:\"is_active\";i:1;s:10:\"sort_order\";i:0;s:10:\"created_at\";s:19:\"2025-11-12 14:24:59\";s:10:\"updated_at\";s:19:\"2025-11-12 18:06:59\";}s:11:\"\0*\0original\";a:9:{s:2:\"id\";i:7;s:9:\"parent_id\";N;s:4:\"name\";s:11:\"Accessories\";s:4:\"slug\";s:11:\"accessories\";s:10:\"image_path\";s:55:\"categories/G2xzX69zQpKRPyPgOI5AeTL88aKh9Tg7x91Vxhu2.jpg\";s:9:\"is_active\";i:1;s:10:\"sort_order\";i:0;s:10:\"created_at\";s:19:\"2025-11-12 14:24:59\";s:10:\"updated_at\";s:19:\"2025-11-12 18:06:59\";}s:10:\"\0*\0changes\";a:0:{}s:11:\"\0*\0previous\";a:0:{}s:8:\"\0*\0casts\";a:2:{s:9:\"is_active\";s:7:\"boolean\";s:10:\"sort_order\";s:7:\"integer\";}s:17:\"\0*\0classCastCache\";a:0:{}s:21:\"\0*\0attributeCastCache\";a:0:{}s:13:\"\0*\0dateFormat\";N;s:10:\"\0*\0appends\";a:0:{}s:19:\"\0*\0dispatchesEvents\";a:0:{}s:14:\"\0*\0observables\";a:0:{}s:12:\"\0*\0relations\";a:0:{}s:10:\"\0*\0touches\";a:0:{}s:27:\"\0*\0relationAutoloadCallback\";N;s:26:\"\0*\0relationAutoloadContext\";N;s:10:\"timestamps\";b:1;s:13:\"usesUniqueIds\";b:0;s:9:\"\0*\0hidden\";a:0:{}s:10:\"\0*\0visible\";a:0:{}s:11:\"\0*\0fillable\";a:6:{i:0;s:9:\"parent_id\";i:1;s:4:\"name\";i:2;s:4:\"slug\";i:3;s:10:\"image_path\";i:4;s:9:\"is_active\";i:5;s:10:\"sort_order\";}s:10:\"\0*\0guarded\";a:1:{i:0;s:1:\"*\";}}i:7;O:19:\"App\\Models\\Category\":33:{s:13:\"\0*\0connection\";s:5:\"mysql\";s:8:\"\0*\0table\";s:10:\"categories\";s:13:\"\0*\0primaryKey\";s:2:\"id\";s:10:\"\0*\0keyType\";s:3:\"int\";s:12:\"incrementing\";b:1;s:7:\"\0*\0with\";a:0:{}s:12:\"\0*\0withCount\";a:0:{}s:19:\"preventsLazyLoading\";b:0;s:10:\"\0*\0perPage\";i:15;s:6:\"exists\";b:1;s:18:\"wasRecentlyCreated\";b:0;s:28:\"\0*\0escapeWhenCastingToString\";b:0;s:13:\"\0*\0attributes\";a:9:{s:2:\"id\";i:48;s:9:\"parent_id\";N;s:4:\"name\";s:5:\"Beeds\";s:4:\"slug\";s:5:\"beeds\";s:10:\"image_path\";s:55:\"categories/8ZUvzJwmzRQwMN4sbrmkqTxkwbiSPNoJLe5iexHy.jpg\";s:9:\"is_active\";i:1;s:10:\"sort_order\";i:0;s:10:\"created_at\";s:19:\"2025-11-12 14:37:18\";s:10:\"updated_at\";s:19:\"2025-11-12 18:05:47\";}s:11:\"\0*\0original\";a:9:{s:2:\"id\";i:48;s:9:\"parent_id\";N;s:4:\"name\";s:5:\"Beeds\";s:4:\"slug\";s:5:\"beeds\";s:10:\"image_path\";s:55:\"categories/8ZUvzJwmzRQwMN4sbrmkqTxkwbiSPNoJLe5iexHy.jpg\";s:9:\"is_active\";i:1;s:10:\"sort_order\";i:0;s:10:\"created_at\";s:19:\"2025-11-12 14:37:18\";s:10:\"updated_at\";s:19:\"2025-11-12 18:05:47\";}s:10:\"\0*\0changes\";a:0:{}s:11:\"\0*\0previous\";a:0:{}s:8:\"\0*\0casts\";a:2:{s:9:\"is_active\";s:7:\"boolean\";s:10:\"sort_order\";s:7:\"integer\";}s:17:\"\0*\0classCastCache\";a:0:{}s:21:\"\0*\0attributeCastCache\";a:0:{}s:13:\"\0*\0dateFormat\";N;s:10:\"\0*\0appends\";a:0:{}s:19:\"\0*\0dispatchesEvents\";a:0:{}s:14:\"\0*\0observables\";a:0:{}s:12:\"\0*\0relations\";a:0:{}s:10:\"\0*\0touches\";a:0:{}s:27:\"\0*\0relationAutoloadCallback\";N;s:26:\"\0*\0relationAutoloadContext\";N;s:10:\"timestamps\";b:1;s:13:\"usesUniqueIds\";b:0;s:9:\"\0*\0hidden\";a:0:{}s:10:\"\0*\0visible\";a:0:{}s:11:\"\0*\0fillable\";a:6:{i:0;s:9:\"parent_id\";i:1;s:4:\"name\";i:2;s:4:\"slug\";i:3;s:10:\"image_path\";i:4;s:9:\"is_active\";i:5;s:10:\"sort_order\";}s:10:\"\0*\0guarded\";a:1:{i:0;s:1:\"*\";}}i:8;O:19:\"App\\Models\\Category\":33:{s:13:\"\0*\0connection\";s:5:\"mysql\";s:8:\"\0*\0table\";s:10:\"categories\";s:13:\"\0*\0primaryKey\";s:2:\"id\";s:10:\"\0*\0keyType\";s:3:\"int\";s:12:\"incrementing\";b:1;s:7:\"\0*\0with\";a:0:{}s:12:\"\0*\0withCount\";a:0:{}s:19:\"preventsLazyLoading\";b:0;s:10:\"\0*\0perPage\";i:15;s:6:\"exists\";b:1;s:18:\"wasRecentlyCreated\";b:0;s:28:\"\0*\0escapeWhenCastingToString\";b:0;s:13:\"\0*\0attributes\";a:9:{s:2:\"id\";i:49;s:9:\"parent_id\";N;s:4:\"name\";s:13:\"Kumkum Barina\";s:4:\"slug\";s:13:\"kumkum-barina\";s:10:\"image_path\";s:55:\"categories/cvLE0bqeQBuczveXCgN8MfruylhRxxUoCjQGp9Je.jpg\";s:9:\"is_active\";i:1;s:10:\"sort_order\";i:0;s:10:\"created_at\";s:19:\"2025-11-12 14:37:18\";s:10:\"updated_at\";s:19:\"2025-11-12 18:04:55\";}s:11:\"\0*\0original\";a:9:{s:2:\"id\";i:49;s:9:\"parent_id\";N;s:4:\"name\";s:13:\"Kumkum Barina\";s:4:\"slug\";s:13:\"kumkum-barina\";s:10:\"image_path\";s:55:\"categories/cvLE0bqeQBuczveXCgN8MfruylhRxxUoCjQGp9Je.jpg\";s:9:\"is_active\";i:1;s:10:\"sort_order\";i:0;s:10:\"created_at\";s:19:\"2025-11-12 14:37:18\";s:10:\"updated_at\";s:19:\"2025-11-12 18:04:55\";}s:10:\"\0*\0changes\";a:0:{}s:11:\"\0*\0previous\";a:0:{}s:8:\"\0*\0casts\";a:2:{s:9:\"is_active\";s:7:\"boolean\";s:10:\"sort_order\";s:7:\"integer\";}s:17:\"\0*\0classCastCache\";a:0:{}s:21:\"\0*\0attributeCastCache\";a:0:{}s:13:\"\0*\0dateFormat\";N;s:10:\"\0*\0appends\";a:0:{}s:19:\"\0*\0dispatchesEvents\";a:0:{}s:14:\"\0*\0observables\";a:0:{}s:12:\"\0*\0relations\";a:0:{}s:10:\"\0*\0touches\";a:0:{}s:27:\"\0*\0relationAutoloadCallback\";N;s:26:\"\0*\0relationAutoloadContext\";N;s:10:\"timestamps\";b:1;s:13:\"usesUniqueIds\";b:0;s:9:\"\0*\0hidden\";a:0:{}s:10:\"\0*\0visible\";a:0:{}s:11:\"\0*\0fillable\";a:6:{i:0;s:9:\"parent_id\";i:1;s:4:\"name\";i:2;s:4:\"slug\";i:3;s:10:\"image_path\";i:4;s:9:\"is_active\";i:5;s:10:\"sort_order\";}s:10:\"\0*\0guarded\";a:1:{i:0;s:1:\"*\";}}i:9;O:19:\"App\\Models\\Category\":33:{s:13:\"\0*\0connection\";s:5:\"mysql\";s:8:\"\0*\0table\";s:10:\"categories\";s:13:\"\0*\0primaryKey\";s:2:\"id\";s:10:\"\0*\0keyType\";s:3:\"int\";s:12:\"incrementing\";b:1;s:7:\"\0*\0with\";a:0:{}s:12:\"\0*\0withCount\";a:0:{}s:19:\"preventsLazyLoading\";b:0;s:10:\"\0*\0perPage\";i:15;s:6:\"exists\";b:1;s:18:\"wasRecentlyCreated\";b:0;s:28:\"\0*\0escapeWhenCastingToString\";b:0;s:13:\"\0*\0attributes\";a:9:{s:2:\"id\";i:54;s:9:\"parent_id\";N;s:4:\"name\";s:11:\"Electronics\";s:4:\"slug\";s:11:\"electronics\";s:10:\"image_path\";N;s:9:\"is_active\";i:1;s:10:\"sort_order\";i:1;s:10:\"created_at\";s:19:\"2025-11-13 01:13:45\";s:10:\"updated_at\";s:19:\"2025-11-13 01:13:45\";}s:11:\"\0*\0original\";a:9:{s:2:\"id\";i:54;s:9:\"parent_id\";N;s:4:\"name\";s:11:\"Electronics\";s:4:\"slug\";s:11:\"electronics\";s:10:\"image_path\";N;s:9:\"is_active\";i:1;s:10:\"sort_order\";i:1;s:10:\"created_at\";s:19:\"2025-11-13 01:13:45\";s:10:\"updated_at\";s:19:\"2025-11-13 01:13:45\";}s:10:\"\0*\0changes\";a:0:{}s:11:\"\0*\0previous\";a:0:{}s:8:\"\0*\0casts\";a:2:{s:9:\"is_active\";s:7:\"boolean\";s:10:\"sort_order\";s:7:\"integer\";}s:17:\"\0*\0classCastCache\";a:0:{}s:21:\"\0*\0attributeCastCache\";a:0:{}s:13:\"\0*\0dateFormat\";N;s:10:\"\0*\0appends\";a:0:{}s:19:\"\0*\0dispatchesEvents\";a:0:{}s:14:\"\0*\0observables\";a:0:{}s:12:\"\0*\0relations\";a:0:{}s:10:\"\0*\0touches\";a:0:{}s:27:\"\0*\0relationAutoloadCallback\";N;s:26:\"\0*\0relationAutoloadContext\";N;s:10:\"timestamps\";b:1;s:13:\"usesUniqueIds\";b:0;s:9:\"\0*\0hidden\";a:0:{}s:10:\"\0*\0visible\";a:0:{}s:11:\"\0*\0fillable\";a:6:{i:0;s:9:\"parent_id\";i:1;s:4:\"name\";i:2;s:4:\"slug\";i:3;s:10:\"image_path\";i:4;s:9:\"is_active\";i:5;s:10:\"sort_order\";}s:10:\"\0*\0guarded\";a:1:{i:0;s:1:\"*\";}}}s:28:\"\0*\0escapeWhenCastingToString\";b:0;}', 1763992822),
('homepage.banners', 'O:39:\"Illuminate\\Database\\Eloquent\\Collection\":2:{s:8:\"\0*\0items\";a:1:{i:0;O:17:\"App\\Models\\Banner\":33:{s:13:\"\0*\0connection\";s:5:\"mysql\";s:8:\"\0*\0table\";s:7:\"banners\";s:13:\"\0*\0primaryKey\";s:2:\"id\";s:10:\"\0*\0keyType\";s:3:\"int\";s:12:\"incrementing\";b:1;s:7:\"\0*\0with\";a:0:{}s:12:\"\0*\0withCount\";a:0:{}s:19:\"preventsLazyLoading\";b:0;s:10:\"\0*\0perPage\";i:15;s:6:\"exists\";b:1;s:18:\"wasRecentlyCreated\";b:0;s:28:\"\0*\0escapeWhenCastingToString\";b:0;s:13:\"\0*\0attributes\";a:8:{s:2:\"id\";i:1;s:5:\"title\";N;s:10:\"image_path\";s:52:\"banners/MpnB9C2MtoO2nFA52czJb2wHxeUcaRQFzJSJHJya.jpg\";s:4:\"link\";N;s:10:\"sort_order\";i:1;s:9:\"is_active\";i:1;s:10:\"created_at\";s:19:\"2025-11-12 14:32:51\";s:10:\"updated_at\";s:19:\"2025-11-12 14:32:51\";}s:11:\"\0*\0original\";a:8:{s:2:\"id\";i:1;s:5:\"title\";N;s:10:\"image_path\";s:52:\"banners/MpnB9C2MtoO2nFA52czJb2wHxeUcaRQFzJSJHJya.jpg\";s:4:\"link\";N;s:10:\"sort_order\";i:1;s:9:\"is_active\";i:1;s:10:\"created_at\";s:19:\"2025-11-12 14:32:51\";s:10:\"updated_at\";s:19:\"2025-11-12 14:32:51\";}s:10:\"\0*\0changes\";a:0:{}s:11:\"\0*\0previous\";a:0:{}s:8:\"\0*\0casts\";a:2:{s:9:\"is_active\";s:7:\"boolean\";s:10:\"sort_order\";s:7:\"integer\";}s:17:\"\0*\0classCastCache\";a:0:{}s:21:\"\0*\0attributeCastCache\";a:0:{}s:13:\"\0*\0dateFormat\";N;s:10:\"\0*\0appends\";a:0:{}s:19:\"\0*\0dispatchesEvents\";a:0:{}s:14:\"\0*\0observables\";a:0:{}s:12:\"\0*\0relations\";a:0:{}s:10:\"\0*\0touches\";a:0:{}s:27:\"\0*\0relationAutoloadCallback\";N;s:26:\"\0*\0relationAutoloadContext\";N;s:10:\"timestamps\";b:1;s:13:\"usesUniqueIds\";b:0;s:9:\"\0*\0hidden\";a:0:{}s:10:\"\0*\0visible\";a:0:{}s:11:\"\0*\0fillable\";a:5:{i:0;s:5:\"title\";i:1;s:10:\"image_path\";i:2;s:4:\"link\";i:3;s:10:\"sort_order\";i:4;s:9:\"is_active\";}s:10:\"\0*\0guarded\";a:1:{i:0;s:1:\"*\";}}}s:28:\"\0*\0escapeWhenCastingToString\";b:0;}', 1763992822);
INSERT INTO `cache` (`key`, `value`, `expiration`) VALUES
('homepage.best_sellers', 'O:39:\"Illuminate\\Database\\Eloquent\\Collection\":2:{s:8:\"\0*\0items\";a:8:{i:0;O:18:\"App\\Models\\Product\":33:{s:13:\"\0*\0connection\";s:5:\"mysql\";s:8:\"\0*\0table\";s:8:\"products\";s:13:\"\0*\0primaryKey\";s:2:\"id\";s:10:\"\0*\0keyType\";s:3:\"int\";s:12:\"incrementing\";b:1;s:7:\"\0*\0with\";a:0:{}s:12:\"\0*\0withCount\";a:0:{}s:19:\"preventsLazyLoading\";b:0;s:10:\"\0*\0perPage\";i:15;s:6:\"exists\";b:1;s:18:\"wasRecentlyCreated\";b:0;s:28:\"\0*\0escapeWhenCastingToString\";b:0;s:13:\"\0*\0attributes\";a:21:{s:2:\"id\";i:10;s:11:\"category_id\";i:10;s:4:\"name\";s:13:\"LONG NECKLACE\";s:4:\"slug\";s:13:\"long-necklace\";s:4:\"tags\";s:6:\"SKT203\";s:7:\"barcode\";s:18:\"BC-20251112-936573\";s:5:\"price\";s:7:\"1995.00\";s:3:\"mrp\";s:7:\"1995.00\";s:13:\"opening_stock\";i:10;s:13:\"current_stock\";i:7;s:7:\"unit_id\";i:1;s:6:\"tax_id\";N;s:17:\"tax_rate_snapshot\";N;s:10:\"short_desc\";s:0:\"\";s:9:\"long_desc\";s:0:\"\";s:10:\"image_path\";s:68:\"products/6914be7a9d9a7_wm5FlQObB7f528kNJK4Jxzto7jft6Sj31s6a3486.jpeg\";s:9:\"is_active\";i:1;s:11:\"is_featured\";i:0;s:13:\"is_prebooking\";i:0;s:10:\"created_at\";s:19:\"2025-11-12 14:37:42\";s:10:\"updated_at\";s:19:\"2025-11-21 13:46:34\";}s:11:\"\0*\0original\";a:21:{s:2:\"id\";i:10;s:11:\"category_id\";i:10;s:4:\"name\";s:13:\"LONG NECKLACE\";s:4:\"slug\";s:13:\"long-necklace\";s:4:\"tags\";s:6:\"SKT203\";s:7:\"barcode\";s:18:\"BC-20251112-936573\";s:5:\"price\";s:7:\"1995.00\";s:3:\"mrp\";s:7:\"1995.00\";s:13:\"opening_stock\";i:10;s:13:\"current_stock\";i:7;s:7:\"unit_id\";i:1;s:6:\"tax_id\";N;s:17:\"tax_rate_snapshot\";N;s:10:\"short_desc\";s:0:\"\";s:9:\"long_desc\";s:0:\"\";s:10:\"image_path\";s:68:\"products/6914be7a9d9a7_wm5FlQObB7f528kNJK4Jxzto7jft6Sj31s6a3486.jpeg\";s:9:\"is_active\";i:1;s:11:\"is_featured\";i:0;s:13:\"is_prebooking\";i:0;s:10:\"created_at\";s:19:\"2025-11-12 14:37:42\";s:10:\"updated_at\";s:19:\"2025-11-21 13:46:34\";}s:10:\"\0*\0changes\";a:0:{}s:11:\"\0*\0previous\";a:0:{}s:8:\"\0*\0casts\";a:8:{s:5:\"price\";s:9:\"decimal:2\";s:3:\"mrp\";s:9:\"decimal:2\";s:17:\"tax_rate_snapshot\";s:9:\"decimal:2\";s:13:\"opening_stock\";s:7:\"integer\";s:13:\"current_stock\";s:7:\"integer\";s:9:\"is_active\";s:7:\"boolean\";s:11:\"is_featured\";s:7:\"boolean\";s:13:\"is_prebooking\";s:7:\"boolean\";}s:17:\"\0*\0classCastCache\";a:0:{}s:21:\"\0*\0attributeCastCache\";a:0:{}s:13:\"\0*\0dateFormat\";N;s:10:\"\0*\0appends\";a:0:{}s:19:\"\0*\0dispatchesEvents\";a:0:{}s:14:\"\0*\0observables\";a:0:{}s:12:\"\0*\0relations\";a:1:{s:8:\"category\";O:19:\"App\\Models\\Category\":33:{s:13:\"\0*\0connection\";s:5:\"mysql\";s:8:\"\0*\0table\";s:10:\"categories\";s:13:\"\0*\0primaryKey\";s:2:\"id\";s:10:\"\0*\0keyType\";s:3:\"int\";s:12:\"incrementing\";b:1;s:7:\"\0*\0with\";a:0:{}s:12:\"\0*\0withCount\";a:0:{}s:19:\"preventsLazyLoading\";b:0;s:10:\"\0*\0perPage\";i:15;s:6:\"exists\";b:1;s:18:\"wasRecentlyCreated\";b:0;s:28:\"\0*\0escapeWhenCastingToString\";b:0;s:13:\"\0*\0attributes\";a:9:{s:2:\"id\";i:10;s:9:\"parent_id\";i:1;s:4:\"name\";s:14:\"Long necklaces\";s:4:\"slug\";s:14:\"long-necklaces\";s:10:\"image_path\";N;s:9:\"is_active\";i:1;s:10:\"sort_order\";i:1;s:10:\"created_at\";s:19:\"2025-11-12 14:25:00\";s:10:\"updated_at\";s:19:\"2025-11-12 14:25:00\";}s:11:\"\0*\0original\";a:9:{s:2:\"id\";i:10;s:9:\"parent_id\";i:1;s:4:\"name\";s:14:\"Long necklaces\";s:4:\"slug\";s:14:\"long-necklaces\";s:10:\"image_path\";N;s:9:\"is_active\";i:1;s:10:\"sort_order\";i:1;s:10:\"created_at\";s:19:\"2025-11-12 14:25:00\";s:10:\"updated_at\";s:19:\"2025-11-12 14:25:00\";}s:10:\"\0*\0changes\";a:0:{}s:11:\"\0*\0previous\";a:0:{}s:8:\"\0*\0casts\";a:2:{s:9:\"is_active\";s:7:\"boolean\";s:10:\"sort_order\";s:7:\"integer\";}s:17:\"\0*\0classCastCache\";a:0:{}s:21:\"\0*\0attributeCastCache\";a:0:{}s:13:\"\0*\0dateFormat\";N;s:10:\"\0*\0appends\";a:0:{}s:19:\"\0*\0dispatchesEvents\";a:0:{}s:14:\"\0*\0observables\";a:0:{}s:12:\"\0*\0relations\";a:0:{}s:10:\"\0*\0touches\";a:0:{}s:27:\"\0*\0relationAutoloadCallback\";N;s:26:\"\0*\0relationAutoloadContext\";N;s:10:\"timestamps\";b:1;s:13:\"usesUniqueIds\";b:0;s:9:\"\0*\0hidden\";a:0:{}s:10:\"\0*\0visible\";a:0:{}s:11:\"\0*\0fillable\";a:6:{i:0;s:9:\"parent_id\";i:1;s:4:\"name\";i:2;s:4:\"slug\";i:3;s:10:\"image_path\";i:4;s:9:\"is_active\";i:5;s:10:\"sort_order\";}s:10:\"\0*\0guarded\";a:1:{i:0;s:1:\"*\";}}}s:10:\"\0*\0touches\";a:0:{}s:27:\"\0*\0relationAutoloadCallback\";N;s:26:\"\0*\0relationAutoloadContext\";N;s:10:\"timestamps\";b:1;s:13:\"usesUniqueIds\";b:0;s:9:\"\0*\0hidden\";a:0:{}s:10:\"\0*\0visible\";a:0:{}s:11:\"\0*\0fillable\";a:18:{i:0;s:11:\"category_id\";i:1;s:7:\"unit_id\";i:2;s:6:\"tax_id\";i:3;s:17:\"tax_rate_snapshot\";i:4;s:4:\"name\";i:5;s:4:\"slug\";i:6;s:4:\"tags\";i:7;s:7:\"barcode\";i:8;s:5:\"price\";i:9;s:3:\"mrp\";i:10;s:13:\"opening_stock\";i:11;s:13:\"current_stock\";i:12;s:10:\"short_desc\";i:13;s:9:\"long_desc\";i:14;s:10:\"image_path\";i:15;s:9:\"is_active\";i:16;s:11:\"is_featured\";i:17;s:13:\"is_prebooking\";}s:10:\"\0*\0guarded\";a:1:{i:0;s:1:\"*\";}}i:1;O:18:\"App\\Models\\Product\":33:{s:13:\"\0*\0connection\";s:5:\"mysql\";s:8:\"\0*\0table\";s:8:\"products\";s:13:\"\0*\0primaryKey\";s:2:\"id\";s:10:\"\0*\0keyType\";s:3:\"int\";s:12:\"incrementing\";b:1;s:7:\"\0*\0with\";a:0:{}s:12:\"\0*\0withCount\";a:0:{}s:19:\"preventsLazyLoading\";b:0;s:10:\"\0*\0perPage\";i:15;s:6:\"exists\";b:1;s:18:\"wasRecentlyCreated\";b:0;s:28:\"\0*\0escapeWhenCastingToString\";b:0;s:13:\"\0*\0attributes\";a:21:{s:2:\"id\";i:8;s:11:\"category_id\";i:9;s:4:\"name\";s:14:\"SHORT NECKLACE\";s:4:\"slug\";s:14:\"short-necklace\";s:4:\"tags\";s:6:\"SKT420\";s:7:\"barcode\";s:18:\"BC-20251112-048327\";s:5:\"price\";s:7:\"1295.00\";s:3:\"mrp\";s:7:\"1295.00\";s:13:\"opening_stock\";i:10;s:13:\"current_stock\";i:8;s:7:\"unit_id\";i:1;s:6:\"tax_id\";N;s:17:\"tax_rate_snapshot\";N;s:10:\"short_desc\";s:0:\"\";s:9:\"long_desc\";s:0:\"\";s:10:\"image_path\";s:68:\"products/6914be7a91d01_WUolquxypPO3PxrbAagTOiVBUleuoZ24h6KuTBEq.jpeg\";s:9:\"is_active\";i:1;s:11:\"is_featured\";i:0;s:13:\"is_prebooking\";i:0;s:10:\"created_at\";s:19:\"2025-11-12 14:37:42\";s:10:\"updated_at\";s:19:\"2025-11-21 13:46:34\";}s:11:\"\0*\0original\";a:21:{s:2:\"id\";i:8;s:11:\"category_id\";i:9;s:4:\"name\";s:14:\"SHORT NECKLACE\";s:4:\"slug\";s:14:\"short-necklace\";s:4:\"tags\";s:6:\"SKT420\";s:7:\"barcode\";s:18:\"BC-20251112-048327\";s:5:\"price\";s:7:\"1295.00\";s:3:\"mrp\";s:7:\"1295.00\";s:13:\"opening_stock\";i:10;s:13:\"current_stock\";i:8;s:7:\"unit_id\";i:1;s:6:\"tax_id\";N;s:17:\"tax_rate_snapshot\";N;s:10:\"short_desc\";s:0:\"\";s:9:\"long_desc\";s:0:\"\";s:10:\"image_path\";s:68:\"products/6914be7a91d01_WUolquxypPO3PxrbAagTOiVBUleuoZ24h6KuTBEq.jpeg\";s:9:\"is_active\";i:1;s:11:\"is_featured\";i:0;s:13:\"is_prebooking\";i:0;s:10:\"created_at\";s:19:\"2025-11-12 14:37:42\";s:10:\"updated_at\";s:19:\"2025-11-21 13:46:34\";}s:10:\"\0*\0changes\";a:0:{}s:11:\"\0*\0previous\";a:0:{}s:8:\"\0*\0casts\";a:8:{s:5:\"price\";s:9:\"decimal:2\";s:3:\"mrp\";s:9:\"decimal:2\";s:17:\"tax_rate_snapshot\";s:9:\"decimal:2\";s:13:\"opening_stock\";s:7:\"integer\";s:13:\"current_stock\";s:7:\"integer\";s:9:\"is_active\";s:7:\"boolean\";s:11:\"is_featured\";s:7:\"boolean\";s:13:\"is_prebooking\";s:7:\"boolean\";}s:17:\"\0*\0classCastCache\";a:0:{}s:21:\"\0*\0attributeCastCache\";a:0:{}s:13:\"\0*\0dateFormat\";N;s:10:\"\0*\0appends\";a:0:{}s:19:\"\0*\0dispatchesEvents\";a:0:{}s:14:\"\0*\0observables\";a:0:{}s:12:\"\0*\0relations\";a:1:{s:8:\"category\";O:19:\"App\\Models\\Category\":33:{s:13:\"\0*\0connection\";s:5:\"mysql\";s:8:\"\0*\0table\";s:10:\"categories\";s:13:\"\0*\0primaryKey\";s:2:\"id\";s:10:\"\0*\0keyType\";s:3:\"int\";s:12:\"incrementing\";b:1;s:7:\"\0*\0with\";a:0:{}s:12:\"\0*\0withCount\";a:0:{}s:19:\"preventsLazyLoading\";b:0;s:10:\"\0*\0perPage\";i:15;s:6:\"exists\";b:1;s:18:\"wasRecentlyCreated\";b:0;s:28:\"\0*\0escapeWhenCastingToString\";b:0;s:13:\"\0*\0attributes\";a:9:{s:2:\"id\";i:9;s:9:\"parent_id\";i:1;s:4:\"name\";s:15:\"Short necklaces\";s:4:\"slug\";s:15:\"short-necklaces\";s:10:\"image_path\";N;s:9:\"is_active\";i:1;s:10:\"sort_order\";i:1;s:10:\"created_at\";s:19:\"2025-11-12 14:25:00\";s:10:\"updated_at\";s:19:\"2025-11-12 14:25:00\";}s:11:\"\0*\0original\";a:9:{s:2:\"id\";i:9;s:9:\"parent_id\";i:1;s:4:\"name\";s:15:\"Short necklaces\";s:4:\"slug\";s:15:\"short-necklaces\";s:10:\"image_path\";N;s:9:\"is_active\";i:1;s:10:\"sort_order\";i:1;s:10:\"created_at\";s:19:\"2025-11-12 14:25:00\";s:10:\"updated_at\";s:19:\"2025-11-12 14:25:00\";}s:10:\"\0*\0changes\";a:0:{}s:11:\"\0*\0previous\";a:0:{}s:8:\"\0*\0casts\";a:2:{s:9:\"is_active\";s:7:\"boolean\";s:10:\"sort_order\";s:7:\"integer\";}s:17:\"\0*\0classCastCache\";a:0:{}s:21:\"\0*\0attributeCastCache\";a:0:{}s:13:\"\0*\0dateFormat\";N;s:10:\"\0*\0appends\";a:0:{}s:19:\"\0*\0dispatchesEvents\";a:0:{}s:14:\"\0*\0observables\";a:0:{}s:12:\"\0*\0relations\";a:0:{}s:10:\"\0*\0touches\";a:0:{}s:27:\"\0*\0relationAutoloadCallback\";N;s:26:\"\0*\0relationAutoloadContext\";N;s:10:\"timestamps\";b:1;s:13:\"usesUniqueIds\";b:0;s:9:\"\0*\0hidden\";a:0:{}s:10:\"\0*\0visible\";a:0:{}s:11:\"\0*\0fillable\";a:6:{i:0;s:9:\"parent_id\";i:1;s:4:\"name\";i:2;s:4:\"slug\";i:3;s:10:\"image_path\";i:4;s:9:\"is_active\";i:5;s:10:\"sort_order\";}s:10:\"\0*\0guarded\";a:1:{i:0;s:1:\"*\";}}}s:10:\"\0*\0touches\";a:0:{}s:27:\"\0*\0relationAutoloadCallback\";N;s:26:\"\0*\0relationAutoloadContext\";N;s:10:\"timestamps\";b:1;s:13:\"usesUniqueIds\";b:0;s:9:\"\0*\0hidden\";a:0:{}s:10:\"\0*\0visible\";a:0:{}s:11:\"\0*\0fillable\";a:18:{i:0;s:11:\"category_id\";i:1;s:7:\"unit_id\";i:2;s:6:\"tax_id\";i:3;s:17:\"tax_rate_snapshot\";i:4;s:4:\"name\";i:5;s:4:\"slug\";i:6;s:4:\"tags\";i:7;s:7:\"barcode\";i:8;s:5:\"price\";i:9;s:3:\"mrp\";i:10;s:13:\"opening_stock\";i:11;s:13:\"current_stock\";i:12;s:10:\"short_desc\";i:13;s:9:\"long_desc\";i:14;s:10:\"image_path\";i:15;s:9:\"is_active\";i:16;s:11:\"is_featured\";i:17;s:13:\"is_prebooking\";}s:10:\"\0*\0guarded\";a:1:{i:0;s:1:\"*\";}}i:2;O:18:\"App\\Models\\Product\":33:{s:13:\"\0*\0connection\";s:5:\"mysql\";s:8:\"\0*\0table\";s:8:\"products\";s:13:\"\0*\0primaryKey\";s:2:\"id\";s:10:\"\0*\0keyType\";s:3:\"int\";s:12:\"incrementing\";b:1;s:7:\"\0*\0with\";a:0:{}s:12:\"\0*\0withCount\";a:0:{}s:19:\"preventsLazyLoading\";b:0;s:10:\"\0*\0perPage\";i:15;s:6:\"exists\";b:1;s:18:\"wasRecentlyCreated\";b:0;s:28:\"\0*\0escapeWhenCastingToString\";b:0;s:13:\"\0*\0attributes\";a:21:{s:2:\"id\";i:7;s:11:\"category_id\";i:9;s:4:\"name\";s:32:\"Short necklaces with Full Stones\";s:4:\"slug\";s:32:\"short-necklaces-with-full-stones\";s:4:\"tags\";s:6:\"SKT014\";s:7:\"barcode\";s:18:\"BC-20251112-899760\";s:5:\"price\";s:7:\"1595.00\";s:3:\"mrp\";s:7:\"1595.00\";s:13:\"opening_stock\";i:15;s:13:\"current_stock\";i:14;s:7:\"unit_id\";i:1;s:6:\"tax_id\";N;s:17:\"tax_rate_snapshot\";N;s:10:\"short_desc\";s:0:\"\";s:9:\"long_desc\";s:0:\"\";s:10:\"image_path\";s:67:\"products/6914be5196c48_OiB28PjTcnDCVpDqPWzYjv2ulPJYpKiDBJfdhM4P.png\";s:9:\"is_active\";i:1;s:11:\"is_featured\";i:0;s:13:\"is_prebooking\";i:0;s:10:\"created_at\";s:19:\"2025-11-12 14:37:42\";s:10:\"updated_at\";s:19:\"2025-11-21 12:48:54\";}s:11:\"\0*\0original\";a:21:{s:2:\"id\";i:7;s:11:\"category_id\";i:9;s:4:\"name\";s:32:\"Short necklaces with Full Stones\";s:4:\"slug\";s:32:\"short-necklaces-with-full-stones\";s:4:\"tags\";s:6:\"SKT014\";s:7:\"barcode\";s:18:\"BC-20251112-899760\";s:5:\"price\";s:7:\"1595.00\";s:3:\"mrp\";s:7:\"1595.00\";s:13:\"opening_stock\";i:15;s:13:\"current_stock\";i:14;s:7:\"unit_id\";i:1;s:6:\"tax_id\";N;s:17:\"tax_rate_snapshot\";N;s:10:\"short_desc\";s:0:\"\";s:9:\"long_desc\";s:0:\"\";s:10:\"image_path\";s:67:\"products/6914be5196c48_OiB28PjTcnDCVpDqPWzYjv2ulPJYpKiDBJfdhM4P.png\";s:9:\"is_active\";i:1;s:11:\"is_featured\";i:0;s:13:\"is_prebooking\";i:0;s:10:\"created_at\";s:19:\"2025-11-12 14:37:42\";s:10:\"updated_at\";s:19:\"2025-11-21 12:48:54\";}s:10:\"\0*\0changes\";a:0:{}s:11:\"\0*\0previous\";a:0:{}s:8:\"\0*\0casts\";a:8:{s:5:\"price\";s:9:\"decimal:2\";s:3:\"mrp\";s:9:\"decimal:2\";s:17:\"tax_rate_snapshot\";s:9:\"decimal:2\";s:13:\"opening_stock\";s:7:\"integer\";s:13:\"current_stock\";s:7:\"integer\";s:9:\"is_active\";s:7:\"boolean\";s:11:\"is_featured\";s:7:\"boolean\";s:13:\"is_prebooking\";s:7:\"boolean\";}s:17:\"\0*\0classCastCache\";a:0:{}s:21:\"\0*\0attributeCastCache\";a:0:{}s:13:\"\0*\0dateFormat\";N;s:10:\"\0*\0appends\";a:0:{}s:19:\"\0*\0dispatchesEvents\";a:0:{}s:14:\"\0*\0observables\";a:0:{}s:12:\"\0*\0relations\";a:1:{s:8:\"category\";r:242;}s:10:\"\0*\0touches\";a:0:{}s:27:\"\0*\0relationAutoloadCallback\";N;s:26:\"\0*\0relationAutoloadContext\";N;s:10:\"timestamps\";b:1;s:13:\"usesUniqueIds\";b:0;s:9:\"\0*\0hidden\";a:0:{}s:10:\"\0*\0visible\";a:0:{}s:11:\"\0*\0fillable\";a:18:{i:0;s:11:\"category_id\";i:1;s:7:\"unit_id\";i:2;s:6:\"tax_id\";i:3;s:17:\"tax_rate_snapshot\";i:4;s:4:\"name\";i:5;s:4:\"slug\";i:6;s:4:\"tags\";i:7;s:7:\"barcode\";i:8;s:5:\"price\";i:9;s:3:\"mrp\";i:10;s:13:\"opening_stock\";i:11;s:13:\"current_stock\";i:12;s:10:\"short_desc\";i:13;s:9:\"long_desc\";i:14;s:10:\"image_path\";i:15;s:9:\"is_active\";i:16;s:11:\"is_featured\";i:17;s:13:\"is_prebooking\";}s:10:\"\0*\0guarded\";a:1:{i:0;s:1:\"*\";}}i:3;O:18:\"App\\Models\\Product\":33:{s:13:\"\0*\0connection\";s:5:\"mysql\";s:8:\"\0*\0table\";s:8:\"products\";s:13:\"\0*\0primaryKey\";s:2:\"id\";s:10:\"\0*\0keyType\";s:3:\"int\";s:12:\"incrementing\";b:1;s:7:\"\0*\0with\";a:0:{}s:12:\"\0*\0withCount\";a:0:{}s:19:\"preventsLazyLoading\";b:0;s:10:\"\0*\0perPage\";i:15;s:6:\"exists\";b:1;s:18:\"wasRecentlyCreated\";b:0;s:28:\"\0*\0escapeWhenCastingToString\";b:0;s:13:\"\0*\0attributes\";a:21:{s:2:\"id\";i:9;s:11:\"category_id\";i:8;s:4:\"name\";s:6:\"CHOKER\";s:4:\"slug\";s:6:\"choker\";s:4:\"tags\";s:6:\"SKT402\";s:7:\"barcode\";s:18:\"BC-20251112-672492\";s:5:\"price\";s:6:\"995.00\";s:3:\"mrp\";s:6:\"995.00\";s:13:\"opening_stock\";i:30;s:13:\"current_stock\";i:29;s:7:\"unit_id\";i:1;s:6:\"tax_id\";N;s:17:\"tax_rate_snapshot\";N;s:10:\"short_desc\";s:0:\"\";s:9:\"long_desc\";s:0:\"\";s:10:\"image_path\";s:68:\"products/6914be79eb659_1hVOIGa2rWqIrUyYp50OCk99J5WdkDIwADvZReOE.jpeg\";s:9:\"is_active\";i:1;s:11:\"is_featured\";i:0;s:13:\"is_prebooking\";i:0;s:10:\"created_at\";s:19:\"2025-11-12 14:37:42\";s:10:\"updated_at\";s:19:\"2025-11-21 13:46:34\";}s:11:\"\0*\0original\";a:21:{s:2:\"id\";i:9;s:11:\"category_id\";i:8;s:4:\"name\";s:6:\"CHOKER\";s:4:\"slug\";s:6:\"choker\";s:4:\"tags\";s:6:\"SKT402\";s:7:\"barcode\";s:18:\"BC-20251112-672492\";s:5:\"price\";s:6:\"995.00\";s:3:\"mrp\";s:6:\"995.00\";s:13:\"opening_stock\";i:30;s:13:\"current_stock\";i:29;s:7:\"unit_id\";i:1;s:6:\"tax_id\";N;s:17:\"tax_rate_snapshot\";N;s:10:\"short_desc\";s:0:\"\";s:9:\"long_desc\";s:0:\"\";s:10:\"image_path\";s:68:\"products/6914be79eb659_1hVOIGa2rWqIrUyYp50OCk99J5WdkDIwADvZReOE.jpeg\";s:9:\"is_active\";i:1;s:11:\"is_featured\";i:0;s:13:\"is_prebooking\";i:0;s:10:\"created_at\";s:19:\"2025-11-12 14:37:42\";s:10:\"updated_at\";s:19:\"2025-11-21 13:46:34\";}s:10:\"\0*\0changes\";a:0:{}s:11:\"\0*\0previous\";a:0:{}s:8:\"\0*\0casts\";a:8:{s:5:\"price\";s:9:\"decimal:2\";s:3:\"mrp\";s:9:\"decimal:2\";s:17:\"tax_rate_snapshot\";s:9:\"decimal:2\";s:13:\"opening_stock\";s:7:\"integer\";s:13:\"current_stock\";s:7:\"integer\";s:9:\"is_active\";s:7:\"boolean\";s:11:\"is_featured\";s:7:\"boolean\";s:13:\"is_prebooking\";s:7:\"boolean\";}s:17:\"\0*\0classCastCache\";a:0:{}s:21:\"\0*\0attributeCastCache\";a:0:{}s:13:\"\0*\0dateFormat\";N;s:10:\"\0*\0appends\";a:0:{}s:19:\"\0*\0dispatchesEvents\";a:0:{}s:14:\"\0*\0observables\";a:0:{}s:12:\"\0*\0relations\";a:1:{s:8:\"category\";O:19:\"App\\Models\\Category\":33:{s:13:\"\0*\0connection\";s:5:\"mysql\";s:8:\"\0*\0table\";s:10:\"categories\";s:13:\"\0*\0primaryKey\";s:2:\"id\";s:10:\"\0*\0keyType\";s:3:\"int\";s:12:\"incrementing\";b:1;s:7:\"\0*\0with\";a:0:{}s:12:\"\0*\0withCount\";a:0:{}s:19:\"preventsLazyLoading\";b:0;s:10:\"\0*\0perPage\";i:15;s:6:\"exists\";b:1;s:18:\"wasRecentlyCreated\";b:0;s:28:\"\0*\0escapeWhenCastingToString\";b:0;s:13:\"\0*\0attributes\";a:9:{s:2:\"id\";i:8;s:9:\"parent_id\";i:1;s:4:\"name\";s:7:\"Chokers\";s:4:\"slug\";s:7:\"chokers\";s:10:\"image_path\";s:55:\"categories/49MUw30EQlyPPGKSAm7NiaSG3M5DngW5dFhSz31V.jpg\";s:9:\"is_active\";i:1;s:10:\"sort_order\";i:1;s:10:\"created_at\";s:19:\"2025-11-12 14:25:00\";s:10:\"updated_at\";s:19:\"2025-11-12 18:06:07\";}s:11:\"\0*\0original\";a:9:{s:2:\"id\";i:8;s:9:\"parent_id\";i:1;s:4:\"name\";s:7:\"Chokers\";s:4:\"slug\";s:7:\"chokers\";s:10:\"image_path\";s:55:\"categories/49MUw30EQlyPPGKSAm7NiaSG3M5DngW5dFhSz31V.jpg\";s:9:\"is_active\";i:1;s:10:\"sort_order\";i:1;s:10:\"created_at\";s:19:\"2025-11-12 14:25:00\";s:10:\"updated_at\";s:19:\"2025-11-12 18:06:07\";}s:10:\"\0*\0changes\";a:0:{}s:11:\"\0*\0previous\";a:0:{}s:8:\"\0*\0casts\";a:2:{s:9:\"is_active\";s:7:\"boolean\";s:10:\"sort_order\";s:7:\"integer\";}s:17:\"\0*\0classCastCache\";a:0:{}s:21:\"\0*\0attributeCastCache\";a:0:{}s:13:\"\0*\0dateFormat\";N;s:10:\"\0*\0appends\";a:0:{}s:19:\"\0*\0dispatchesEvents\";a:0:{}s:14:\"\0*\0observables\";a:0:{}s:12:\"\0*\0relations\";a:0:{}s:10:\"\0*\0touches\";a:0:{}s:27:\"\0*\0relationAutoloadCallback\";N;s:26:\"\0*\0relationAutoloadContext\";N;s:10:\"timestamps\";b:1;s:13:\"usesUniqueIds\";b:0;s:9:\"\0*\0hidden\";a:0:{}s:10:\"\0*\0visible\";a:0:{}s:11:\"\0*\0fillable\";a:6:{i:0;s:9:\"parent_id\";i:1;s:4:\"name\";i:2;s:4:\"slug\";i:3;s:10:\"image_path\";i:4;s:9:\"is_active\";i:5;s:10:\"sort_order\";}s:10:\"\0*\0guarded\";a:1:{i:0;s:1:\"*\";}}}s:10:\"\0*\0touches\";a:0:{}s:27:\"\0*\0relationAutoloadCallback\";N;s:26:\"\0*\0relationAutoloadContext\";N;s:10:\"timestamps\";b:1;s:13:\"usesUniqueIds\";b:0;s:9:\"\0*\0hidden\";a:0:{}s:10:\"\0*\0visible\";a:0:{}s:11:\"\0*\0fillable\";a:18:{i:0;s:11:\"category_id\";i:1;s:7:\"unit_id\";i:2;s:6:\"tax_id\";i:3;s:17:\"tax_rate_snapshot\";i:4;s:4:\"name\";i:5;s:4:\"slug\";i:6;s:4:\"tags\";i:7;s:7:\"barcode\";i:8;s:5:\"price\";i:9;s:3:\"mrp\";i:10;s:13:\"opening_stock\";i:11;s:13:\"current_stock\";i:12;s:10:\"short_desc\";i:13;s:9:\"long_desc\";i:14;s:10:\"image_path\";i:15;s:9:\"is_active\";i:16;s:11:\"is_featured\";i:17;s:13:\"is_prebooking\";}s:10:\"\0*\0guarded\";a:1:{i:0;s:1:\"*\";}}i:4;O:18:\"App\\Models\\Product\":33:{s:13:\"\0*\0connection\";s:5:\"mysql\";s:8:\"\0*\0table\";s:8:\"products\";s:13:\"\0*\0primaryKey\";s:2:\"id\";s:10:\"\0*\0keyType\";s:3:\"int\";s:12:\"incrementing\";b:1;s:7:\"\0*\0with\";a:0:{}s:12:\"\0*\0withCount\";a:0:{}s:19:\"preventsLazyLoading\";b:0;s:10:\"\0*\0perPage\";i:15;s:6:\"exists\";b:1;s:18:\"wasRecentlyCreated\";b:0;s:28:\"\0*\0escapeWhenCastingToString\";b:0;s:13:\"\0*\0attributes\";a:21:{s:2:\"id\";i:12;s:11:\"category_id\";i:16;s:4:\"name\";s:7:\"HANGINS\";s:4:\"slug\";s:7:\"hangins\";s:4:\"tags\";s:6:\"SKT401\";s:7:\"barcode\";s:18:\"BC-20251112-658847\";s:5:\"price\";s:6:\"595.00\";s:3:\"mrp\";s:6:\"595.00\";s:13:\"opening_stock\";i:50;s:13:\"current_stock\";i:49;s:7:\"unit_id\";i:3;s:6:\"tax_id\";N;s:17:\"tax_rate_snapshot\";N;s:10:\"short_desc\";s:0:\"\";s:9:\"long_desc\";s:0:\"\";s:10:\"image_path\";s:68:\"products/6914be794137b_5bO03xI8w8K26UcyofhTNXZ3OSOjHh0n7PHymLLO.jpeg\";s:9:\"is_active\";i:1;s:11:\"is_featured\";i:0;s:13:\"is_prebooking\";i:0;s:10:\"created_at\";s:19:\"2025-11-12 14:37:42\";s:10:\"updated_at\";s:19:\"2025-11-21 12:41:30\";}s:11:\"\0*\0original\";a:21:{s:2:\"id\";i:12;s:11:\"category_id\";i:16;s:4:\"name\";s:7:\"HANGINS\";s:4:\"slug\";s:7:\"hangins\";s:4:\"tags\";s:6:\"SKT401\";s:7:\"barcode\";s:18:\"BC-20251112-658847\";s:5:\"price\";s:6:\"595.00\";s:3:\"mrp\";s:6:\"595.00\";s:13:\"opening_stock\";i:50;s:13:\"current_stock\";i:49;s:7:\"unit_id\";i:3;s:6:\"tax_id\";N;s:17:\"tax_rate_snapshot\";N;s:10:\"short_desc\";s:0:\"\";s:9:\"long_desc\";s:0:\"\";s:10:\"image_path\";s:68:\"products/6914be794137b_5bO03xI8w8K26UcyofhTNXZ3OSOjHh0n7PHymLLO.jpeg\";s:9:\"is_active\";i:1;s:11:\"is_featured\";i:0;s:13:\"is_prebooking\";i:0;s:10:\"created_at\";s:19:\"2025-11-12 14:37:42\";s:10:\"updated_at\";s:19:\"2025-11-21 12:41:30\";}s:10:\"\0*\0changes\";a:0:{}s:11:\"\0*\0previous\";a:0:{}s:8:\"\0*\0casts\";a:8:{s:5:\"price\";s:9:\"decimal:2\";s:3:\"mrp\";s:9:\"decimal:2\";s:17:\"tax_rate_snapshot\";s:9:\"decimal:2\";s:13:\"opening_stock\";s:7:\"integer\";s:13:\"current_stock\";s:7:\"integer\";s:9:\"is_active\";s:7:\"boolean\";s:11:\"is_featured\";s:7:\"boolean\";s:13:\"is_prebooking\";s:7:\"boolean\";}s:17:\"\0*\0classCastCache\";a:0:{}s:21:\"\0*\0attributeCastCache\";a:0:{}s:13:\"\0*\0dateFormat\";N;s:10:\"\0*\0appends\";a:0:{}s:19:\"\0*\0dispatchesEvents\";a:0:{}s:14:\"\0*\0observables\";a:0:{}s:12:\"\0*\0relations\";a:1:{s:8:\"category\";O:19:\"App\\Models\\Category\":33:{s:13:\"\0*\0connection\";s:5:\"mysql\";s:8:\"\0*\0table\";s:10:\"categories\";s:13:\"\0*\0primaryKey\";s:2:\"id\";s:10:\"\0*\0keyType\";s:3:\"int\";s:12:\"incrementing\";b:1;s:7:\"\0*\0with\";a:0:{}s:12:\"\0*\0withCount\";a:0:{}s:19:\"preventsLazyLoading\";b:0;s:10:\"\0*\0perPage\";i:15;s:6:\"exists\";b:1;s:18:\"wasRecentlyCreated\";b:0;s:28:\"\0*\0escapeWhenCastingToString\";b:0;s:13:\"\0*\0attributes\";a:9:{s:2:\"id\";i:16;s:9:\"parent_id\";i:1;s:4:\"name\";s:8:\"Hangings\";s:4:\"slug\";s:8:\"hangings\";s:10:\"image_path\";N;s:9:\"is_active\";i:1;s:10:\"sort_order\";i:1;s:10:\"created_at\";s:19:\"2025-11-12 14:25:00\";s:10:\"updated_at\";s:19:\"2025-11-12 14:25:00\";}s:11:\"\0*\0original\";a:9:{s:2:\"id\";i:16;s:9:\"parent_id\";i:1;s:4:\"name\";s:8:\"Hangings\";s:4:\"slug\";s:8:\"hangings\";s:10:\"image_path\";N;s:9:\"is_active\";i:1;s:10:\"sort_order\";i:1;s:10:\"created_at\";s:19:\"2025-11-12 14:25:00\";s:10:\"updated_at\";s:19:\"2025-11-12 14:25:00\";}s:10:\"\0*\0changes\";a:0:{}s:11:\"\0*\0previous\";a:0:{}s:8:\"\0*\0casts\";a:2:{s:9:\"is_active\";s:7:\"boolean\";s:10:\"sort_order\";s:7:\"integer\";}s:17:\"\0*\0classCastCache\";a:0:{}s:21:\"\0*\0attributeCastCache\";a:0:{}s:13:\"\0*\0dateFormat\";N;s:10:\"\0*\0appends\";a:0:{}s:19:\"\0*\0dispatchesEvents\";a:0:{}s:14:\"\0*\0observables\";a:0:{}s:12:\"\0*\0relations\";a:0:{}s:10:\"\0*\0touches\";a:0:{}s:27:\"\0*\0relationAutoloadCallback\";N;s:26:\"\0*\0relationAutoloadContext\";N;s:10:\"timestamps\";b:1;s:13:\"usesUniqueIds\";b:0;s:9:\"\0*\0hidden\";a:0:{}s:10:\"\0*\0visible\";a:0:{}s:11:\"\0*\0fillable\";a:6:{i:0;s:9:\"parent_id\";i:1;s:4:\"name\";i:2;s:4:\"slug\";i:3;s:10:\"image_path\";i:4;s:9:\"is_active\";i:5;s:10:\"sort_order\";}s:10:\"\0*\0guarded\";a:1:{i:0;s:1:\"*\";}}}s:10:\"\0*\0touches\";a:0:{}s:27:\"\0*\0relationAutoloadCallback\";N;s:26:\"\0*\0relationAutoloadContext\";N;s:10:\"timestamps\";b:1;s:13:\"usesUniqueIds\";b:0;s:9:\"\0*\0hidden\";a:0:{}s:10:\"\0*\0visible\";a:0:{}s:11:\"\0*\0fillable\";a:18:{i:0;s:11:\"category_id\";i:1;s:7:\"unit_id\";i:2;s:6:\"tax_id\";i:3;s:17:\"tax_rate_snapshot\";i:4;s:4:\"name\";i:5;s:4:\"slug\";i:6;s:4:\"tags\";i:7;s:7:\"barcode\";i:8;s:5:\"price\";i:9;s:3:\"mrp\";i:10;s:13:\"opening_stock\";i:11;s:13:\"current_stock\";i:12;s:10:\"short_desc\";i:13;s:9:\"long_desc\";i:14;s:10:\"image_path\";i:15;s:9:\"is_active\";i:16;s:11:\"is_featured\";i:17;s:13:\"is_prebooking\";}s:10:\"\0*\0guarded\";a:1:{i:0;s:1:\"*\";}}i:5;O:18:\"App\\Models\\Product\":33:{s:13:\"\0*\0connection\";s:5:\"mysql\";s:8:\"\0*\0table\";s:8:\"products\";s:13:\"\0*\0primaryKey\";s:2:\"id\";s:10:\"\0*\0keyType\";s:3:\"int\";s:12:\"incrementing\";b:1;s:7:\"\0*\0with\";a:0:{}s:12:\"\0*\0withCount\";a:0:{}s:19:\"preventsLazyLoading\";b:0;s:10:\"\0*\0perPage\";i:15;s:6:\"exists\";b:1;s:18:\"wasRecentlyCreated\";b:0;s:28:\"\0*\0escapeWhenCastingToString\";b:0;s:13:\"\0*\0attributes\";a:21:{s:2:\"id\";i:22;s:11:\"category_id\";i:35;s:4:\"name\";s:6:\"MATILS\";s:4:\"slug\";s:6:\"matils\";s:4:\"tags\";s:6:\"SKT280\";s:7:\"barcode\";s:18:\"BC-20251112-390308\";s:5:\"price\";s:6:\"250.00\";s:3:\"mrp\";s:6:\"250.00\";s:13:\"opening_stock\";i:40;s:13:\"current_stock\";i:39;s:7:\"unit_id\";i:3;s:6:\"tax_id\";N;s:17:\"tax_rate_snapshot\";N;s:10:\"short_desc\";s:0:\"\";s:9:\"long_desc\";s:0:\"\";s:10:\"image_path\";s:68:\"products/6914be7b38d3c_j1qgNMJXUCmiD3FgOkoTCeLRdoYp448oQ9PlnN4Q.jpeg\";s:9:\"is_active\";i:1;s:11:\"is_featured\";i:0;s:13:\"is_prebooking\";i:0;s:10:\"created_at\";s:19:\"2025-11-12 14:37:43\";s:10:\"updated_at\";s:19:\"2025-11-21 12:41:30\";}s:11:\"\0*\0original\";a:21:{s:2:\"id\";i:22;s:11:\"category_id\";i:35;s:4:\"name\";s:6:\"MATILS\";s:4:\"slug\";s:6:\"matils\";s:4:\"tags\";s:6:\"SKT280\";s:7:\"barcode\";s:18:\"BC-20251112-390308\";s:5:\"price\";s:6:\"250.00\";s:3:\"mrp\";s:6:\"250.00\";s:13:\"opening_stock\";i:40;s:13:\"current_stock\";i:39;s:7:\"unit_id\";i:3;s:6:\"tax_id\";N;s:17:\"tax_rate_snapshot\";N;s:10:\"short_desc\";s:0:\"\";s:9:\"long_desc\";s:0:\"\";s:10:\"image_path\";s:68:\"products/6914be7b38d3c_j1qgNMJXUCmiD3FgOkoTCeLRdoYp448oQ9PlnN4Q.jpeg\";s:9:\"is_active\";i:1;s:11:\"is_featured\";i:0;s:13:\"is_prebooking\";i:0;s:10:\"created_at\";s:19:\"2025-11-12 14:37:43\";s:10:\"updated_at\";s:19:\"2025-11-21 12:41:30\";}s:10:\"\0*\0changes\";a:0:{}s:11:\"\0*\0previous\";a:0:{}s:8:\"\0*\0casts\";a:8:{s:5:\"price\";s:9:\"decimal:2\";s:3:\"mrp\";s:9:\"decimal:2\";s:17:\"tax_rate_snapshot\";s:9:\"decimal:2\";s:13:\"opening_stock\";s:7:\"integer\";s:13:\"current_stock\";s:7:\"integer\";s:9:\"is_active\";s:7:\"boolean\";s:11:\"is_featured\";s:7:\"boolean\";s:13:\"is_prebooking\";s:7:\"boolean\";}s:17:\"\0*\0classCastCache\";a:0:{}s:21:\"\0*\0attributeCastCache\";a:0:{}s:13:\"\0*\0dateFormat\";N;s:10:\"\0*\0appends\";a:0:{}s:19:\"\0*\0dispatchesEvents\";a:0:{}s:14:\"\0*\0observables\";a:0:{}s:12:\"\0*\0relations\";a:1:{s:8:\"category\";O:19:\"App\\Models\\Category\":33:{s:13:\"\0*\0connection\";s:5:\"mysql\";s:8:\"\0*\0table\";s:10:\"categories\";s:13:\"\0*\0primaryKey\";s:2:\"id\";s:10:\"\0*\0keyType\";s:3:\"int\";s:12:\"incrementing\";b:1;s:7:\"\0*\0with\";a:0:{}s:12:\"\0*\0withCount\";a:0:{}s:19:\"preventsLazyLoading\";b:0;s:10:\"\0*\0perPage\";i:15;s:6:\"exists\";b:1;s:18:\"wasRecentlyCreated\";b:0;s:28:\"\0*\0escapeWhenCastingToString\";b:0;s:13:\"\0*\0attributes\";a:9:{s:2:\"id\";i:35;s:9:\"parent_id\";i:1;s:4:\"name\";s:6:\"Matils\";s:4:\"slug\";s:6:\"matils\";s:10:\"image_path\";N;s:9:\"is_active\";i:1;s:10:\"sort_order\";i:1;s:10:\"created_at\";s:19:\"2025-11-12 14:37:18\";s:10:\"updated_at\";s:19:\"2025-11-12 14:37:18\";}s:11:\"\0*\0original\";a:9:{s:2:\"id\";i:35;s:9:\"parent_id\";i:1;s:4:\"name\";s:6:\"Matils\";s:4:\"slug\";s:6:\"matils\";s:10:\"image_path\";N;s:9:\"is_active\";i:1;s:10:\"sort_order\";i:1;s:10:\"created_at\";s:19:\"2025-11-12 14:37:18\";s:10:\"updated_at\";s:19:\"2025-11-12 14:37:18\";}s:10:\"\0*\0changes\";a:0:{}s:11:\"\0*\0previous\";a:0:{}s:8:\"\0*\0casts\";a:2:{s:9:\"is_active\";s:7:\"boolean\";s:10:\"sort_order\";s:7:\"integer\";}s:17:\"\0*\0classCastCache\";a:0:{}s:21:\"\0*\0attributeCastCache\";a:0:{}s:13:\"\0*\0dateFormat\";N;s:10:\"\0*\0appends\";a:0:{}s:19:\"\0*\0dispatchesEvents\";a:0:{}s:14:\"\0*\0observables\";a:0:{}s:12:\"\0*\0relations\";a:0:{}s:10:\"\0*\0touches\";a:0:{}s:27:\"\0*\0relationAutoloadCallback\";N;s:26:\"\0*\0relationAutoloadContext\";N;s:10:\"timestamps\";b:1;s:13:\"usesUniqueIds\";b:0;s:9:\"\0*\0hidden\";a:0:{}s:10:\"\0*\0visible\";a:0:{}s:11:\"\0*\0fillable\";a:6:{i:0;s:9:\"parent_id\";i:1;s:4:\"name\";i:2;s:4:\"slug\";i:3;s:10:\"image_path\";i:4;s:9:\"is_active\";i:5;s:10:\"sort_order\";}s:10:\"\0*\0guarded\";a:1:{i:0;s:1:\"*\";}}}s:10:\"\0*\0touches\";a:0:{}s:27:\"\0*\0relationAutoloadCallback\";N;s:26:\"\0*\0relationAutoloadContext\";N;s:10:\"timestamps\";b:1;s:13:\"usesUniqueIds\";b:0;s:9:\"\0*\0hidden\";a:0:{}s:10:\"\0*\0visible\";a:0:{}s:11:\"\0*\0fillable\";a:18:{i:0;s:11:\"category_id\";i:1;s:7:\"unit_id\";i:2;s:6:\"tax_id\";i:3;s:17:\"tax_rate_snapshot\";i:4;s:4:\"name\";i:5;s:4:\"slug\";i:6;s:4:\"tags\";i:7;s:7:\"barcode\";i:8;s:5:\"price\";i:9;s:3:\"mrp\";i:10;s:13:\"opening_stock\";i:11;s:13:\"current_stock\";i:12;s:10:\"short_desc\";i:13;s:9:\"long_desc\";i:14;s:10:\"image_path\";i:15;s:9:\"is_active\";i:16;s:11:\"is_featured\";i:17;s:13:\"is_prebooking\";}s:10:\"\0*\0guarded\";a:1:{i:0;s:1:\"*\";}}i:6;O:18:\"App\\Models\\Product\":33:{s:13:\"\0*\0connection\";s:5:\"mysql\";s:8:\"\0*\0table\";s:8:\"products\";s:13:\"\0*\0primaryKey\";s:2:\"id\";s:10:\"\0*\0keyType\";s:3:\"int\";s:12:\"incrementing\";b:1;s:7:\"\0*\0with\";a:0:{}s:12:\"\0*\0withCount\";a:0:{}s:19:\"preventsLazyLoading\";b:0;s:10:\"\0*\0perPage\";i:15;s:6:\"exists\";b:1;s:18:\"wasRecentlyCreated\";b:0;s:28:\"\0*\0escapeWhenCastingToString\";b:0;s:13:\"\0*\0attributes\";a:21:{s:2:\"id\";i:40;s:11:\"category_id\";i:46;s:4:\"name\";s:9:\"LONG HAAR\";s:4:\"slug\";s:9:\"long-haar\";s:4:\"tags\";s:6:\"SKT275\";s:7:\"barcode\";s:18:\"BC-20251112-523117\";s:5:\"price\";s:7:\"3890.00\";s:3:\"mrp\";s:7:\"3890.00\";s:13:\"opening_stock\";i:3;s:13:\"current_stock\";i:2;s:7:\"unit_id\";i:1;s:6:\"tax_id\";N;s:17:\"tax_rate_snapshot\";N;s:10:\"short_desc\";s:0:\"\";s:9:\"long_desc\";s:0:\"\";s:10:\"image_path\";s:68:\"products/6914be613111b_sDAAlpFA7hDxAo5l7mxFUMalJmqhQHGkgobtp6tn.jpeg\";s:9:\"is_active\";i:1;s:11:\"is_featured\";i:0;s:13:\"is_prebooking\";i:0;s:10:\"created_at\";s:19:\"2025-11-12 14:37:46\";s:10:\"updated_at\";s:19:\"2025-11-21 12:41:30\";}s:11:\"\0*\0original\";a:21:{s:2:\"id\";i:40;s:11:\"category_id\";i:46;s:4:\"name\";s:9:\"LONG HAAR\";s:4:\"slug\";s:9:\"long-haar\";s:4:\"tags\";s:6:\"SKT275\";s:7:\"barcode\";s:18:\"BC-20251112-523117\";s:5:\"price\";s:7:\"3890.00\";s:3:\"mrp\";s:7:\"3890.00\";s:13:\"opening_stock\";i:3;s:13:\"current_stock\";i:2;s:7:\"unit_id\";i:1;s:6:\"tax_id\";N;s:17:\"tax_rate_snapshot\";N;s:10:\"short_desc\";s:0:\"\";s:9:\"long_desc\";s:0:\"\";s:10:\"image_path\";s:68:\"products/6914be613111b_sDAAlpFA7hDxAo5l7mxFUMalJmqhQHGkgobtp6tn.jpeg\";s:9:\"is_active\";i:1;s:11:\"is_featured\";i:0;s:13:\"is_prebooking\";i:0;s:10:\"created_at\";s:19:\"2025-11-12 14:37:46\";s:10:\"updated_at\";s:19:\"2025-11-21 12:41:30\";}s:10:\"\0*\0changes\";a:0:{}s:11:\"\0*\0previous\";a:0:{}s:8:\"\0*\0casts\";a:8:{s:5:\"price\";s:9:\"decimal:2\";s:3:\"mrp\";s:9:\"decimal:2\";s:17:\"tax_rate_snapshot\";s:9:\"decimal:2\";s:13:\"opening_stock\";s:7:\"integer\";s:13:\"current_stock\";s:7:\"integer\";s:9:\"is_active\";s:7:\"boolean\";s:11:\"is_featured\";s:7:\"boolean\";s:13:\"is_prebooking\";s:7:\"boolean\";}s:17:\"\0*\0classCastCache\";a:0:{}s:21:\"\0*\0attributeCastCache\";a:0:{}s:13:\"\0*\0dateFormat\";N;s:10:\"\0*\0appends\";a:0:{}s:19:\"\0*\0dispatchesEvents\";a:0:{}s:14:\"\0*\0observables\";a:0:{}s:12:\"\0*\0relations\";a:1:{s:8:\"category\";O:19:\"App\\Models\\Category\":33:{s:13:\"\0*\0connection\";s:5:\"mysql\";s:8:\"\0*\0table\";s:10:\"categories\";s:13:\"\0*\0primaryKey\";s:2:\"id\";s:10:\"\0*\0keyType\";s:3:\"int\";s:12:\"incrementing\";b:1;s:7:\"\0*\0with\";a:0:{}s:12:\"\0*\0withCount\";a:0:{}s:19:\"preventsLazyLoading\";b:0;s:10:\"\0*\0perPage\";i:15;s:6:\"exists\";b:1;s:18:\"wasRecentlyCreated\";b:0;s:28:\"\0*\0escapeWhenCastingToString\";b:0;s:13:\"\0*\0attributes\";a:9:{s:2:\"id\";i:46;s:9:\"parent_id\";i:1;s:4:\"name\";s:9:\"Long Haar\";s:4:\"slug\";s:9:\"long-haar\";s:10:\"image_path\";N;s:9:\"is_active\";i:1;s:10:\"sort_order\";i:1;s:10:\"created_at\";s:19:\"2025-11-12 14:37:18\";s:10:\"updated_at\";s:19:\"2025-11-12 14:37:18\";}s:11:\"\0*\0original\";a:9:{s:2:\"id\";i:46;s:9:\"parent_id\";i:1;s:4:\"name\";s:9:\"Long Haar\";s:4:\"slug\";s:9:\"long-haar\";s:10:\"image_path\";N;s:9:\"is_active\";i:1;s:10:\"sort_order\";i:1;s:10:\"created_at\";s:19:\"2025-11-12 14:37:18\";s:10:\"updated_at\";s:19:\"2025-11-12 14:37:18\";}s:10:\"\0*\0changes\";a:0:{}s:11:\"\0*\0previous\";a:0:{}s:8:\"\0*\0casts\";a:2:{s:9:\"is_active\";s:7:\"boolean\";s:10:\"sort_order\";s:7:\"integer\";}s:17:\"\0*\0classCastCache\";a:0:{}s:21:\"\0*\0attributeCastCache\";a:0:{}s:13:\"\0*\0dateFormat\";N;s:10:\"\0*\0appends\";a:0:{}s:19:\"\0*\0dispatchesEvents\";a:0:{}s:14:\"\0*\0observables\";a:0:{}s:12:\"\0*\0relations\";a:0:{}s:10:\"\0*\0touches\";a:0:{}s:27:\"\0*\0relationAutoloadCallback\";N;s:26:\"\0*\0relationAutoloadContext\";N;s:10:\"timestamps\";b:1;s:13:\"usesUniqueIds\";b:0;s:9:\"\0*\0hidden\";a:0:{}s:10:\"\0*\0visible\";a:0:{}s:11:\"\0*\0fillable\";a:6:{i:0;s:9:\"parent_id\";i:1;s:4:\"name\";i:2;s:4:\"slug\";i:3;s:10:\"image_path\";i:4;s:9:\"is_active\";i:5;s:10:\"sort_order\";}s:10:\"\0*\0guarded\";a:1:{i:0;s:1:\"*\";}}}s:10:\"\0*\0touches\";a:0:{}s:27:\"\0*\0relationAutoloadCallback\";N;s:26:\"\0*\0relationAutoloadContext\";N;s:10:\"timestamps\";b:1;s:13:\"usesUniqueIds\";b:0;s:9:\"\0*\0hidden\";a:0:{}s:10:\"\0*\0visible\";a:0:{}s:11:\"\0*\0fillable\";a:18:{i:0;s:11:\"category_id\";i:1;s:7:\"unit_id\";i:2;s:6:\"tax_id\";i:3;s:17:\"tax_rate_snapshot\";i:4;s:4:\"name\";i:5;s:4:\"slug\";i:6;s:4:\"tags\";i:7;s:7:\"barcode\";i:8;s:5:\"price\";i:9;s:3:\"mrp\";i:10;s:13:\"opening_stock\";i:11;s:13:\"current_stock\";i:12;s:10:\"short_desc\";i:13;s:9:\"long_desc\";i:14;s:10:\"image_path\";i:15;s:9:\"is_active\";i:16;s:11:\"is_featured\";i:17;s:13:\"is_prebooking\";}s:10:\"\0*\0guarded\";a:1:{i:0;s:1:\"*\";}}i:7;O:18:\"App\\Models\\Product\":33:{s:13:\"\0*\0connection\";s:5:\"mysql\";s:8:\"\0*\0table\";s:8:\"products\";s:13:\"\0*\0primaryKey\";s:2:\"id\";s:10:\"\0*\0keyType\";s:3:\"int\";s:12:\"incrementing\";b:1;s:7:\"\0*\0with\";a:0:{}s:12:\"\0*\0withCount\";a:0:{}s:19:\"preventsLazyLoading\";b:0;s:10:\"\0*\0perPage\";i:15;s:6:\"exists\";b:1;s:18:\"wasRecentlyCreated\";b:0;s:28:\"\0*\0escapeWhenCastingToString\";b:0;s:13:\"\0*\0attributes\";a:21:{s:2:\"id\";i:51;s:11:\"category_id\";i:40;s:4:\"name\";s:6:\"CHOTIS\";s:4:\"slug\";s:6:\"chotis\";s:4:\"tags\";s:6:\"SKT152\";s:7:\"barcode\";s:18:\"BC-20251112-160880\";s:5:\"price\";s:6:\"350.00\";s:3:\"mrp\";s:6:\"350.00\";s:13:\"opening_stock\";i:50;s:13:\"current_stock\";i:49;s:7:\"unit_id\";i:2;s:6:\"tax_id\";N;s:17:\"tax_rate_snapshot\";N;s:10:\"short_desc\";s:0:\"\";s:9:\"long_desc\";s:0:\"\";s:10:\"image_path\";s:68:\"products/6914be6c64c24_DxVCRXJUslmLfwCuxusjX9InvqmZtKPacNcZHWEF.jpeg\";s:9:\"is_active\";i:1;s:11:\"is_featured\";i:0;s:13:\"is_prebooking\";i:0;s:10:\"created_at\";s:19:\"2025-11-12 14:37:47\";s:10:\"updated_at\";s:19:\"2025-11-21 13:46:34\";}s:11:\"\0*\0original\";a:21:{s:2:\"id\";i:51;s:11:\"category_id\";i:40;s:4:\"name\";s:6:\"CHOTIS\";s:4:\"slug\";s:6:\"chotis\";s:4:\"tags\";s:6:\"SKT152\";s:7:\"barcode\";s:18:\"BC-20251112-160880\";s:5:\"price\";s:6:\"350.00\";s:3:\"mrp\";s:6:\"350.00\";s:13:\"opening_stock\";i:50;s:13:\"current_stock\";i:49;s:7:\"unit_id\";i:2;s:6:\"tax_id\";N;s:17:\"tax_rate_snapshot\";N;s:10:\"short_desc\";s:0:\"\";s:9:\"long_desc\";s:0:\"\";s:10:\"image_path\";s:68:\"products/6914be6c64c24_DxVCRXJUslmLfwCuxusjX9InvqmZtKPacNcZHWEF.jpeg\";s:9:\"is_active\";i:1;s:11:\"is_featured\";i:0;s:13:\"is_prebooking\";i:0;s:10:\"created_at\";s:19:\"2025-11-12 14:37:47\";s:10:\"updated_at\";s:19:\"2025-11-21 13:46:34\";}s:10:\"\0*\0changes\";a:0:{}s:11:\"\0*\0previous\";a:0:{}s:8:\"\0*\0casts\";a:8:{s:5:\"price\";s:9:\"decimal:2\";s:3:\"mrp\";s:9:\"decimal:2\";s:17:\"tax_rate_snapshot\";s:9:\"decimal:2\";s:13:\"opening_stock\";s:7:\"integer\";s:13:\"current_stock\";s:7:\"integer\";s:9:\"is_active\";s:7:\"boolean\";s:11:\"is_featured\";s:7:\"boolean\";s:13:\"is_prebooking\";s:7:\"boolean\";}s:17:\"\0*\0classCastCache\";a:0:{}s:21:\"\0*\0attributeCastCache\";a:0:{}s:13:\"\0*\0dateFormat\";N;s:10:\"\0*\0appends\";a:0:{}s:19:\"\0*\0dispatchesEvents\";a:0:{}s:14:\"\0*\0observables\";a:0:{}s:12:\"\0*\0relations\";a:1:{s:8:\"category\";O:19:\"App\\Models\\Category\":33:{s:13:\"\0*\0connection\";s:5:\"mysql\";s:8:\"\0*\0table\";s:10:\"categories\";s:13:\"\0*\0primaryKey\";s:2:\"id\";s:10:\"\0*\0keyType\";s:3:\"int\";s:12:\"incrementing\";b:1;s:7:\"\0*\0with\";a:0:{}s:12:\"\0*\0withCount\";a:0:{}s:19:\"preventsLazyLoading\";b:0;s:10:\"\0*\0perPage\";i:15;s:6:\"exists\";b:1;s:18:\"wasRecentlyCreated\";b:0;s:28:\"\0*\0escapeWhenCastingToString\";b:0;s:13:\"\0*\0attributes\";a:9:{s:2:\"id\";i:40;s:9:\"parent_id\";i:1;s:4:\"name\";s:6:\"Chotis\";s:4:\"slug\";s:6:\"chotis\";s:10:\"image_path\";N;s:9:\"is_active\";i:1;s:10:\"sort_order\";i:1;s:10:\"created_at\";s:19:\"2025-11-12 14:37:18\";s:10:\"updated_at\";s:19:\"2025-11-12 14:37:18\";}s:11:\"\0*\0original\";a:9:{s:2:\"id\";i:40;s:9:\"parent_id\";i:1;s:4:\"name\";s:6:\"Chotis\";s:4:\"slug\";s:6:\"chotis\";s:10:\"image_path\";N;s:9:\"is_active\";i:1;s:10:\"sort_order\";i:1;s:10:\"created_at\";s:19:\"2025-11-12 14:37:18\";s:10:\"updated_at\";s:19:\"2025-11-12 14:37:18\";}s:10:\"\0*\0changes\";a:0:{}s:11:\"\0*\0previous\";a:0:{}s:8:\"\0*\0casts\";a:2:{s:9:\"is_active\";s:7:\"boolean\";s:10:\"sort_order\";s:7:\"integer\";}s:17:\"\0*\0classCastCache\";a:0:{}s:21:\"\0*\0attributeCastCache\";a:0:{}s:13:\"\0*\0dateFormat\";N;s:10:\"\0*\0appends\";a:0:{}s:19:\"\0*\0dispatchesEvents\";a:0:{}s:14:\"\0*\0observables\";a:0:{}s:12:\"\0*\0relations\";a:0:{}s:10:\"\0*\0touches\";a:0:{}s:27:\"\0*\0relationAutoloadCallback\";N;s:26:\"\0*\0relationAutoloadContext\";N;s:10:\"timestamps\";b:1;s:13:\"usesUniqueIds\";b:0;s:9:\"\0*\0hidden\";a:0:{}s:10:\"\0*\0visible\";a:0:{}s:11:\"\0*\0fillable\";a:6:{i:0;s:9:\"parent_id\";i:1;s:4:\"name\";i:2;s:4:\"slug\";i:3;s:10:\"image_path\";i:4;s:9:\"is_active\";i:5;s:10:\"sort_order\";}s:10:\"\0*\0guarded\";a:1:{i:0;s:1:\"*\";}}}s:10:\"\0*\0touches\";a:0:{}s:27:\"\0*\0relationAutoloadCallback\";N;s:26:\"\0*\0relationAutoloadContext\";N;s:10:\"timestamps\";b:1;s:13:\"usesUniqueIds\";b:0;s:9:\"\0*\0hidden\";a:0:{}s:10:\"\0*\0visible\";a:0:{}s:11:\"\0*\0fillable\";a:18:{i:0;s:11:\"category_id\";i:1;s:7:\"unit_id\";i:2;s:6:\"tax_id\";i:3;s:17:\"tax_rate_snapshot\";i:4;s:4:\"name\";i:5;s:4:\"slug\";i:6;s:4:\"tags\";i:7;s:7:\"barcode\";i:8;s:5:\"price\";i:9;s:3:\"mrp\";i:10;s:13:\"opening_stock\";i:11;s:13:\"current_stock\";i:12;s:10:\"short_desc\";i:13;s:9:\"long_desc\";i:14;s:10:\"image_path\";i:15;s:9:\"is_active\";i:16;s:11:\"is_featured\";i:17;s:13:\"is_prebooking\";}s:10:\"\0*\0guarded\";a:1:{i:0;s:1:\"*\";}}}s:28:\"\0*\0escapeWhenCastingToString\";b:0;}', 1763992822);
INSERT INTO `cache` (`key`, `value`, `expiration`) VALUES
('homepage.new_arrivals', 'O:39:\"Illuminate\\Database\\Eloquent\\Collection\":2:{s:8:\"\0*\0items\";a:8:{i:0;O:18:\"App\\Models\\Product\":33:{s:13:\"\0*\0connection\";s:5:\"mysql\";s:8:\"\0*\0table\";s:8:\"products\";s:13:\"\0*\0primaryKey\";s:2:\"id\";s:10:\"\0*\0keyType\";s:3:\"int\";s:12:\"incrementing\";b:1;s:7:\"\0*\0with\";a:0:{}s:12:\"\0*\0withCount\";a:0:{}s:19:\"preventsLazyLoading\";b:0;s:10:\"\0*\0perPage\";i:15;s:6:\"exists\";b:1;s:18:\"wasRecentlyCreated\";b:0;s:28:\"\0*\0escapeWhenCastingToString\";b:0;s:13:\"\0*\0attributes\";a:21:{s:2:\"id\";i:106;s:11:\"category_id\";i:39;s:4:\"name\";s:15:\"Rings for women\";s:4:\"slug\";s:7:\"rings-1\";s:4:\"tags\";N;s:7:\"barcode\";s:18:\"BC-20251113-063361\";s:5:\"price\";s:6:\"999.00\";s:3:\"mrp\";s:7:\"1999.00\";s:13:\"opening_stock\";i:0;s:13:\"current_stock\";i:100;s:7:\"unit_id\";i:2;s:6:\"tax_id\";N;s:17:\"tax_rate_snapshot\";N;s:10:\"short_desc\";s:5:\"Rings\";s:9:\"long_desc\";s:5:\"Rings\";s:10:\"image_path\";s:53:\"products/Hx3XesZ3eBclc1dQLWvqvzNWCQOR1is7lxkWCHnc.jpg\";s:9:\"is_active\";i:1;s:11:\"is_featured\";i:1;s:13:\"is_prebooking\";i:1;s:10:\"created_at\";s:19:\"2025-11-13 01:48:30\";s:10:\"updated_at\";s:19:\"2025-11-21 11:19:35\";}s:11:\"\0*\0original\";a:21:{s:2:\"id\";i:106;s:11:\"category_id\";i:39;s:4:\"name\";s:15:\"Rings for women\";s:4:\"slug\";s:7:\"rings-1\";s:4:\"tags\";N;s:7:\"barcode\";s:18:\"BC-20251113-063361\";s:5:\"price\";s:6:\"999.00\";s:3:\"mrp\";s:7:\"1999.00\";s:13:\"opening_stock\";i:0;s:13:\"current_stock\";i:100;s:7:\"unit_id\";i:2;s:6:\"tax_id\";N;s:17:\"tax_rate_snapshot\";N;s:10:\"short_desc\";s:5:\"Rings\";s:9:\"long_desc\";s:5:\"Rings\";s:10:\"image_path\";s:53:\"products/Hx3XesZ3eBclc1dQLWvqvzNWCQOR1is7lxkWCHnc.jpg\";s:9:\"is_active\";i:1;s:11:\"is_featured\";i:1;s:13:\"is_prebooking\";i:1;s:10:\"created_at\";s:19:\"2025-11-13 01:48:30\";s:10:\"updated_at\";s:19:\"2025-11-21 11:19:35\";}s:10:\"\0*\0changes\";a:0:{}s:11:\"\0*\0previous\";a:0:{}s:8:\"\0*\0casts\";a:8:{s:5:\"price\";s:9:\"decimal:2\";s:3:\"mrp\";s:9:\"decimal:2\";s:17:\"tax_rate_snapshot\";s:9:\"decimal:2\";s:13:\"opening_stock\";s:7:\"integer\";s:13:\"current_stock\";s:7:\"integer\";s:9:\"is_active\";s:7:\"boolean\";s:11:\"is_featured\";s:7:\"boolean\";s:13:\"is_prebooking\";s:7:\"boolean\";}s:17:\"\0*\0classCastCache\";a:0:{}s:21:\"\0*\0attributeCastCache\";a:0:{}s:13:\"\0*\0dateFormat\";N;s:10:\"\0*\0appends\";a:0:{}s:19:\"\0*\0dispatchesEvents\";a:0:{}s:14:\"\0*\0observables\";a:0:{}s:12:\"\0*\0relations\";a:1:{s:8:\"category\";O:19:\"App\\Models\\Category\":33:{s:13:\"\0*\0connection\";s:5:\"mysql\";s:8:\"\0*\0table\";s:10:\"categories\";s:13:\"\0*\0primaryKey\";s:2:\"id\";s:10:\"\0*\0keyType\";s:3:\"int\";s:12:\"incrementing\";b:1;s:7:\"\0*\0with\";a:0:{}s:12:\"\0*\0withCount\";a:0:{}s:19:\"preventsLazyLoading\";b:0;s:10:\"\0*\0perPage\";i:15;s:6:\"exists\";b:1;s:18:\"wasRecentlyCreated\";b:0;s:28:\"\0*\0escapeWhenCastingToString\";b:0;s:13:\"\0*\0attributes\";a:9:{s:2:\"id\";i:39;s:9:\"parent_id\";i:1;s:4:\"name\";s:5:\"Rings\";s:4:\"slug\";s:5:\"rings\";s:10:\"image_path\";N;s:9:\"is_active\";i:1;s:10:\"sort_order\";i:1;s:10:\"created_at\";s:19:\"2025-11-12 14:37:18\";s:10:\"updated_at\";s:19:\"2025-11-12 14:37:18\";}s:11:\"\0*\0original\";a:9:{s:2:\"id\";i:39;s:9:\"parent_id\";i:1;s:4:\"name\";s:5:\"Rings\";s:4:\"slug\";s:5:\"rings\";s:10:\"image_path\";N;s:9:\"is_active\";i:1;s:10:\"sort_order\";i:1;s:10:\"created_at\";s:19:\"2025-11-12 14:37:18\";s:10:\"updated_at\";s:19:\"2025-11-12 14:37:18\";}s:10:\"\0*\0changes\";a:0:{}s:11:\"\0*\0previous\";a:0:{}s:8:\"\0*\0casts\";a:2:{s:9:\"is_active\";s:7:\"boolean\";s:10:\"sort_order\";s:7:\"integer\";}s:17:\"\0*\0classCastCache\";a:0:{}s:21:\"\0*\0attributeCastCache\";a:0:{}s:13:\"\0*\0dateFormat\";N;s:10:\"\0*\0appends\";a:0:{}s:19:\"\0*\0dispatchesEvents\";a:0:{}s:14:\"\0*\0observables\";a:0:{}s:12:\"\0*\0relations\";a:0:{}s:10:\"\0*\0touches\";a:0:{}s:27:\"\0*\0relationAutoloadCallback\";N;s:26:\"\0*\0relationAutoloadContext\";N;s:10:\"timestamps\";b:1;s:13:\"usesUniqueIds\";b:0;s:9:\"\0*\0hidden\";a:0:{}s:10:\"\0*\0visible\";a:0:{}s:11:\"\0*\0fillable\";a:6:{i:0;s:9:\"parent_id\";i:1;s:4:\"name\";i:2;s:4:\"slug\";i:3;s:10:\"image_path\";i:4;s:9:\"is_active\";i:5;s:10:\"sort_order\";}s:10:\"\0*\0guarded\";a:1:{i:0;s:1:\"*\";}}}s:10:\"\0*\0touches\";a:0:{}s:27:\"\0*\0relationAutoloadCallback\";N;s:26:\"\0*\0relationAutoloadContext\";N;s:10:\"timestamps\";b:1;s:13:\"usesUniqueIds\";b:0;s:9:\"\0*\0hidden\";a:0:{}s:10:\"\0*\0visible\";a:0:{}s:11:\"\0*\0fillable\";a:18:{i:0;s:11:\"category_id\";i:1;s:7:\"unit_id\";i:2;s:6:\"tax_id\";i:3;s:17:\"tax_rate_snapshot\";i:4;s:4:\"name\";i:5;s:4:\"slug\";i:6;s:4:\"tags\";i:7;s:7:\"barcode\";i:8;s:5:\"price\";i:9;s:3:\"mrp\";i:10;s:13:\"opening_stock\";i:11;s:13:\"current_stock\";i:12;s:10:\"short_desc\";i:13;s:9:\"long_desc\";i:14;s:10:\"image_path\";i:15;s:9:\"is_active\";i:16;s:11:\"is_featured\";i:17;s:13:\"is_prebooking\";}s:10:\"\0*\0guarded\";a:1:{i:0;s:1:\"*\";}}i:1;O:18:\"App\\Models\\Product\":33:{s:13:\"\0*\0connection\";s:5:\"mysql\";s:8:\"\0*\0table\";s:8:\"products\";s:13:\"\0*\0primaryKey\";s:2:\"id\";s:10:\"\0*\0keyType\";s:3:\"int\";s:12:\"incrementing\";b:1;s:7:\"\0*\0with\";a:0:{}s:12:\"\0*\0withCount\";a:0:{}s:19:\"preventsLazyLoading\";b:0;s:10:\"\0*\0perPage\";i:15;s:6:\"exists\";b:1;s:18:\"wasRecentlyCreated\";b:0;s:28:\"\0*\0escapeWhenCastingToString\";b:0;s:13:\"\0*\0attributes\";a:21:{s:2:\"id\";i:103;s:11:\"category_id\";i:12;s:4:\"name\";s:6:\"HASSEL\";s:4:\"slug\";s:6:\"hassel\";s:4:\"tags\";N;s:7:\"barcode\";s:18:\"BC-20251112-502133\";s:5:\"price\";s:6:\"495.00\";s:3:\"mrp\";s:6:\"495.00\";s:13:\"opening_stock\";i:50;s:13:\"current_stock\";i:50;s:7:\"unit_id\";i:2;s:6:\"tax_id\";N;s:17:\"tax_rate_snapshot\";N;s:10:\"short_desc\";s:0:\"\";s:9:\"long_desc\";s:0:\"\";s:10:\"image_path\";s:67:\"products/6914be78eed11_CIg2LUzQknOnZeEbGx0rD2oOqL9Nuqiv1jL2p7O8.jpg\";s:9:\"is_active\";i:1;s:11:\"is_featured\";i:0;s:13:\"is_prebooking\";i:0;s:10:\"created_at\";s:19:\"2025-11-12 14:38:12\";s:10:\"updated_at\";s:19:\"2025-11-12 17:06:00\";}s:11:\"\0*\0original\";a:21:{s:2:\"id\";i:103;s:11:\"category_id\";i:12;s:4:\"name\";s:6:\"HASSEL\";s:4:\"slug\";s:6:\"hassel\";s:4:\"tags\";N;s:7:\"barcode\";s:18:\"BC-20251112-502133\";s:5:\"price\";s:6:\"495.00\";s:3:\"mrp\";s:6:\"495.00\";s:13:\"opening_stock\";i:50;s:13:\"current_stock\";i:50;s:7:\"unit_id\";i:2;s:6:\"tax_id\";N;s:17:\"tax_rate_snapshot\";N;s:10:\"short_desc\";s:0:\"\";s:9:\"long_desc\";s:0:\"\";s:10:\"image_path\";s:67:\"products/6914be78eed11_CIg2LUzQknOnZeEbGx0rD2oOqL9Nuqiv1jL2p7O8.jpg\";s:9:\"is_active\";i:1;s:11:\"is_featured\";i:0;s:13:\"is_prebooking\";i:0;s:10:\"created_at\";s:19:\"2025-11-12 14:38:12\";s:10:\"updated_at\";s:19:\"2025-11-12 17:06:00\";}s:10:\"\0*\0changes\";a:0:{}s:11:\"\0*\0previous\";a:0:{}s:8:\"\0*\0casts\";a:8:{s:5:\"price\";s:9:\"decimal:2\";s:3:\"mrp\";s:9:\"decimal:2\";s:17:\"tax_rate_snapshot\";s:9:\"decimal:2\";s:13:\"opening_stock\";s:7:\"integer\";s:13:\"current_stock\";s:7:\"integer\";s:9:\"is_active\";s:7:\"boolean\";s:11:\"is_featured\";s:7:\"boolean\";s:13:\"is_prebooking\";s:7:\"boolean\";}s:17:\"\0*\0classCastCache\";a:0:{}s:21:\"\0*\0attributeCastCache\";a:0:{}s:13:\"\0*\0dateFormat\";N;s:10:\"\0*\0appends\";a:0:{}s:19:\"\0*\0dispatchesEvents\";a:0:{}s:14:\"\0*\0observables\";a:0:{}s:12:\"\0*\0relations\";a:1:{s:8:\"category\";O:19:\"App\\Models\\Category\":33:{s:13:\"\0*\0connection\";s:5:\"mysql\";s:8:\"\0*\0table\";s:10:\"categories\";s:13:\"\0*\0primaryKey\";s:2:\"id\";s:10:\"\0*\0keyType\";s:3:\"int\";s:12:\"incrementing\";b:1;s:7:\"\0*\0with\";a:0:{}s:12:\"\0*\0withCount\";a:0:{}s:19:\"preventsLazyLoading\";b:0;s:10:\"\0*\0perPage\";i:15;s:6:\"exists\";b:1;s:18:\"wasRecentlyCreated\";b:0;s:28:\"\0*\0escapeWhenCastingToString\";b:0;s:13:\"\0*\0attributes\";a:9:{s:2:\"id\";i:12;s:9:\"parent_id\";i:1;s:4:\"name\";s:6:\"Layers\";s:4:\"slug\";s:6:\"layers\";s:10:\"image_path\";N;s:9:\"is_active\";i:1;s:10:\"sort_order\";i:1;s:10:\"created_at\";s:19:\"2025-11-12 14:25:00\";s:10:\"updated_at\";s:19:\"2025-11-12 14:25:00\";}s:11:\"\0*\0original\";a:9:{s:2:\"id\";i:12;s:9:\"parent_id\";i:1;s:4:\"name\";s:6:\"Layers\";s:4:\"slug\";s:6:\"layers\";s:10:\"image_path\";N;s:9:\"is_active\";i:1;s:10:\"sort_order\";i:1;s:10:\"created_at\";s:19:\"2025-11-12 14:25:00\";s:10:\"updated_at\";s:19:\"2025-11-12 14:25:00\";}s:10:\"\0*\0changes\";a:0:{}s:11:\"\0*\0previous\";a:0:{}s:8:\"\0*\0casts\";a:2:{s:9:\"is_active\";s:7:\"boolean\";s:10:\"sort_order\";s:7:\"integer\";}s:17:\"\0*\0classCastCache\";a:0:{}s:21:\"\0*\0attributeCastCache\";a:0:{}s:13:\"\0*\0dateFormat\";N;s:10:\"\0*\0appends\";a:0:{}s:19:\"\0*\0dispatchesEvents\";a:0:{}s:14:\"\0*\0observables\";a:0:{}s:12:\"\0*\0relations\";a:0:{}s:10:\"\0*\0touches\";a:0:{}s:27:\"\0*\0relationAutoloadCallback\";N;s:26:\"\0*\0relationAutoloadContext\";N;s:10:\"timestamps\";b:1;s:13:\"usesUniqueIds\";b:0;s:9:\"\0*\0hidden\";a:0:{}s:10:\"\0*\0visible\";a:0:{}s:11:\"\0*\0fillable\";a:6:{i:0;s:9:\"parent_id\";i:1;s:4:\"name\";i:2;s:4:\"slug\";i:3;s:10:\"image_path\";i:4;s:9:\"is_active\";i:5;s:10:\"sort_order\";}s:10:\"\0*\0guarded\";a:1:{i:0;s:1:\"*\";}}}s:10:\"\0*\0touches\";a:0:{}s:27:\"\0*\0relationAutoloadCallback\";N;s:26:\"\0*\0relationAutoloadContext\";N;s:10:\"timestamps\";b:1;s:13:\"usesUniqueIds\";b:0;s:9:\"\0*\0hidden\";a:0:{}s:10:\"\0*\0visible\";a:0:{}s:11:\"\0*\0fillable\";a:18:{i:0;s:11:\"category_id\";i:1;s:7:\"unit_id\";i:2;s:6:\"tax_id\";i:3;s:17:\"tax_rate_snapshot\";i:4;s:4:\"name\";i:5;s:4:\"slug\";i:6;s:4:\"tags\";i:7;s:7:\"barcode\";i:8;s:5:\"price\";i:9;s:3:\"mrp\";i:10;s:13:\"opening_stock\";i:11;s:13:\"current_stock\";i:12;s:10:\"short_desc\";i:13;s:9:\"long_desc\";i:14;s:10:\"image_path\";i:15;s:9:\"is_active\";i:16;s:11:\"is_featured\";i:17;s:13:\"is_prebooking\";}s:10:\"\0*\0guarded\";a:1:{i:0;s:1:\"*\";}}i:2;O:18:\"App\\Models\\Product\":33:{s:13:\"\0*\0connection\";s:5:\"mysql\";s:8:\"\0*\0table\";s:8:\"products\";s:13:\"\0*\0primaryKey\";s:2:\"id\";s:10:\"\0*\0keyType\";s:3:\"int\";s:12:\"incrementing\";b:1;s:7:\"\0*\0with\";a:0:{}s:12:\"\0*\0withCount\";a:0:{}s:19:\"preventsLazyLoading\";b:0;s:10:\"\0*\0perPage\";i:15;s:6:\"exists\";b:1;s:18:\"wasRecentlyCreated\";b:0;s:28:\"\0*\0escapeWhenCastingToString\";b:0;s:13:\"\0*\0attributes\";a:21:{s:2:\"id\";i:104;s:11:\"category_id\";i:11;s:4:\"name\";s:8:\"PENDENTS\";s:4:\"slug\";s:8:\"pendents\";s:4:\"tags\";N;s:7:\"barcode\";s:18:\"BC-20251112-242462\";s:5:\"price\";s:6:\"695.00\";s:3:\"mrp\";s:6:\"695.00\";s:13:\"opening_stock\";i:30;s:13:\"current_stock\";i:30;s:7:\"unit_id\";i:2;s:6:\"tax_id\";N;s:17:\"tax_rate_snapshot\";N;s:10:\"short_desc\";s:0:\"\";s:9:\"long_desc\";s:0:\"\";s:10:\"image_path\";s:67:\"products/6914be7904fe2_ZG7XOoiYkLdsPgAeGAelrmYFqgnP7VOkz4nT9KLr.jpg\";s:9:\"is_active\";i:1;s:11:\"is_featured\";i:0;s:13:\"is_prebooking\";i:0;s:10:\"created_at\";s:19:\"2025-11-12 14:38:12\";s:10:\"updated_at\";s:19:\"2025-11-12 17:06:01\";}s:11:\"\0*\0original\";a:21:{s:2:\"id\";i:104;s:11:\"category_id\";i:11;s:4:\"name\";s:8:\"PENDENTS\";s:4:\"slug\";s:8:\"pendents\";s:4:\"tags\";N;s:7:\"barcode\";s:18:\"BC-20251112-242462\";s:5:\"price\";s:6:\"695.00\";s:3:\"mrp\";s:6:\"695.00\";s:13:\"opening_stock\";i:30;s:13:\"current_stock\";i:30;s:7:\"unit_id\";i:2;s:6:\"tax_id\";N;s:17:\"tax_rate_snapshot\";N;s:10:\"short_desc\";s:0:\"\";s:9:\"long_desc\";s:0:\"\";s:10:\"image_path\";s:67:\"products/6914be7904fe2_ZG7XOoiYkLdsPgAeGAelrmYFqgnP7VOkz4nT9KLr.jpg\";s:9:\"is_active\";i:1;s:11:\"is_featured\";i:0;s:13:\"is_prebooking\";i:0;s:10:\"created_at\";s:19:\"2025-11-12 14:38:12\";s:10:\"updated_at\";s:19:\"2025-11-12 17:06:01\";}s:10:\"\0*\0changes\";a:0:{}s:11:\"\0*\0previous\";a:0:{}s:8:\"\0*\0casts\";a:8:{s:5:\"price\";s:9:\"decimal:2\";s:3:\"mrp\";s:9:\"decimal:2\";s:17:\"tax_rate_snapshot\";s:9:\"decimal:2\";s:13:\"opening_stock\";s:7:\"integer\";s:13:\"current_stock\";s:7:\"integer\";s:9:\"is_active\";s:7:\"boolean\";s:11:\"is_featured\";s:7:\"boolean\";s:13:\"is_prebooking\";s:7:\"boolean\";}s:17:\"\0*\0classCastCache\";a:0:{}s:21:\"\0*\0attributeCastCache\";a:0:{}s:13:\"\0*\0dateFormat\";N;s:10:\"\0*\0appends\";a:0:{}s:19:\"\0*\0dispatchesEvents\";a:0:{}s:14:\"\0*\0observables\";a:0:{}s:12:\"\0*\0relations\";a:1:{s:8:\"category\";O:19:\"App\\Models\\Category\":33:{s:13:\"\0*\0connection\";s:5:\"mysql\";s:8:\"\0*\0table\";s:10:\"categories\";s:13:\"\0*\0primaryKey\";s:2:\"id\";s:10:\"\0*\0keyType\";s:3:\"int\";s:12:\"incrementing\";b:1;s:7:\"\0*\0with\";a:0:{}s:12:\"\0*\0withCount\";a:0:{}s:19:\"preventsLazyLoading\";b:0;s:10:\"\0*\0perPage\";i:15;s:6:\"exists\";b:1;s:18:\"wasRecentlyCreated\";b:0;s:28:\"\0*\0escapeWhenCastingToString\";b:0;s:13:\"\0*\0attributes\";a:9:{s:2:\"id\";i:11;s:9:\"parent_id\";i:1;s:4:\"name\";s:8:\"Pendants\";s:4:\"slug\";s:8:\"pendants\";s:10:\"image_path\";N;s:9:\"is_active\";i:1;s:10:\"sort_order\";i:1;s:10:\"created_at\";s:19:\"2025-11-12 14:25:00\";s:10:\"updated_at\";s:19:\"2025-11-12 14:25:00\";}s:11:\"\0*\0original\";a:9:{s:2:\"id\";i:11;s:9:\"parent_id\";i:1;s:4:\"name\";s:8:\"Pendants\";s:4:\"slug\";s:8:\"pendants\";s:10:\"image_path\";N;s:9:\"is_active\";i:1;s:10:\"sort_order\";i:1;s:10:\"created_at\";s:19:\"2025-11-12 14:25:00\";s:10:\"updated_at\";s:19:\"2025-11-12 14:25:00\";}s:10:\"\0*\0changes\";a:0:{}s:11:\"\0*\0previous\";a:0:{}s:8:\"\0*\0casts\";a:2:{s:9:\"is_active\";s:7:\"boolean\";s:10:\"sort_order\";s:7:\"integer\";}s:17:\"\0*\0classCastCache\";a:0:{}s:21:\"\0*\0attributeCastCache\";a:0:{}s:13:\"\0*\0dateFormat\";N;s:10:\"\0*\0appends\";a:0:{}s:19:\"\0*\0dispatchesEvents\";a:0:{}s:14:\"\0*\0observables\";a:0:{}s:12:\"\0*\0relations\";a:0:{}s:10:\"\0*\0touches\";a:0:{}s:27:\"\0*\0relationAutoloadCallback\";N;s:26:\"\0*\0relationAutoloadContext\";N;s:10:\"timestamps\";b:1;s:13:\"usesUniqueIds\";b:0;s:9:\"\0*\0hidden\";a:0:{}s:10:\"\0*\0visible\";a:0:{}s:11:\"\0*\0fillable\";a:6:{i:0;s:9:\"parent_id\";i:1;s:4:\"name\";i:2;s:4:\"slug\";i:3;s:10:\"image_path\";i:4;s:9:\"is_active\";i:5;s:10:\"sort_order\";}s:10:\"\0*\0guarded\";a:1:{i:0;s:1:\"*\";}}}s:10:\"\0*\0touches\";a:0:{}s:27:\"\0*\0relationAutoloadCallback\";N;s:26:\"\0*\0relationAutoloadContext\";N;s:10:\"timestamps\";b:1;s:13:\"usesUniqueIds\";b:0;s:9:\"\0*\0hidden\";a:0:{}s:10:\"\0*\0visible\";a:0:{}s:11:\"\0*\0fillable\";a:18:{i:0;s:11:\"category_id\";i:1;s:7:\"unit_id\";i:2;s:6:\"tax_id\";i:3;s:17:\"tax_rate_snapshot\";i:4;s:4:\"name\";i:5;s:4:\"slug\";i:6;s:4:\"tags\";i:7;s:7:\"barcode\";i:8;s:5:\"price\";i:9;s:3:\"mrp\";i:10;s:13:\"opening_stock\";i:11;s:13:\"current_stock\";i:12;s:10:\"short_desc\";i:13;s:9:\"long_desc\";i:14;s:10:\"image_path\";i:15;s:9:\"is_active\";i:16;s:11:\"is_featured\";i:17;s:13:\"is_prebooking\";}s:10:\"\0*\0guarded\";a:1:{i:0;s:1:\"*\";}}i:3;O:18:\"App\\Models\\Product\":33:{s:13:\"\0*\0connection\";s:5:\"mysql\";s:8:\"\0*\0table\";s:8:\"products\";s:13:\"\0*\0primaryKey\";s:2:\"id\";s:10:\"\0*\0keyType\";s:3:\"int\";s:12:\"incrementing\";b:1;s:7:\"\0*\0with\";a:0:{}s:12:\"\0*\0withCount\";a:0:{}s:19:\"preventsLazyLoading\";b:0;s:10:\"\0*\0perPage\";i:15;s:6:\"exists\";b:1;s:18:\"wasRecentlyCreated\";b:0;s:28:\"\0*\0escapeWhenCastingToString\";b:0;s:13:\"\0*\0attributes\";a:21:{s:2:\"id\";i:102;s:11:\"category_id\";i:25;s:4:\"name\";s:11:\"BLACK BEEDS\";s:4:\"slug\";s:11:\"black-beeds\";s:4:\"tags\";N;s:7:\"barcode\";s:18:\"BC-20251112-299445\";s:5:\"price\";s:6:\"495.00\";s:3:\"mrp\";s:6:\"495.00\";s:13:\"opening_stock\";i:40;s:13:\"current_stock\";i:40;s:7:\"unit_id\";i:2;s:6:\"tax_id\";N;s:17:\"tax_rate_snapshot\";N;s:10:\"short_desc\";s:0:\"\";s:9:\"long_desc\";s:0:\"\";s:10:\"image_path\";s:67:\"products/6914be78c4c5f_Iay2PivGanZjm4xibLb05XkMtaahW7shDxty0qa3.jpg\";s:9:\"is_active\";i:1;s:11:\"is_featured\";i:0;s:13:\"is_prebooking\";i:0;s:10:\"created_at\";s:19:\"2025-11-12 14:38:11\";s:10:\"updated_at\";s:19:\"2025-11-12 17:06:00\";}s:11:\"\0*\0original\";a:21:{s:2:\"id\";i:102;s:11:\"category_id\";i:25;s:4:\"name\";s:11:\"BLACK BEEDS\";s:4:\"slug\";s:11:\"black-beeds\";s:4:\"tags\";N;s:7:\"barcode\";s:18:\"BC-20251112-299445\";s:5:\"price\";s:6:\"495.00\";s:3:\"mrp\";s:6:\"495.00\";s:13:\"opening_stock\";i:40;s:13:\"current_stock\";i:40;s:7:\"unit_id\";i:2;s:6:\"tax_id\";N;s:17:\"tax_rate_snapshot\";N;s:10:\"short_desc\";s:0:\"\";s:9:\"long_desc\";s:0:\"\";s:10:\"image_path\";s:67:\"products/6914be78c4c5f_Iay2PivGanZjm4xibLb05XkMtaahW7shDxty0qa3.jpg\";s:9:\"is_active\";i:1;s:11:\"is_featured\";i:0;s:13:\"is_prebooking\";i:0;s:10:\"created_at\";s:19:\"2025-11-12 14:38:11\";s:10:\"updated_at\";s:19:\"2025-11-12 17:06:00\";}s:10:\"\0*\0changes\";a:0:{}s:11:\"\0*\0previous\";a:0:{}s:8:\"\0*\0casts\";a:8:{s:5:\"price\";s:9:\"decimal:2\";s:3:\"mrp\";s:9:\"decimal:2\";s:17:\"tax_rate_snapshot\";s:9:\"decimal:2\";s:13:\"opening_stock\";s:7:\"integer\";s:13:\"current_stock\";s:7:\"integer\";s:9:\"is_active\";s:7:\"boolean\";s:11:\"is_featured\";s:7:\"boolean\";s:13:\"is_prebooking\";s:7:\"boolean\";}s:17:\"\0*\0classCastCache\";a:0:{}s:21:\"\0*\0attributeCastCache\";a:0:{}s:13:\"\0*\0dateFormat\";N;s:10:\"\0*\0appends\";a:0:{}s:19:\"\0*\0dispatchesEvents\";a:0:{}s:14:\"\0*\0observables\";a:0:{}s:12:\"\0*\0relations\";a:1:{s:8:\"category\";O:19:\"App\\Models\\Category\":33:{s:13:\"\0*\0connection\";s:5:\"mysql\";s:8:\"\0*\0table\";s:10:\"categories\";s:13:\"\0*\0primaryKey\";s:2:\"id\";s:10:\"\0*\0keyType\";s:3:\"int\";s:12:\"incrementing\";b:1;s:7:\"\0*\0with\";a:0:{}s:12:\"\0*\0withCount\";a:0:{}s:19:\"preventsLazyLoading\";b:0;s:10:\"\0*\0perPage\";i:15;s:6:\"exists\";b:1;s:18:\"wasRecentlyCreated\";b:0;s:28:\"\0*\0escapeWhenCastingToString\";b:0;s:13:\"\0*\0attributes\";a:9:{s:2:\"id\";i:25;s:9:\"parent_id\";i:1;s:4:\"name\";s:19:\"Short mangalasutras\";s:4:\"slug\";s:19:\"short-mangalasutras\";s:10:\"image_path\";N;s:9:\"is_active\";i:1;s:10:\"sort_order\";i:1;s:10:\"created_at\";s:19:\"2025-11-12 14:37:17\";s:10:\"updated_at\";s:19:\"2025-11-12 14:37:17\";}s:11:\"\0*\0original\";a:9:{s:2:\"id\";i:25;s:9:\"parent_id\";i:1;s:4:\"name\";s:19:\"Short mangalasutras\";s:4:\"slug\";s:19:\"short-mangalasutras\";s:10:\"image_path\";N;s:9:\"is_active\";i:1;s:10:\"sort_order\";i:1;s:10:\"created_at\";s:19:\"2025-11-12 14:37:17\";s:10:\"updated_at\";s:19:\"2025-11-12 14:37:17\";}s:10:\"\0*\0changes\";a:0:{}s:11:\"\0*\0previous\";a:0:{}s:8:\"\0*\0casts\";a:2:{s:9:\"is_active\";s:7:\"boolean\";s:10:\"sort_order\";s:7:\"integer\";}s:17:\"\0*\0classCastCache\";a:0:{}s:21:\"\0*\0attributeCastCache\";a:0:{}s:13:\"\0*\0dateFormat\";N;s:10:\"\0*\0appends\";a:0:{}s:19:\"\0*\0dispatchesEvents\";a:0:{}s:14:\"\0*\0observables\";a:0:{}s:12:\"\0*\0relations\";a:0:{}s:10:\"\0*\0touches\";a:0:{}s:27:\"\0*\0relationAutoloadCallback\";N;s:26:\"\0*\0relationAutoloadContext\";N;s:10:\"timestamps\";b:1;s:13:\"usesUniqueIds\";b:0;s:9:\"\0*\0hidden\";a:0:{}s:10:\"\0*\0visible\";a:0:{}s:11:\"\0*\0fillable\";a:6:{i:0;s:9:\"parent_id\";i:1;s:4:\"name\";i:2;s:4:\"slug\";i:3;s:10:\"image_path\";i:4;s:9:\"is_active\";i:5;s:10:\"sort_order\";}s:10:\"\0*\0guarded\";a:1:{i:0;s:1:\"*\";}}}s:10:\"\0*\0touches\";a:0:{}s:27:\"\0*\0relationAutoloadCallback\";N;s:26:\"\0*\0relationAutoloadContext\";N;s:10:\"timestamps\";b:1;s:13:\"usesUniqueIds\";b:0;s:9:\"\0*\0hidden\";a:0:{}s:10:\"\0*\0visible\";a:0:{}s:11:\"\0*\0fillable\";a:18:{i:0;s:11:\"category_id\";i:1;s:7:\"unit_id\";i:2;s:6:\"tax_id\";i:3;s:17:\"tax_rate_snapshot\";i:4;s:4:\"name\";i:5;s:4:\"slug\";i:6;s:4:\"tags\";i:7;s:7:\"barcode\";i:8;s:5:\"price\";i:9;s:3:\"mrp\";i:10;s:13:\"opening_stock\";i:11;s:13:\"current_stock\";i:12;s:10:\"short_desc\";i:13;s:9:\"long_desc\";i:14;s:10:\"image_path\";i:15;s:9:\"is_active\";i:16;s:11:\"is_featured\";i:17;s:13:\"is_prebooking\";}s:10:\"\0*\0guarded\";a:1:{i:0;s:1:\"*\";}}i:4;O:18:\"App\\Models\\Product\":33:{s:13:\"\0*\0connection\";s:5:\"mysql\";s:8:\"\0*\0table\";s:8:\"products\";s:13:\"\0*\0primaryKey\";s:2:\"id\";s:10:\"\0*\0keyType\";s:3:\"int\";s:12:\"incrementing\";b:1;s:7:\"\0*\0with\";a:0:{}s:12:\"\0*\0withCount\";a:0:{}s:19:\"preventsLazyLoading\";b:0;s:10:\"\0*\0perPage\";i:15;s:6:\"exists\";b:1;s:18:\"wasRecentlyCreated\";b:0;s:28:\"\0*\0escapeWhenCastingToString\";b:0;s:13:\"\0*\0attributes\";a:21:{s:2:\"id\";i:101;s:11:\"category_id\";i:47;s:4:\"name\";s:9:\"COMBO SET\";s:4:\"slug\";s:9:\"combo-set\";s:4:\"tags\";N;s:7:\"barcode\";s:18:\"BC-20251112-307786\";s:5:\"price\";s:6:\"995.00\";s:3:\"mrp\";s:6:\"995.00\";s:13:\"opening_stock\";i:5;s:13:\"current_stock\";i:5;s:7:\"unit_id\";i:2;s:6:\"tax_id\";N;s:17:\"tax_rate_snapshot\";N;s:10:\"short_desc\";s:0:\"\";s:9:\"long_desc\";s:0:\"\";s:10:\"image_path\";s:68:\"products/6914be740e5ef_uV9wWHEHjcNXMZ75secm0uRqY92eZzOh8uutZdpF.jpeg\";s:9:\"is_active\";i:1;s:11:\"is_featured\";i:0;s:13:\"is_prebooking\";i:0;s:10:\"created_at\";s:19:\"2025-11-12 14:38:07\";s:10:\"updated_at\";s:19:\"2025-11-12 17:05:56\";}s:11:\"\0*\0original\";a:21:{s:2:\"id\";i:101;s:11:\"category_id\";i:47;s:4:\"name\";s:9:\"COMBO SET\";s:4:\"slug\";s:9:\"combo-set\";s:4:\"tags\";N;s:7:\"barcode\";s:18:\"BC-20251112-307786\";s:5:\"price\";s:6:\"995.00\";s:3:\"mrp\";s:6:\"995.00\";s:13:\"opening_stock\";i:5;s:13:\"current_stock\";i:5;s:7:\"unit_id\";i:2;s:6:\"tax_id\";N;s:17:\"tax_rate_snapshot\";N;s:10:\"short_desc\";s:0:\"\";s:9:\"long_desc\";s:0:\"\";s:10:\"image_path\";s:68:\"products/6914be740e5ef_uV9wWHEHjcNXMZ75secm0uRqY92eZzOh8uutZdpF.jpeg\";s:9:\"is_active\";i:1;s:11:\"is_featured\";i:0;s:13:\"is_prebooking\";i:0;s:10:\"created_at\";s:19:\"2025-11-12 14:38:07\";s:10:\"updated_at\";s:19:\"2025-11-12 17:05:56\";}s:10:\"\0*\0changes\";a:0:{}s:11:\"\0*\0previous\";a:0:{}s:8:\"\0*\0casts\";a:8:{s:5:\"price\";s:9:\"decimal:2\";s:3:\"mrp\";s:9:\"decimal:2\";s:17:\"tax_rate_snapshot\";s:9:\"decimal:2\";s:13:\"opening_stock\";s:7:\"integer\";s:13:\"current_stock\";s:7:\"integer\";s:9:\"is_active\";s:7:\"boolean\";s:11:\"is_featured\";s:7:\"boolean\";s:13:\"is_prebooking\";s:7:\"boolean\";}s:17:\"\0*\0classCastCache\";a:0:{}s:21:\"\0*\0attributeCastCache\";a:0:{}s:13:\"\0*\0dateFormat\";N;s:10:\"\0*\0appends\";a:0:{}s:19:\"\0*\0dispatchesEvents\";a:0:{}s:14:\"\0*\0observables\";a:0:{}s:12:\"\0*\0relations\";a:1:{s:8:\"category\";O:19:\"App\\Models\\Category\":33:{s:13:\"\0*\0connection\";s:5:\"mysql\";s:8:\"\0*\0table\";s:10:\"categories\";s:13:\"\0*\0primaryKey\";s:2:\"id\";s:10:\"\0*\0keyType\";s:3:\"int\";s:12:\"incrementing\";b:1;s:7:\"\0*\0with\";a:0:{}s:12:\"\0*\0withCount\";a:0:{}s:19:\"preventsLazyLoading\";b:0;s:10:\"\0*\0perPage\";i:15;s:6:\"exists\";b:1;s:18:\"wasRecentlyCreated\";b:0;s:28:\"\0*\0escapeWhenCastingToString\";b:0;s:13:\"\0*\0attributes\";a:9:{s:2:\"id\";i:47;s:9:\"parent_id\";i:1;s:4:\"name\";s:10:\"Combo Sets\";s:4:\"slug\";s:10:\"combo-sets\";s:10:\"image_path\";N;s:9:\"is_active\";i:1;s:10:\"sort_order\";i:1;s:10:\"created_at\";s:19:\"2025-11-12 14:37:18\";s:10:\"updated_at\";s:19:\"2025-11-12 14:37:18\";}s:11:\"\0*\0original\";a:9:{s:2:\"id\";i:47;s:9:\"parent_id\";i:1;s:4:\"name\";s:10:\"Combo Sets\";s:4:\"slug\";s:10:\"combo-sets\";s:10:\"image_path\";N;s:9:\"is_active\";i:1;s:10:\"sort_order\";i:1;s:10:\"created_at\";s:19:\"2025-11-12 14:37:18\";s:10:\"updated_at\";s:19:\"2025-11-12 14:37:18\";}s:10:\"\0*\0changes\";a:0:{}s:11:\"\0*\0previous\";a:0:{}s:8:\"\0*\0casts\";a:2:{s:9:\"is_active\";s:7:\"boolean\";s:10:\"sort_order\";s:7:\"integer\";}s:17:\"\0*\0classCastCache\";a:0:{}s:21:\"\0*\0attributeCastCache\";a:0:{}s:13:\"\0*\0dateFormat\";N;s:10:\"\0*\0appends\";a:0:{}s:19:\"\0*\0dispatchesEvents\";a:0:{}s:14:\"\0*\0observables\";a:0:{}s:12:\"\0*\0relations\";a:0:{}s:10:\"\0*\0touches\";a:0:{}s:27:\"\0*\0relationAutoloadCallback\";N;s:26:\"\0*\0relationAutoloadContext\";N;s:10:\"timestamps\";b:1;s:13:\"usesUniqueIds\";b:0;s:9:\"\0*\0hidden\";a:0:{}s:10:\"\0*\0visible\";a:0:{}s:11:\"\0*\0fillable\";a:6:{i:0;s:9:\"parent_id\";i:1;s:4:\"name\";i:2;s:4:\"slug\";i:3;s:10:\"image_path\";i:4;s:9:\"is_active\";i:5;s:10:\"sort_order\";}s:10:\"\0*\0guarded\";a:1:{i:0;s:1:\"*\";}}}s:10:\"\0*\0touches\";a:0:{}s:27:\"\0*\0relationAutoloadCallback\";N;s:26:\"\0*\0relationAutoloadContext\";N;s:10:\"timestamps\";b:1;s:13:\"usesUniqueIds\";b:0;s:9:\"\0*\0hidden\";a:0:{}s:10:\"\0*\0visible\";a:0:{}s:11:\"\0*\0fillable\";a:18:{i:0;s:11:\"category_id\";i:1;s:7:\"unit_id\";i:2;s:6:\"tax_id\";i:3;s:17:\"tax_rate_snapshot\";i:4;s:4:\"name\";i:5;s:4:\"slug\";i:6;s:4:\"tags\";i:7;s:7:\"barcode\";i:8;s:5:\"price\";i:9;s:3:\"mrp\";i:10;s:13:\"opening_stock\";i:11;s:13:\"current_stock\";i:12;s:10:\"short_desc\";i:13;s:9:\"long_desc\";i:14;s:10:\"image_path\";i:15;s:9:\"is_active\";i:16;s:11:\"is_featured\";i:17;s:13:\"is_prebooking\";}s:10:\"\0*\0guarded\";a:1:{i:0;s:1:\"*\";}}i:5;O:18:\"App\\Models\\Product\":33:{s:13:\"\0*\0connection\";s:5:\"mysql\";s:8:\"\0*\0table\";s:8:\"products\";s:13:\"\0*\0primaryKey\";s:2:\"id\";s:10:\"\0*\0keyType\";s:3:\"int\";s:12:\"incrementing\";b:1;s:7:\"\0*\0with\";a:0:{}s:12:\"\0*\0withCount\";a:0:{}s:19:\"preventsLazyLoading\";b:0;s:10:\"\0*\0perPage\";i:15;s:6:\"exists\";b:1;s:18:\"wasRecentlyCreated\";b:0;s:28:\"\0*\0escapeWhenCastingToString\";b:0;s:13:\"\0*\0attributes\";a:21:{s:2:\"id\";i:100;s:11:\"category_id\";i:12;s:4:\"name\";s:5:\"LAYER\";s:4:\"slug\";s:5:\"layer\";s:4:\"tags\";N;s:7:\"barcode\";s:18:\"BC-20251112-450223\";s:5:\"price\";s:6:\"595.00\";s:3:\"mrp\";s:6:\"595.00\";s:13:\"opening_stock\";i:20;s:13:\"current_stock\";i:20;s:7:\"unit_id\";i:2;s:6:\"tax_id\";N;s:17:\"tax_rate_snapshot\";N;s:10:\"short_desc\";s:0:\"\";s:9:\"long_desc\";s:0:\"\";s:10:\"image_path\";s:68:\"products/6914be73d2d26_qfxrDNou62c1fSjqD7PkK7woBArnTWQEZ6F2yYkv.jpeg\";s:9:\"is_active\";i:1;s:11:\"is_featured\";i:0;s:13:\"is_prebooking\";i:0;s:10:\"created_at\";s:19:\"2025-11-12 14:38:07\";s:10:\"updated_at\";s:19:\"2025-11-12 17:05:55\";}s:11:\"\0*\0original\";a:21:{s:2:\"id\";i:100;s:11:\"category_id\";i:12;s:4:\"name\";s:5:\"LAYER\";s:4:\"slug\";s:5:\"layer\";s:4:\"tags\";N;s:7:\"barcode\";s:18:\"BC-20251112-450223\";s:5:\"price\";s:6:\"595.00\";s:3:\"mrp\";s:6:\"595.00\";s:13:\"opening_stock\";i:20;s:13:\"current_stock\";i:20;s:7:\"unit_id\";i:2;s:6:\"tax_id\";N;s:17:\"tax_rate_snapshot\";N;s:10:\"short_desc\";s:0:\"\";s:9:\"long_desc\";s:0:\"\";s:10:\"image_path\";s:68:\"products/6914be73d2d26_qfxrDNou62c1fSjqD7PkK7woBArnTWQEZ6F2yYkv.jpeg\";s:9:\"is_active\";i:1;s:11:\"is_featured\";i:0;s:13:\"is_prebooking\";i:0;s:10:\"created_at\";s:19:\"2025-11-12 14:38:07\";s:10:\"updated_at\";s:19:\"2025-11-12 17:05:55\";}s:10:\"\0*\0changes\";a:0:{}s:11:\"\0*\0previous\";a:0:{}s:8:\"\0*\0casts\";a:8:{s:5:\"price\";s:9:\"decimal:2\";s:3:\"mrp\";s:9:\"decimal:2\";s:17:\"tax_rate_snapshot\";s:9:\"decimal:2\";s:13:\"opening_stock\";s:7:\"integer\";s:13:\"current_stock\";s:7:\"integer\";s:9:\"is_active\";s:7:\"boolean\";s:11:\"is_featured\";s:7:\"boolean\";s:13:\"is_prebooking\";s:7:\"boolean\";}s:17:\"\0*\0classCastCache\";a:0:{}s:21:\"\0*\0attributeCastCache\";a:0:{}s:13:\"\0*\0dateFormat\";N;s:10:\"\0*\0appends\";a:0:{}s:19:\"\0*\0dispatchesEvents\";a:0:{}s:14:\"\0*\0observables\";a:0:{}s:12:\"\0*\0relations\";a:1:{s:8:\"category\";r:242;}s:10:\"\0*\0touches\";a:0:{}s:27:\"\0*\0relationAutoloadCallback\";N;s:26:\"\0*\0relationAutoloadContext\";N;s:10:\"timestamps\";b:1;s:13:\"usesUniqueIds\";b:0;s:9:\"\0*\0hidden\";a:0:{}s:10:\"\0*\0visible\";a:0:{}s:11:\"\0*\0fillable\";a:18:{i:0;s:11:\"category_id\";i:1;s:7:\"unit_id\";i:2;s:6:\"tax_id\";i:3;s:17:\"tax_rate_snapshot\";i:4;s:4:\"name\";i:5;s:4:\"slug\";i:6;s:4:\"tags\";i:7;s:7:\"barcode\";i:8;s:5:\"price\";i:9;s:3:\"mrp\";i:10;s:13:\"opening_stock\";i:11;s:13:\"current_stock\";i:12;s:10:\"short_desc\";i:13;s:9:\"long_desc\";i:14;s:10:\"image_path\";i:15;s:9:\"is_active\";i:16;s:11:\"is_featured\";i:17;s:13:\"is_prebooking\";}s:10:\"\0*\0guarded\";a:1:{i:0;s:1:\"*\";}}i:6;O:18:\"App\\Models\\Product\":33:{s:13:\"\0*\0connection\";s:5:\"mysql\";s:8:\"\0*\0table\";s:8:\"products\";s:13:\"\0*\0primaryKey\";s:2:\"id\";s:10:\"\0*\0keyType\";s:3:\"int\";s:12:\"incrementing\";b:1;s:7:\"\0*\0with\";a:0:{}s:12:\"\0*\0withCount\";a:0:{}s:19:\"preventsLazyLoading\";b:0;s:10:\"\0*\0perPage\";i:15;s:6:\"exists\";b:1;s:18:\"wasRecentlyCreated\";b:0;s:28:\"\0*\0escapeWhenCastingToString\";b:0;s:13:\"\0*\0attributes\";a:21:{s:2:\"id\";i:99;s:11:\"category_id\";i:9;s:4:\"name\";s:38:\"SHORT NECKLACE WITH EAR RINGS  & TIKKA\";s:4:\"slug\";s:35:\"short-necklace-with-ear-rings-tikka\";s:4:\"tags\";N;s:7:\"barcode\";s:18:\"BC-20251112-200558\";s:5:\"price\";s:7:\"4890.00\";s:3:\"mrp\";s:7:\"4890.00\";s:13:\"opening_stock\";i:4;s:13:\"current_stock\";i:4;s:7:\"unit_id\";i:1;s:6:\"tax_id\";N;s:17:\"tax_rate_snapshot\";N;s:10:\"short_desc\";s:0:\"\";s:9:\"long_desc\";s:0:\"\";s:10:\"image_path\";s:68:\"products/6914be7353fee_47KKbOS6Ndp9GhTr4ROyxP95xiI6Mya62VudtV77.jpeg\";s:9:\"is_active\";i:1;s:11:\"is_featured\";i:0;s:13:\"is_prebooking\";i:0;s:10:\"created_at\";s:19:\"2025-11-12 14:38:06\";s:10:\"updated_at\";s:19:\"2025-11-12 17:25:58\";}s:11:\"\0*\0original\";a:21:{s:2:\"id\";i:99;s:11:\"category_id\";i:9;s:4:\"name\";s:38:\"SHORT NECKLACE WITH EAR RINGS  & TIKKA\";s:4:\"slug\";s:35:\"short-necklace-with-ear-rings-tikka\";s:4:\"tags\";N;s:7:\"barcode\";s:18:\"BC-20251112-200558\";s:5:\"price\";s:7:\"4890.00\";s:3:\"mrp\";s:7:\"4890.00\";s:13:\"opening_stock\";i:4;s:13:\"current_stock\";i:4;s:7:\"unit_id\";i:1;s:6:\"tax_id\";N;s:17:\"tax_rate_snapshot\";N;s:10:\"short_desc\";s:0:\"\";s:9:\"long_desc\";s:0:\"\";s:10:\"image_path\";s:68:\"products/6914be7353fee_47KKbOS6Ndp9GhTr4ROyxP95xiI6Mya62VudtV77.jpeg\";s:9:\"is_active\";i:1;s:11:\"is_featured\";i:0;s:13:\"is_prebooking\";i:0;s:10:\"created_at\";s:19:\"2025-11-12 14:38:06\";s:10:\"updated_at\";s:19:\"2025-11-12 17:25:58\";}s:10:\"\0*\0changes\";a:0:{}s:11:\"\0*\0previous\";a:0:{}s:8:\"\0*\0casts\";a:8:{s:5:\"price\";s:9:\"decimal:2\";s:3:\"mrp\";s:9:\"decimal:2\";s:17:\"tax_rate_snapshot\";s:9:\"decimal:2\";s:13:\"opening_stock\";s:7:\"integer\";s:13:\"current_stock\";s:7:\"integer\";s:9:\"is_active\";s:7:\"boolean\";s:11:\"is_featured\";s:7:\"boolean\";s:13:\"is_prebooking\";s:7:\"boolean\";}s:17:\"\0*\0classCastCache\";a:0:{}s:21:\"\0*\0attributeCastCache\";a:0:{}s:13:\"\0*\0dateFormat\";N;s:10:\"\0*\0appends\";a:0:{}s:19:\"\0*\0dispatchesEvents\";a:0:{}s:14:\"\0*\0observables\";a:0:{}s:12:\"\0*\0relations\";a:1:{s:8:\"category\";O:19:\"App\\Models\\Category\":33:{s:13:\"\0*\0connection\";s:5:\"mysql\";s:8:\"\0*\0table\";s:10:\"categories\";s:13:\"\0*\0primaryKey\";s:2:\"id\";s:10:\"\0*\0keyType\";s:3:\"int\";s:12:\"incrementing\";b:1;s:7:\"\0*\0with\";a:0:{}s:12:\"\0*\0withCount\";a:0:{}s:19:\"preventsLazyLoading\";b:0;s:10:\"\0*\0perPage\";i:15;s:6:\"exists\";b:1;s:18:\"wasRecentlyCreated\";b:0;s:28:\"\0*\0escapeWhenCastingToString\";b:0;s:13:\"\0*\0attributes\";a:9:{s:2:\"id\";i:9;s:9:\"parent_id\";i:1;s:4:\"name\";s:15:\"Short necklaces\";s:4:\"slug\";s:15:\"short-necklaces\";s:10:\"image_path\";N;s:9:\"is_active\";i:1;s:10:\"sort_order\";i:1;s:10:\"created_at\";s:19:\"2025-11-12 14:25:00\";s:10:\"updated_at\";s:19:\"2025-11-12 14:25:00\";}s:11:\"\0*\0original\";a:9:{s:2:\"id\";i:9;s:9:\"parent_id\";i:1;s:4:\"name\";s:15:\"Short necklaces\";s:4:\"slug\";s:15:\"short-necklaces\";s:10:\"image_path\";N;s:9:\"is_active\";i:1;s:10:\"sort_order\";i:1;s:10:\"created_at\";s:19:\"2025-11-12 14:25:00\";s:10:\"updated_at\";s:19:\"2025-11-12 14:25:00\";}s:10:\"\0*\0changes\";a:0:{}s:11:\"\0*\0previous\";a:0:{}s:8:\"\0*\0casts\";a:2:{s:9:\"is_active\";s:7:\"boolean\";s:10:\"sort_order\";s:7:\"integer\";}s:17:\"\0*\0classCastCache\";a:0:{}s:21:\"\0*\0attributeCastCache\";a:0:{}s:13:\"\0*\0dateFormat\";N;s:10:\"\0*\0appends\";a:0:{}s:19:\"\0*\0dispatchesEvents\";a:0:{}s:14:\"\0*\0observables\";a:0:{}s:12:\"\0*\0relations\";a:0:{}s:10:\"\0*\0touches\";a:0:{}s:27:\"\0*\0relationAutoloadCallback\";N;s:26:\"\0*\0relationAutoloadContext\";N;s:10:\"timestamps\";b:1;s:13:\"usesUniqueIds\";b:0;s:9:\"\0*\0hidden\";a:0:{}s:10:\"\0*\0visible\";a:0:{}s:11:\"\0*\0fillable\";a:6:{i:0;s:9:\"parent_id\";i:1;s:4:\"name\";i:2;s:4:\"slug\";i:3;s:10:\"image_path\";i:4;s:9:\"is_active\";i:5;s:10:\"sort_order\";}s:10:\"\0*\0guarded\";a:1:{i:0;s:1:\"*\";}}}s:10:\"\0*\0touches\";a:0:{}s:27:\"\0*\0relationAutoloadCallback\";N;s:26:\"\0*\0relationAutoloadContext\";N;s:10:\"timestamps\";b:1;s:13:\"usesUniqueIds\";b:0;s:9:\"\0*\0hidden\";a:0:{}s:10:\"\0*\0visible\";a:0:{}s:11:\"\0*\0fillable\";a:18:{i:0;s:11:\"category_id\";i:1;s:7:\"unit_id\";i:2;s:6:\"tax_id\";i:3;s:17:\"tax_rate_snapshot\";i:4;s:4:\"name\";i:5;s:4:\"slug\";i:6;s:4:\"tags\";i:7;s:7:\"barcode\";i:8;s:5:\"price\";i:9;s:3:\"mrp\";i:10;s:13:\"opening_stock\";i:11;s:13:\"current_stock\";i:12;s:10:\"short_desc\";i:13;s:9:\"long_desc\";i:14;s:10:\"image_path\";i:15;s:9:\"is_active\";i:16;s:11:\"is_featured\";i:17;s:13:\"is_prebooking\";}s:10:\"\0*\0guarded\";a:1:{i:0;s:1:\"*\";}}i:7;O:18:\"App\\Models\\Product\":33:{s:13:\"\0*\0connection\";s:5:\"mysql\";s:8:\"\0*\0table\";s:8:\"products\";s:13:\"\0*\0primaryKey\";s:2:\"id\";s:10:\"\0*\0keyType\";s:3:\"int\";s:12:\"incrementing\";b:1;s:7:\"\0*\0with\";a:0:{}s:12:\"\0*\0withCount\";a:0:{}s:19:\"preventsLazyLoading\";b:0;s:10:\"\0*\0perPage\";i:15;s:6:\"exists\";b:1;s:18:\"wasRecentlyCreated\";b:0;s:28:\"\0*\0escapeWhenCastingToString\";b:0;s:13:\"\0*\0attributes\";a:21:{s:2:\"id\";i:98;s:11:\"category_id\";i:22;s:4:\"name\";s:9:\"BRACELETS\";s:4:\"slug\";s:9:\"bracelets\";s:4:\"tags\";N;s:7:\"barcode\";s:18:\"BC-20251112-580085\";s:5:\"price\";s:6:\"295.00\";s:3:\"mrp\";s:6:\"295.00\";s:13:\"opening_stock\";i:50;s:13:\"current_stock\";i:50;s:7:\"unit_id\";i:2;s:6:\"tax_id\";N;s:17:\"tax_rate_snapshot\";N;s:10:\"short_desc\";s:0:\"\";s:9:\"long_desc\";s:0:\"\";s:10:\"image_path\";s:68:\"products/6914be7b2ff74_BF3lKcp2KHPGbVR7pLPvkdVaPbzEMEsoQrjEwdmX.jpeg\";s:9:\"is_active\";i:1;s:11:\"is_featured\";i:0;s:13:\"is_prebooking\";i:0;s:10:\"created_at\";s:19:\"2025-11-12 14:38:06\";s:10:\"updated_at\";s:19:\"2025-11-12 17:06:03\";}s:11:\"\0*\0original\";a:21:{s:2:\"id\";i:98;s:11:\"category_id\";i:22;s:4:\"name\";s:9:\"BRACELETS\";s:4:\"slug\";s:9:\"bracelets\";s:4:\"tags\";N;s:7:\"barcode\";s:18:\"BC-20251112-580085\";s:5:\"price\";s:6:\"295.00\";s:3:\"mrp\";s:6:\"295.00\";s:13:\"opening_stock\";i:50;s:13:\"current_stock\";i:50;s:7:\"unit_id\";i:2;s:6:\"tax_id\";N;s:17:\"tax_rate_snapshot\";N;s:10:\"short_desc\";s:0:\"\";s:9:\"long_desc\";s:0:\"\";s:10:\"image_path\";s:68:\"products/6914be7b2ff74_BF3lKcp2KHPGbVR7pLPvkdVaPbzEMEsoQrjEwdmX.jpeg\";s:9:\"is_active\";i:1;s:11:\"is_featured\";i:0;s:13:\"is_prebooking\";i:0;s:10:\"created_at\";s:19:\"2025-11-12 14:38:06\";s:10:\"updated_at\";s:19:\"2025-11-12 17:06:03\";}s:10:\"\0*\0changes\";a:0:{}s:11:\"\0*\0previous\";a:0:{}s:8:\"\0*\0casts\";a:8:{s:5:\"price\";s:9:\"decimal:2\";s:3:\"mrp\";s:9:\"decimal:2\";s:17:\"tax_rate_snapshot\";s:9:\"decimal:2\";s:13:\"opening_stock\";s:7:\"integer\";s:13:\"current_stock\";s:7:\"integer\";s:9:\"is_active\";s:7:\"boolean\";s:11:\"is_featured\";s:7:\"boolean\";s:13:\"is_prebooking\";s:7:\"boolean\";}s:17:\"\0*\0classCastCache\";a:0:{}s:21:\"\0*\0attributeCastCache\";a:0:{}s:13:\"\0*\0dateFormat\";N;s:10:\"\0*\0appends\";a:0:{}s:19:\"\0*\0dispatchesEvents\";a:0:{}s:14:\"\0*\0observables\";a:0:{}s:12:\"\0*\0relations\";a:1:{s:8:\"category\";O:19:\"App\\Models\\Category\":33:{s:13:\"\0*\0connection\";s:5:\"mysql\";s:8:\"\0*\0table\";s:10:\"categories\";s:13:\"\0*\0primaryKey\";s:2:\"id\";s:10:\"\0*\0keyType\";s:3:\"int\";s:12:\"incrementing\";b:1;s:7:\"\0*\0with\";a:0:{}s:12:\"\0*\0withCount\";a:0:{}s:19:\"preventsLazyLoading\";b:0;s:10:\"\0*\0perPage\";i:15;s:6:\"exists\";b:1;s:18:\"wasRecentlyCreated\";b:0;s:28:\"\0*\0escapeWhenCastingToString\";b:0;s:13:\"\0*\0attributes\";a:9:{s:2:\"id\";i:22;s:9:\"parent_id\";i:1;s:4:\"name\";s:9:\"Bracelets\";s:4:\"slug\";s:9:\"bracelets\";s:10:\"image_path\";N;s:9:\"is_active\";i:1;s:10:\"sort_order\";i:1;s:10:\"created_at\";s:19:\"2025-11-12 14:37:17\";s:10:\"updated_at\";s:19:\"2025-11-12 14:37:17\";}s:11:\"\0*\0original\";a:9:{s:2:\"id\";i:22;s:9:\"parent_id\";i:1;s:4:\"name\";s:9:\"Bracelets\";s:4:\"slug\";s:9:\"bracelets\";s:10:\"image_path\";N;s:9:\"is_active\";i:1;s:10:\"sort_order\";i:1;s:10:\"created_at\";s:19:\"2025-11-12 14:37:17\";s:10:\"updated_at\";s:19:\"2025-11-12 14:37:17\";}s:10:\"\0*\0changes\";a:0:{}s:11:\"\0*\0previous\";a:0:{}s:8:\"\0*\0casts\";a:2:{s:9:\"is_active\";s:7:\"boolean\";s:10:\"sort_order\";s:7:\"integer\";}s:17:\"\0*\0classCastCache\";a:0:{}s:21:\"\0*\0attributeCastCache\";a:0:{}s:13:\"\0*\0dateFormat\";N;s:10:\"\0*\0appends\";a:0:{}s:19:\"\0*\0dispatchesEvents\";a:0:{}s:14:\"\0*\0observables\";a:0:{}s:12:\"\0*\0relations\";a:0:{}s:10:\"\0*\0touches\";a:0:{}s:27:\"\0*\0relationAutoloadCallback\";N;s:26:\"\0*\0relationAutoloadContext\";N;s:10:\"timestamps\";b:1;s:13:\"usesUniqueIds\";b:0;s:9:\"\0*\0hidden\";a:0:{}s:10:\"\0*\0visible\";a:0:{}s:11:\"\0*\0fillable\";a:6:{i:0;s:9:\"parent_id\";i:1;s:4:\"name\";i:2;s:4:\"slug\";i:3;s:10:\"image_path\";i:4;s:9:\"is_active\";i:5;s:10:\"sort_order\";}s:10:\"\0*\0guarded\";a:1:{i:0;s:1:\"*\";}}}s:10:\"\0*\0touches\";a:0:{}s:27:\"\0*\0relationAutoloadCallback\";N;s:26:\"\0*\0relationAutoloadContext\";N;s:10:\"timestamps\";b:1;s:13:\"usesUniqueIds\";b:0;s:9:\"\0*\0hidden\";a:0:{}s:10:\"\0*\0visible\";a:0:{}s:11:\"\0*\0fillable\";a:18:{i:0;s:11:\"category_id\";i:1;s:7:\"unit_id\";i:2;s:6:\"tax_id\";i:3;s:17:\"tax_rate_snapshot\";i:4;s:4:\"name\";i:5;s:4:\"slug\";i:6;s:4:\"tags\";i:7;s:7:\"barcode\";i:8;s:5:\"price\";i:9;s:3:\"mrp\";i:10;s:13:\"opening_stock\";i:11;s:13:\"current_stock\";i:12;s:10:\"short_desc\";i:13;s:9:\"long_desc\";i:14;s:10:\"image_path\";i:15;s:9:\"is_active\";i:16;s:11:\"is_featured\";i:17;s:13:\"is_prebooking\";}s:10:\"\0*\0guarded\";a:1:{i:0;s:1:\"*\";}}}s:28:\"\0*\0escapeWhenCastingToString\";b:0;}', 1763992822),
('homepage.on_sale', 'O:39:\"Illuminate\\Database\\Eloquent\\Collection\":2:{s:8:\"\0*\0items\";a:1:{i:0;O:18:\"App\\Models\\Product\":33:{s:13:\"\0*\0connection\";s:5:\"mysql\";s:8:\"\0*\0table\";s:8:\"products\";s:13:\"\0*\0primaryKey\";s:2:\"id\";s:10:\"\0*\0keyType\";s:3:\"int\";s:12:\"incrementing\";b:1;s:7:\"\0*\0with\";a:0:{}s:12:\"\0*\0withCount\";a:0:{}s:19:\"preventsLazyLoading\";b:0;s:10:\"\0*\0perPage\";i:15;s:6:\"exists\";b:1;s:18:\"wasRecentlyCreated\";b:0;s:28:\"\0*\0escapeWhenCastingToString\";b:0;s:13:\"\0*\0attributes\";a:21:{s:2:\"id\";i:106;s:11:\"category_id\";i:39;s:4:\"name\";s:15:\"Rings for women\";s:4:\"slug\";s:7:\"rings-1\";s:4:\"tags\";N;s:7:\"barcode\";s:18:\"BC-20251113-063361\";s:5:\"price\";s:6:\"999.00\";s:3:\"mrp\";s:7:\"1999.00\";s:13:\"opening_stock\";i:0;s:13:\"current_stock\";i:100;s:7:\"unit_id\";i:2;s:6:\"tax_id\";N;s:17:\"tax_rate_snapshot\";N;s:10:\"short_desc\";s:5:\"Rings\";s:9:\"long_desc\";s:5:\"Rings\";s:10:\"image_path\";s:53:\"products/Hx3XesZ3eBclc1dQLWvqvzNWCQOR1is7lxkWCHnc.jpg\";s:9:\"is_active\";i:1;s:11:\"is_featured\";i:1;s:13:\"is_prebooking\";i:1;s:10:\"created_at\";s:19:\"2025-11-13 01:48:30\";s:10:\"updated_at\";s:19:\"2025-11-21 11:19:35\";}s:11:\"\0*\0original\";a:21:{s:2:\"id\";i:106;s:11:\"category_id\";i:39;s:4:\"name\";s:15:\"Rings for women\";s:4:\"slug\";s:7:\"rings-1\";s:4:\"tags\";N;s:7:\"barcode\";s:18:\"BC-20251113-063361\";s:5:\"price\";s:6:\"999.00\";s:3:\"mrp\";s:7:\"1999.00\";s:13:\"opening_stock\";i:0;s:13:\"current_stock\";i:100;s:7:\"unit_id\";i:2;s:6:\"tax_id\";N;s:17:\"tax_rate_snapshot\";N;s:10:\"short_desc\";s:5:\"Rings\";s:9:\"long_desc\";s:5:\"Rings\";s:10:\"image_path\";s:53:\"products/Hx3XesZ3eBclc1dQLWvqvzNWCQOR1is7lxkWCHnc.jpg\";s:9:\"is_active\";i:1;s:11:\"is_featured\";i:1;s:13:\"is_prebooking\";i:1;s:10:\"created_at\";s:19:\"2025-11-13 01:48:30\";s:10:\"updated_at\";s:19:\"2025-11-21 11:19:35\";}s:10:\"\0*\0changes\";a:0:{}s:11:\"\0*\0previous\";a:0:{}s:8:\"\0*\0casts\";a:8:{s:5:\"price\";s:9:\"decimal:2\";s:3:\"mrp\";s:9:\"decimal:2\";s:17:\"tax_rate_snapshot\";s:9:\"decimal:2\";s:13:\"opening_stock\";s:7:\"integer\";s:13:\"current_stock\";s:7:\"integer\";s:9:\"is_active\";s:7:\"boolean\";s:11:\"is_featured\";s:7:\"boolean\";s:13:\"is_prebooking\";s:7:\"boolean\";}s:17:\"\0*\0classCastCache\";a:0:{}s:21:\"\0*\0attributeCastCache\";a:0:{}s:13:\"\0*\0dateFormat\";N;s:10:\"\0*\0appends\";a:0:{}s:19:\"\0*\0dispatchesEvents\";a:0:{}s:14:\"\0*\0observables\";a:0:{}s:12:\"\0*\0relations\";a:1:{s:8:\"category\";O:19:\"App\\Models\\Category\":33:{s:13:\"\0*\0connection\";s:5:\"mysql\";s:8:\"\0*\0table\";s:10:\"categories\";s:13:\"\0*\0primaryKey\";s:2:\"id\";s:10:\"\0*\0keyType\";s:3:\"int\";s:12:\"incrementing\";b:1;s:7:\"\0*\0with\";a:0:{}s:12:\"\0*\0withCount\";a:0:{}s:19:\"preventsLazyLoading\";b:0;s:10:\"\0*\0perPage\";i:15;s:6:\"exists\";b:1;s:18:\"wasRecentlyCreated\";b:0;s:28:\"\0*\0escapeWhenCastingToString\";b:0;s:13:\"\0*\0attributes\";a:9:{s:2:\"id\";i:39;s:9:\"parent_id\";i:1;s:4:\"name\";s:5:\"Rings\";s:4:\"slug\";s:5:\"rings\";s:10:\"image_path\";N;s:9:\"is_active\";i:1;s:10:\"sort_order\";i:1;s:10:\"created_at\";s:19:\"2025-11-12 14:37:18\";s:10:\"updated_at\";s:19:\"2025-11-12 14:37:18\";}s:11:\"\0*\0original\";a:9:{s:2:\"id\";i:39;s:9:\"parent_id\";i:1;s:4:\"name\";s:5:\"Rings\";s:4:\"slug\";s:5:\"rings\";s:10:\"image_path\";N;s:9:\"is_active\";i:1;s:10:\"sort_order\";i:1;s:10:\"created_at\";s:19:\"2025-11-12 14:37:18\";s:10:\"updated_at\";s:19:\"2025-11-12 14:37:18\";}s:10:\"\0*\0changes\";a:0:{}s:11:\"\0*\0previous\";a:0:{}s:8:\"\0*\0casts\";a:2:{s:9:\"is_active\";s:7:\"boolean\";s:10:\"sort_order\";s:7:\"integer\";}s:17:\"\0*\0classCastCache\";a:0:{}s:21:\"\0*\0attributeCastCache\";a:0:{}s:13:\"\0*\0dateFormat\";N;s:10:\"\0*\0appends\";a:0:{}s:19:\"\0*\0dispatchesEvents\";a:0:{}s:14:\"\0*\0observables\";a:0:{}s:12:\"\0*\0relations\";a:0:{}s:10:\"\0*\0touches\";a:0:{}s:27:\"\0*\0relationAutoloadCallback\";N;s:26:\"\0*\0relationAutoloadContext\";N;s:10:\"timestamps\";b:1;s:13:\"usesUniqueIds\";b:0;s:9:\"\0*\0hidden\";a:0:{}s:10:\"\0*\0visible\";a:0:{}s:11:\"\0*\0fillable\";a:6:{i:0;s:9:\"parent_id\";i:1;s:4:\"name\";i:2;s:4:\"slug\";i:3;s:10:\"image_path\";i:4;s:9:\"is_active\";i:5;s:10:\"sort_order\";}s:10:\"\0*\0guarded\";a:1:{i:0;s:1:\"*\";}}}s:10:\"\0*\0touches\";a:0:{}s:27:\"\0*\0relationAutoloadCallback\";N;s:26:\"\0*\0relationAutoloadContext\";N;s:10:\"timestamps\";b:1;s:13:\"usesUniqueIds\";b:0;s:9:\"\0*\0hidden\";a:0:{}s:10:\"\0*\0visible\";a:0:{}s:11:\"\0*\0fillable\";a:18:{i:0;s:11:\"category_id\";i:1;s:7:\"unit_id\";i:2;s:6:\"tax_id\";i:3;s:17:\"tax_rate_snapshot\";i:4;s:4:\"name\";i:5;s:4:\"slug\";i:6;s:4:\"tags\";i:7;s:7:\"barcode\";i:8;s:5:\"price\";i:9;s:3:\"mrp\";i:10;s:13:\"opening_stock\";i:11;s:13:\"current_stock\";i:12;s:10:\"short_desc\";i:13;s:9:\"long_desc\";i:14;s:10:\"image_path\";i:15;s:9:\"is_active\";i:16;s:11:\"is_featured\";i:17;s:13:\"is_prebooking\";}s:10:\"\0*\0guarded\";a:1:{i:0;s:1:\"*\";}}}s:28:\"\0*\0escapeWhenCastingToString\";b:0;}', 1763992822);
INSERT INTO `cache` (`key`, `value`, `expiration`) VALUES
('homepage.category_wise_products', 'a:1:{i:4;a:3:{s:8:\"category\";O:19:\"App\\Models\\Category\":33:{s:13:\"\0*\0connection\";s:5:\"mysql\";s:8:\"\0*\0table\";s:10:\"categories\";s:13:\"\0*\0primaryKey\";s:2:\"id\";s:10:\"\0*\0keyType\";s:3:\"int\";s:12:\"incrementing\";b:1;s:7:\"\0*\0with\";a:0:{}s:12:\"\0*\0withCount\";a:0:{}s:19:\"preventsLazyLoading\";b:0;s:10:\"\0*\0perPage\";i:15;s:6:\"exists\";b:1;s:18:\"wasRecentlyCreated\";b:0;s:28:\"\0*\0escapeWhenCastingToString\";b:0;s:13:\"\0*\0attributes\";a:9:{s:2:\"id\";i:4;s:9:\"parent_id\";N;s:4:\"name\";s:7:\"Bangles\";s:4:\"slug\";s:7:\"bangles\";s:10:\"image_path\";s:55:\"categories/9jjlHvvwQ5LdhrFiha2Yfx0XSVHViKHthtSUAaAJ.jpg\";s:9:\"is_active\";i:1;s:10:\"sort_order\";i:0;s:10:\"created_at\";s:19:\"2025-11-12 14:24:59\";s:10:\"updated_at\";s:19:\"2025-11-12 17:58:15\";}s:11:\"\0*\0original\";a:9:{s:2:\"id\";i:4;s:9:\"parent_id\";N;s:4:\"name\";s:7:\"Bangles\";s:4:\"slug\";s:7:\"bangles\";s:10:\"image_path\";s:55:\"categories/9jjlHvvwQ5LdhrFiha2Yfx0XSVHViKHthtSUAaAJ.jpg\";s:9:\"is_active\";i:1;s:10:\"sort_order\";i:0;s:10:\"created_at\";s:19:\"2025-11-12 14:24:59\";s:10:\"updated_at\";s:19:\"2025-11-12 17:58:15\";}s:10:\"\0*\0changes\";a:0:{}s:11:\"\0*\0previous\";a:0:{}s:8:\"\0*\0casts\";a:2:{s:9:\"is_active\";s:7:\"boolean\";s:10:\"sort_order\";s:7:\"integer\";}s:17:\"\0*\0classCastCache\";a:0:{}s:21:\"\0*\0attributeCastCache\";a:0:{}s:13:\"\0*\0dateFormat\";N;s:10:\"\0*\0appends\";a:0:{}s:19:\"\0*\0dispatchesEvents\";a:0:{}s:14:\"\0*\0observables\";a:0:{}s:12:\"\0*\0relations\";a:0:{}s:10:\"\0*\0touches\";a:0:{}s:27:\"\0*\0relationAutoloadCallback\";N;s:26:\"\0*\0relationAutoloadContext\";N;s:10:\"timestamps\";b:1;s:13:\"usesUniqueIds\";b:0;s:9:\"\0*\0hidden\";a:0:{}s:10:\"\0*\0visible\";a:0:{}s:11:\"\0*\0fillable\";a:6:{i:0;s:9:\"parent_id\";i:1;s:4:\"name\";i:2;s:4:\"slug\";i:3;s:10:\"image_path\";i:4;s:9:\"is_active\";i:5;s:10:\"sort_order\";}s:10:\"\0*\0guarded\";a:1:{i:0;s:1:\"*\";}}s:8:\"products\";O:29:\"Illuminate\\Support\\Collection\":2:{s:8:\"\0*\0items\";a:3:{i:0;O:18:\"App\\Models\\Product\":33:{s:13:\"\0*\0connection\";s:5:\"mysql\";s:8:\"\0*\0table\";s:8:\"products\";s:13:\"\0*\0primaryKey\";s:2:\"id\";s:10:\"\0*\0keyType\";s:3:\"int\";s:12:\"incrementing\";b:1;s:7:\"\0*\0with\";a:0:{}s:12:\"\0*\0withCount\";a:0:{}s:19:\"preventsLazyLoading\";b:0;s:10:\"\0*\0perPage\";i:15;s:6:\"exists\";b:1;s:18:\"wasRecentlyCreated\";b:0;s:28:\"\0*\0escapeWhenCastingToString\";b:0;s:13:\"\0*\0attributes\";a:21:{s:2:\"id\";i:79;s:11:\"category_id\";i:4;s:4:\"name\";s:13:\"MICRO BANGLES\";s:4:\"slug\";s:13:\"micro-bangles\";s:4:\"tags\";s:6:\"SKT394\";s:7:\"barcode\";s:18:\"BC-20251112-542779\";s:5:\"price\";s:6:\"795.00\";s:3:\"mrp\";s:6:\"795.00\";s:13:\"opening_stock\";i:3;s:13:\"current_stock\";i:3;s:7:\"unit_id\";i:3;s:6:\"tax_id\";N;s:17:\"tax_rate_snapshot\";N;s:10:\"short_desc\";s:0:\"\";s:9:\"long_desc\";s:0:\"\";s:10:\"image_path\";s:68:\"products/6914be6678e97_I9ujuXXr8iIvADOWSqb9HtuSiiMH3CI0LHtXjwlJ.jpeg\";s:9:\"is_active\";i:1;s:11:\"is_featured\";i:0;s:13:\"is_prebooking\";i:0;s:10:\"created_at\";s:19:\"2025-11-12 14:37:57\";s:10:\"updated_at\";s:19:\"2025-11-12 17:05:42\";}s:11:\"\0*\0original\";a:21:{s:2:\"id\";i:79;s:11:\"category_id\";i:4;s:4:\"name\";s:13:\"MICRO BANGLES\";s:4:\"slug\";s:13:\"micro-bangles\";s:4:\"tags\";s:6:\"SKT394\";s:7:\"barcode\";s:18:\"BC-20251112-542779\";s:5:\"price\";s:6:\"795.00\";s:3:\"mrp\";s:6:\"795.00\";s:13:\"opening_stock\";i:3;s:13:\"current_stock\";i:3;s:7:\"unit_id\";i:3;s:6:\"tax_id\";N;s:17:\"tax_rate_snapshot\";N;s:10:\"short_desc\";s:0:\"\";s:9:\"long_desc\";s:0:\"\";s:10:\"image_path\";s:68:\"products/6914be6678e97_I9ujuXXr8iIvADOWSqb9HtuSiiMH3CI0LHtXjwlJ.jpeg\";s:9:\"is_active\";i:1;s:11:\"is_featured\";i:0;s:13:\"is_prebooking\";i:0;s:10:\"created_at\";s:19:\"2025-11-12 14:37:57\";s:10:\"updated_at\";s:19:\"2025-11-12 17:05:42\";}s:10:\"\0*\0changes\";a:0:{}s:11:\"\0*\0previous\";a:0:{}s:8:\"\0*\0casts\";a:8:{s:5:\"price\";s:9:\"decimal:2\";s:3:\"mrp\";s:9:\"decimal:2\";s:17:\"tax_rate_snapshot\";s:9:\"decimal:2\";s:13:\"opening_stock\";s:7:\"integer\";s:13:\"current_stock\";s:7:\"integer\";s:9:\"is_active\";s:7:\"boolean\";s:11:\"is_featured\";s:7:\"boolean\";s:13:\"is_prebooking\";s:7:\"boolean\";}s:17:\"\0*\0classCastCache\";a:0:{}s:21:\"\0*\0attributeCastCache\";a:0:{}s:13:\"\0*\0dateFormat\";N;s:10:\"\0*\0appends\";a:0:{}s:19:\"\0*\0dispatchesEvents\";a:0:{}s:14:\"\0*\0observables\";a:0:{}s:12:\"\0*\0relations\";a:1:{s:8:\"category\";O:19:\"App\\Models\\Category\":33:{s:13:\"\0*\0connection\";s:5:\"mysql\";s:8:\"\0*\0table\";s:10:\"categories\";s:13:\"\0*\0primaryKey\";s:2:\"id\";s:10:\"\0*\0keyType\";s:3:\"int\";s:12:\"incrementing\";b:1;s:7:\"\0*\0with\";a:0:{}s:12:\"\0*\0withCount\";a:0:{}s:19:\"preventsLazyLoading\";b:0;s:10:\"\0*\0perPage\";i:15;s:6:\"exists\";b:1;s:18:\"wasRecentlyCreated\";b:0;s:28:\"\0*\0escapeWhenCastingToString\";b:0;s:13:\"\0*\0attributes\";a:9:{s:2:\"id\";i:4;s:9:\"parent_id\";N;s:4:\"name\";s:7:\"Bangles\";s:4:\"slug\";s:7:\"bangles\";s:10:\"image_path\";s:55:\"categories/9jjlHvvwQ5LdhrFiha2Yfx0XSVHViKHthtSUAaAJ.jpg\";s:9:\"is_active\";i:1;s:10:\"sort_order\";i:0;s:10:\"created_at\";s:19:\"2025-11-12 14:24:59\";s:10:\"updated_at\";s:19:\"2025-11-12 17:58:15\";}s:11:\"\0*\0original\";a:9:{s:2:\"id\";i:4;s:9:\"parent_id\";N;s:4:\"name\";s:7:\"Bangles\";s:4:\"slug\";s:7:\"bangles\";s:10:\"image_path\";s:55:\"categories/9jjlHvvwQ5LdhrFiha2Yfx0XSVHViKHthtSUAaAJ.jpg\";s:9:\"is_active\";i:1;s:10:\"sort_order\";i:0;s:10:\"created_at\";s:19:\"2025-11-12 14:24:59\";s:10:\"updated_at\";s:19:\"2025-11-12 17:58:15\";}s:10:\"\0*\0changes\";a:0:{}s:11:\"\0*\0previous\";a:0:{}s:8:\"\0*\0casts\";a:2:{s:9:\"is_active\";s:7:\"boolean\";s:10:\"sort_order\";s:7:\"integer\";}s:17:\"\0*\0classCastCache\";a:0:{}s:21:\"\0*\0attributeCastCache\";a:0:{}s:13:\"\0*\0dateFormat\";N;s:10:\"\0*\0appends\";a:0:{}s:19:\"\0*\0dispatchesEvents\";a:0:{}s:14:\"\0*\0observables\";a:0:{}s:12:\"\0*\0relations\";a:0:{}s:10:\"\0*\0touches\";a:0:{}s:27:\"\0*\0relationAutoloadCallback\";N;s:26:\"\0*\0relationAutoloadContext\";N;s:10:\"timestamps\";b:1;s:13:\"usesUniqueIds\";b:0;s:9:\"\0*\0hidden\";a:0:{}s:10:\"\0*\0visible\";a:0:{}s:11:\"\0*\0fillable\";a:6:{i:0;s:9:\"parent_id\";i:1;s:4:\"name\";i:2;s:4:\"slug\";i:3;s:10:\"image_path\";i:4;s:9:\"is_active\";i:5;s:10:\"sort_order\";}s:10:\"\0*\0guarded\";a:1:{i:0;s:1:\"*\";}}}s:10:\"\0*\0touches\";a:0:{}s:27:\"\0*\0relationAutoloadCallback\";N;s:26:\"\0*\0relationAutoloadContext\";N;s:10:\"timestamps\";b:1;s:13:\"usesUniqueIds\";b:0;s:9:\"\0*\0hidden\";a:0:{}s:10:\"\0*\0visible\";a:0:{}s:11:\"\0*\0fillable\";a:18:{i:0;s:11:\"category_id\";i:1;s:7:\"unit_id\";i:2;s:6:\"tax_id\";i:3;s:17:\"tax_rate_snapshot\";i:4;s:4:\"name\";i:5;s:4:\"slug\";i:6;s:4:\"tags\";i:7;s:7:\"barcode\";i:8;s:5:\"price\";i:9;s:3:\"mrp\";i:10;s:13:\"opening_stock\";i:11;s:13:\"current_stock\";i:12;s:10:\"short_desc\";i:13;s:9:\"long_desc\";i:14;s:10:\"image_path\";i:15;s:9:\"is_active\";i:16;s:11:\"is_featured\";i:17;s:13:\"is_prebooking\";}s:10:\"\0*\0guarded\";a:1:{i:0;s:1:\"*\";}}i:1;O:18:\"App\\Models\\Product\":33:{s:13:\"\0*\0connection\";s:5:\"mysql\";s:8:\"\0*\0table\";s:8:\"products\";s:13:\"\0*\0primaryKey\";s:2:\"id\";s:10:\"\0*\0keyType\";s:3:\"int\";s:12:\"incrementing\";b:1;s:7:\"\0*\0with\";a:0:{}s:12:\"\0*\0withCount\";a:0:{}s:19:\"preventsLazyLoading\";b:0;s:10:\"\0*\0perPage\";i:15;s:6:\"exists\";b:1;s:18:\"wasRecentlyCreated\";b:0;s:28:\"\0*\0escapeWhenCastingToString\";b:0;s:13:\"\0*\0attributes\";a:21:{s:2:\"id\";i:81;s:11:\"category_id\";i:4;s:4:\"name\";s:19:\"MICRO PLATEDBANGLES\";s:4:\"slug\";s:19:\"micro-platedbangles\";s:4:\"tags\";s:6:\"SKT396\";s:7:\"barcode\";s:18:\"BC-20251112-551110\";s:5:\"price\";s:6:\"395.00\";s:3:\"mrp\";s:6:\"395.00\";s:13:\"opening_stock\";i:10;s:13:\"current_stock\";i:10;s:7:\"unit_id\";i:3;s:6:\"tax_id\";N;s:17:\"tax_rate_snapshot\";N;s:10:\"short_desc\";s:0:\"\";s:9:\"long_desc\";s:0:\"\";s:10:\"image_path\";s:68:\"products/6914be668a204_HJJONZ3jzkpGwDEvBCnLww2IcflVYZxcHSMtGPBy.jpeg\";s:9:\"is_active\";i:1;s:11:\"is_featured\";i:0;s:13:\"is_prebooking\";i:0;s:10:\"created_at\";s:19:\"2025-11-12 14:37:57\";s:10:\"updated_at\";s:19:\"2025-11-12 17:05:42\";}s:11:\"\0*\0original\";a:21:{s:2:\"id\";i:81;s:11:\"category_id\";i:4;s:4:\"name\";s:19:\"MICRO PLATEDBANGLES\";s:4:\"slug\";s:19:\"micro-platedbangles\";s:4:\"tags\";s:6:\"SKT396\";s:7:\"barcode\";s:18:\"BC-20251112-551110\";s:5:\"price\";s:6:\"395.00\";s:3:\"mrp\";s:6:\"395.00\";s:13:\"opening_stock\";i:10;s:13:\"current_stock\";i:10;s:7:\"unit_id\";i:3;s:6:\"tax_id\";N;s:17:\"tax_rate_snapshot\";N;s:10:\"short_desc\";s:0:\"\";s:9:\"long_desc\";s:0:\"\";s:10:\"image_path\";s:68:\"products/6914be668a204_HJJONZ3jzkpGwDEvBCnLww2IcflVYZxcHSMtGPBy.jpeg\";s:9:\"is_active\";i:1;s:11:\"is_featured\";i:0;s:13:\"is_prebooking\";i:0;s:10:\"created_at\";s:19:\"2025-11-12 14:37:57\";s:10:\"updated_at\";s:19:\"2025-11-12 17:05:42\";}s:10:\"\0*\0changes\";a:0:{}s:11:\"\0*\0previous\";a:0:{}s:8:\"\0*\0casts\";a:8:{s:5:\"price\";s:9:\"decimal:2\";s:3:\"mrp\";s:9:\"decimal:2\";s:17:\"tax_rate_snapshot\";s:9:\"decimal:2\";s:13:\"opening_stock\";s:7:\"integer\";s:13:\"current_stock\";s:7:\"integer\";s:9:\"is_active\";s:7:\"boolean\";s:11:\"is_featured\";s:7:\"boolean\";s:13:\"is_prebooking\";s:7:\"boolean\";}s:17:\"\0*\0classCastCache\";a:0:{}s:21:\"\0*\0attributeCastCache\";a:0:{}s:13:\"\0*\0dateFormat\";N;s:10:\"\0*\0appends\";a:0:{}s:19:\"\0*\0dispatchesEvents\";a:0:{}s:14:\"\0*\0observables\";a:0:{}s:12:\"\0*\0relations\";a:1:{s:8:\"category\";r:141;}s:10:\"\0*\0touches\";a:0:{}s:27:\"\0*\0relationAutoloadCallback\";N;s:26:\"\0*\0relationAutoloadContext\";N;s:10:\"timestamps\";b:1;s:13:\"usesUniqueIds\";b:0;s:9:\"\0*\0hidden\";a:0:{}s:10:\"\0*\0visible\";a:0:{}s:11:\"\0*\0fillable\";a:18:{i:0;s:11:\"category_id\";i:1;s:7:\"unit_id\";i:2;s:6:\"tax_id\";i:3;s:17:\"tax_rate_snapshot\";i:4;s:4:\"name\";i:5;s:4:\"slug\";i:6;s:4:\"tags\";i:7;s:7:\"barcode\";i:8;s:5:\"price\";i:9;s:3:\"mrp\";i:10;s:13:\"opening_stock\";i:11;s:13:\"current_stock\";i:12;s:10:\"short_desc\";i:13;s:9:\"long_desc\";i:14;s:10:\"image_path\";i:15;s:9:\"is_active\";i:16;s:11:\"is_featured\";i:17;s:13:\"is_prebooking\";}s:10:\"\0*\0guarded\";a:1:{i:0;s:1:\"*\";}}i:2;O:18:\"App\\Models\\Product\":33:{s:13:\"\0*\0connection\";s:5:\"mysql\";s:8:\"\0*\0table\";s:8:\"products\";s:13:\"\0*\0primaryKey\";s:2:\"id\";s:10:\"\0*\0keyType\";s:3:\"int\";s:12:\"incrementing\";b:1;s:7:\"\0*\0with\";a:0:{}s:12:\"\0*\0withCount\";a:0:{}s:19:\"preventsLazyLoading\";b:0;s:10:\"\0*\0perPage\";i:15;s:6:\"exists\";b:1;s:18:\"wasRecentlyCreated\";b:0;s:28:\"\0*\0escapeWhenCastingToString\";b:0;s:13:\"\0*\0attributes\";a:21:{s:2:\"id\";i:75;s:11:\"category_id\";i:4;s:4:\"name\";s:6:\"BANGES\";s:4:\"slug\";s:6:\"banges\";s:4:\"tags\";s:6:\"SKT368\";s:7:\"barcode\";s:18:\"BC-20251112-683386\";s:5:\"price\";s:7:\"1395.00\";s:3:\"mrp\";s:7:\"1395.00\";s:13:\"opening_stock\";i:0;s:13:\"current_stock\";i:140;s:7:\"unit_id\";i:3;s:6:\"tax_id\";N;s:17:\"tax_rate_snapshot\";N;s:10:\"short_desc\";s:0:\"\";s:9:\"long_desc\";s:0:\"\";s:10:\"image_path\";s:68:\"products/6914be69cd4cf_jLo0KQ5k6l2xOOddD6GtbQ2p1eBTi9Nnn1r5n7tc.jpeg\";s:9:\"is_active\";i:1;s:11:\"is_featured\";i:0;s:13:\"is_prebooking\";i:0;s:10:\"created_at\";s:19:\"2025-11-12 14:37:56\";s:10:\"updated_at\";s:19:\"2025-11-21 11:18:47\";}s:11:\"\0*\0original\";a:21:{s:2:\"id\";i:75;s:11:\"category_id\";i:4;s:4:\"name\";s:6:\"BANGES\";s:4:\"slug\";s:6:\"banges\";s:4:\"tags\";s:6:\"SKT368\";s:7:\"barcode\";s:18:\"BC-20251112-683386\";s:5:\"price\";s:7:\"1395.00\";s:3:\"mrp\";s:7:\"1395.00\";s:13:\"opening_stock\";i:0;s:13:\"current_stock\";i:140;s:7:\"unit_id\";i:3;s:6:\"tax_id\";N;s:17:\"tax_rate_snapshot\";N;s:10:\"short_desc\";s:0:\"\";s:9:\"long_desc\";s:0:\"\";s:10:\"image_path\";s:68:\"products/6914be69cd4cf_jLo0KQ5k6l2xOOddD6GtbQ2p1eBTi9Nnn1r5n7tc.jpeg\";s:9:\"is_active\";i:1;s:11:\"is_featured\";i:0;s:13:\"is_prebooking\";i:0;s:10:\"created_at\";s:19:\"2025-11-12 14:37:56\";s:10:\"updated_at\";s:19:\"2025-11-21 11:18:47\";}s:10:\"\0*\0changes\";a:0:{}s:11:\"\0*\0previous\";a:0:{}s:8:\"\0*\0casts\";a:8:{s:5:\"price\";s:9:\"decimal:2\";s:3:\"mrp\";s:9:\"decimal:2\";s:17:\"tax_rate_snapshot\";s:9:\"decimal:2\";s:13:\"opening_stock\";s:7:\"integer\";s:13:\"current_stock\";s:7:\"integer\";s:9:\"is_active\";s:7:\"boolean\";s:11:\"is_featured\";s:7:\"boolean\";s:13:\"is_prebooking\";s:7:\"boolean\";}s:17:\"\0*\0classCastCache\";a:0:{}s:21:\"\0*\0attributeCastCache\";a:0:{}s:13:\"\0*\0dateFormat\";N;s:10:\"\0*\0appends\";a:0:{}s:19:\"\0*\0dispatchesEvents\";a:0:{}s:14:\"\0*\0observables\";a:0:{}s:12:\"\0*\0relations\";a:1:{s:8:\"category\";r:141;}s:10:\"\0*\0touches\";a:0:{}s:27:\"\0*\0relationAutoloadCallback\";N;s:26:\"\0*\0relationAutoloadContext\";N;s:10:\"timestamps\";b:1;s:13:\"usesUniqueIds\";b:0;s:9:\"\0*\0hidden\";a:0:{}s:10:\"\0*\0visible\";a:0:{}s:11:\"\0*\0fillable\";a:18:{i:0;s:11:\"category_id\";i:1;s:7:\"unit_id\";i:2;s:6:\"tax_id\";i:3;s:17:\"tax_rate_snapshot\";i:4;s:4:\"name\";i:5;s:4:\"slug\";i:6;s:4:\"tags\";i:7;s:7:\"barcode\";i:8;s:5:\"price\";i:9;s:3:\"mrp\";i:10;s:13:\"opening_stock\";i:11;s:13:\"current_stock\";i:12;s:10:\"short_desc\";i:13;s:9:\"long_desc\";i:14;s:10:\"image_path\";i:15;s:9:\"is_active\";i:16;s:11:\"is_featured\";i:17;s:13:\"is_prebooking\";}s:10:\"\0*\0guarded\";a:1:{i:0;s:1:\"*\";}}}s:28:\"\0*\0escapeWhenCastingToString\";b:0;}s:7:\"hasMore\";b:0;}}', 1763992822),
('setting.site_name', 's:24:\"Sudheer KT One Gram Gold\";', 1763995822),
('setting.site_description', 's:24:\"Premium Quality Products\";', 1763995822),
('setting.site_logo', 's:53:\"settings/3m0fFygT14aSFO9xAqXNYx9wqNJOGKPxkRc6Wnx2.png\";', 1763995822),
('spatie.permission.cache', 'a:3:{s:5:\"alias\";a:4:{s:1:\"a\";s:2:\"id\";s:1:\"b\";s:4:\"name\";s:1:\"c\";s:10:\"guard_name\";s:1:\"r\";s:5:\"roles\";}s:11:\"permissions\";a:17:{i:0;a:4:{s:1:\"a\";i:1;s:1:\"b\";s:13:\"view products\";s:1:\"c\";s:3:\"web\";s:1:\"r\";a:2:{i:0;i:1;i:1;i:2;}}i:1;a:4:{s:1:\"a\";i:2;s:1:\"b\";s:15:\"create products\";s:1:\"c\";s:3:\"web\";s:1:\"r\";a:1:{i:0;i:1;}}i:2;a:4:{s:1:\"a\";i:3;s:1:\"b\";s:13:\"edit products\";s:1:\"c\";s:3:\"web\";s:1:\"r\";a:2:{i:0;i:1;i:1;i:2;}}i:3;a:4:{s:1:\"a\";i:4;s:1:\"b\";s:15:\"delete products\";s:1:\"c\";s:3:\"web\";s:1:\"r\";a:1:{i:0;i:1;}}i:4;a:4:{s:1:\"a\";i:5;s:1:\"b\";s:15:\"view categories\";s:1:\"c\";s:3:\"web\";s:1:\"r\";a:2:{i:0;i:1;i:1;i:2;}}i:5;a:4:{s:1:\"a\";i:6;s:1:\"b\";s:17:\"create categories\";s:1:\"c\";s:3:\"web\";s:1:\"r\";a:1:{i:0;i:1;}}i:6;a:4:{s:1:\"a\";i:7;s:1:\"b\";s:15:\"edit categories\";s:1:\"c\";s:3:\"web\";s:1:\"r\";a:1:{i:0;i:1;}}i:7;a:4:{s:1:\"a\";i:8;s:1:\"b\";s:17:\"delete categories\";s:1:\"c\";s:3:\"web\";s:1:\"r\";a:1:{i:0;i:1;}}i:8;a:4:{s:1:\"a\";i:9;s:1:\"b\";s:11:\"view orders\";s:1:\"c\";s:3:\"web\";s:1:\"r\";a:2:{i:0;i:1;i:1;i:2;}}i:9;a:4:{s:1:\"a\";i:10;s:1:\"b\";s:13:\"update orders\";s:1:\"c\";s:3:\"web\";s:1:\"r\";a:2:{i:0;i:1;i:1;i:2;}}i:10;a:4:{s:1:\"a\";i:11;s:1:\"b\";s:10:\"view users\";s:1:\"c\";s:3:\"web\";s:1:\"r\";a:2:{i:0;i:1;i:1;i:2;}}i:11;a:4:{s:1:\"a\";i:12;s:1:\"b\";s:10:\"edit users\";s:1:\"c\";s:3:\"web\";s:1:\"r\";a:1:{i:0;i:1;}}i:12;a:4:{s:1:\"a\";i:13;s:1:\"b\";s:10:\"view staff\";s:1:\"c\";s:3:\"web\";s:1:\"r\";a:1:{i:0;i:1;}}i:13;a:4:{s:1:\"a\";i:14;s:1:\"b\";s:12:\"view reports\";s:1:\"c\";s:3:\"web\";s:1:\"r\";a:2:{i:0;i:1;i:1;i:2;}}i:14;a:4:{s:1:\"a\";i:15;s:1:\"b\";s:14:\"manage coupons\";s:1:\"c\";s:3:\"web\";s:1:\"r\";a:1:{i:0;i:1;}}i:15;a:4:{s:1:\"a\";i:16;s:1:\"b\";s:15:\"manage shipping\";s:1:\"c\";s:3:\"web\";s:1:\"r\";a:1:{i:0;i:1;}}i:16;a:4:{s:1:\"a\";i:17;s:1:\"b\";s:10:\"pos_access\";s:1:\"c\";s:3:\"web\";s:1:\"r\";a:2:{i:0;i:1;i:1;i:2;}}}s:5:\"roles\";a:2:{i:0;a:3:{s:1:\"a\";i:1;s:1:\"b\";s:5:\"admin\";s:1:\"c\";s:3:\"web\";}i:1;a:3:{s:1:\"a\";i:2;s:1:\"b\";s:5:\"staff\";s:1:\"c\";s:3:\"web\";}}}', 1763873057),
('setting.payment_razorpay_enabled', 's:1:\"1\";', 1763790314),
('setting.payment_cod_enabled', 's:1:\"1\";', 1763790314),
('setting.payment_razorpay_key_id', 's:23:\"rzp_test_STh4nuMCZllhhB\";', 1763790314),
('setting.payment_razorpay_secret_key', 's:24:\"ZUoPiEzMd71wpN2I9jtg5opi\";', 1763790314),
('setting.payment_razorpay_webhook_secret', 's:0:\"\";', 1763790314),
('setting.sms_fast2sms_api_key', 's:80:\"L7aFsP6iVn4TmN2hXEHgtB0YpAxjzRdCcWbey5lqfwkMSIU183swLiZqCHQf7eGT6EIzXWuYbrJNSgPU\";', 1763794764),
('setting.sms_fast2sms_sender', 's:6:\"KiyoIT\";', 1763794764),
('setting.sms_fast2sms_route', 's:10:\"dlt_manual\";', 1763794764),
('setting.sms_fast2sms_entity_id', 's:19:\"1701162780716530150\";', 1763790314),
('setting.sms_fast2sms_template_id_login', 's:19:\"1707171081385586580\";', 1763794764),
('setting.site_email', 's:20:\"anjaneya@kiyocrm.com\";', 1763790318),
('setting.site_phone', 's:11:\"09966337448\";', 1763790318),
('setting.site_address', 's:47:\"Latha Residency, Prasathi Hills\r\nPragathi Nagar\";', 1763790318),
('setting.site_logo_dark', 's:53:\"settings/CeqqgOhXi1qWrnjh8Lla3xvPEGhYlxeDmA1W3XHY.png\";', 1763790321),
('setting.meta_title', 's:64:\"One Gram Gold Bangles | Latest Designs & Offers – Sudheer KT\";', 1763790321),
('setting.meta_description', 'N;', 1763790321),
('setting.meta_keywords', 's:64:\"One Gram Gold Bangles | Latest Designs & Offers – Sudheer KT\";', 1763790321),
('9e162746cbc24b2cfbca5e5cc564d050:timer', 'i:1763794150;', 1763794150),
('9e162746cbc24b2cfbca5e5cc564d050', 'i:1;', 1763794150),
('8b7dac5c6617a9900fdca4f5b7eba38d:timer', 'i:1763794172;', 1763794172),
('8b7dac5c6617a9900fdca4f5b7eba38d', 'i:1;', 1763794172),
('c7390049ab95b800125bddb2d08b9e9a:timer', 'i:1763793022;', 1763793022),
('c7390049ab95b800125bddb2d08b9e9a', 'i:2;', 1763793022);

-- --------------------------------------------------------

--
-- Table structure for table `cache_locks`
--

CREATE TABLE IF NOT EXISTS `cache_locks` (
  `key` varchar(191) COLLATE utf8mb4_unicode_ci NOT NULL,
  `owner` varchar(255) COLLATE utf8mb4_unicode_ci NOT NULL,
  `expiration` int NOT NULL,
  PRIMARY KEY (`key`)
) ENGINE=MyISAM DEFAULT CHARSET=utf8mb4 COLLATE=utf8mb4_unicode_ci;

-- --------------------------------------------------------

--
-- Table structure for table `carriers`
--

CREATE TABLE IF NOT EXISTS `carriers` (
  `id` bigint UNSIGNED NOT NULL AUTO_INCREMENT,
  `name` varchar(255) COLLATE utf8mb4_unicode_ci NOT NULL,
  `slug` varchar(191) COLLATE utf8mb4_unicode_ci NOT NULL,
  `enabled` tinyint(1) NOT NULL DEFAULT '1',
  `api_keys` text COLLATE utf8mb4_unicode_ci NOT NULL,
  `config_schema` json DEFAULT NULL,
  `created_at` timestamp NULL DEFAULT NULL,
  `updated_at` timestamp NULL DEFAULT NULL,
  PRIMARY KEY (`id`),
  UNIQUE KEY `carriers_slug_unique` (`slug`),
  KEY `carriers_slug_index` (`slug`),
  KEY `carriers_enabled_index` (`enabled`)
) ENGINE=MyISAM AUTO_INCREMENT=2 DEFAULT CHARSET=utf8mb4 COLLATE=utf8mb4_unicode_ci;

--
-- Dumping data for table `carriers`
--

INSERT INTO `carriers` (`id`, `name`, `slug`, `enabled`, `api_keys`, `config_schema`, `created_at`, `updated_at`) VALUES
(1, 'Delhivery', 'delhivery', 1, 'eyJpdiI6IjJiekx6SGFMaS9uM2Q5bGpwcFRJUnc9PSIsInZhbHVlIjoieXRxdHNWbkYwRm1hYXI4WFEvZld5RHpXLy8yK1dPYjRzUzhQMGRkdVFPWjNJV2VKVjh6SlpXVDBvdXN3UVlRTk90ZXBqNXI3OXAvRTlBQUlBS0Z0NTlHaTdHQjVnU0prMzAwUnN4MG5rRytQYlNOTkVrTDhYY0dmdUhtWXdjS2pHVFY5VWhNbDNpc0VQa045Y281UkxRPT0iLCJtYWMiOiJkZTZmMmU1NDQ0ODNlMGIzMWQ1ZGYyNDQ5ODIwZDUyMDQ5OWEyZWQ2YzkzYzMwZDc3NDAwNjk4YjA4ZDBlMDllIiwidGFnIjoiIn0=', NULL, '2025-11-21 11:17:10', '2025-11-21 11:21:47');

-- --------------------------------------------------------

--
-- Table structure for table `carts`
--

CREATE TABLE IF NOT EXISTS `carts` (
  `id` bigint UNSIGNED NOT NULL AUTO_INCREMENT,
  `user_id` bigint UNSIGNED DEFAULT NULL,
  `cookie_token` varchar(191) COLLATE utf8mb4_unicode_ci DEFAULT NULL,
  `coupon_id` bigint UNSIGNED DEFAULT NULL,
  `totals` json DEFAULT NULL,
  `created_at` timestamp NULL DEFAULT NULL,
  `updated_at` timestamp NULL DEFAULT NULL,
  PRIMARY KEY (`id`),
  KEY `carts_coupon_id_foreign` (`coupon_id`),
  KEY `carts_user_id_index` (`user_id`),
  KEY `carts_cookie_token_index` (`cookie_token`)
) ENGINE=MyISAM AUTO_INCREMENT=4 DEFAULT CHARSET=utf8mb4 COLLATE=utf8mb4_unicode_ci;

--
-- Dumping data for table `carts`
--

INSERT INTO `carts` (`id`, `user_id`, `cookie_token`, `coupon_id`, `totals`, `created_at`, `updated_at`) VALUES
(1, NULL, '1YVFa5iVF4GpzAPBgQCUFgRbWSqdx4xbqaUpBelv', NULL, '{\"total\": 695, \"discount\": 0, \"shipping\": 0, \"subtotal\": 695}', '2025-11-12 09:16:52', '2025-11-12 09:17:09'),
(2, 2, NULL, NULL, '{\"total\": 545, \"discount\": 0, \"shipping\": 50, \"subtotal\": 495}', '2025-11-12 09:17:54', '2025-11-22 00:35:07'),
(3, 1, NULL, NULL, '{\"total\": 2294, \"discount\": 0, \"shipping\": 0, \"subtotal\": 2294}', '2025-11-13 01:13:28', '2025-11-21 09:20:18');

-- --------------------------------------------------------

--
-- Table structure for table `cart_items`
--

CREATE TABLE IF NOT EXISTS `cart_items` (
  `id` bigint UNSIGNED NOT NULL AUTO_INCREMENT,
  `cart_id` bigint UNSIGNED NOT NULL,
  `product_id` bigint UNSIGNED NOT NULL,
  `qty` int NOT NULL DEFAULT '1',
  `price_at_add` decimal(10,2) NOT NULL,
  PRIMARY KEY (`id`),
  UNIQUE KEY `idx_cart_items_cart_product_unique` (`cart_id`,`product_id`),
  KEY `cart_items_cart_id_index` (`cart_id`),
  KEY `cart_items_product_id_index` (`product_id`)
) ENGINE=MyISAM AUTO_INCREMENT=7 DEFAULT CHARSET=utf8mb4 COLLATE=utf8mb4_unicode_ci;

--
-- Dumping data for table `cart_items`
--

INSERT INTO `cart_items` (`id`, `cart_id`, `product_id`, `qty`, `price_at_add`) VALUES
(1, 1, 104, 1, 695.00),
(4, 3, 106, 1, 999.00),
(5, 3, 8, 1, 1295.00),
(6, 2, 103, 1, 495.00);

-- --------------------------------------------------------

--
-- Table structure for table `categories`
--

CREATE TABLE IF NOT EXISTS `categories` (
  `id` bigint UNSIGNED NOT NULL AUTO_INCREMENT,
  `parent_id` bigint UNSIGNED DEFAULT NULL,
  `name` varchar(255) COLLATE utf8mb4_unicode_ci NOT NULL,
  `slug` varchar(191) COLLATE utf8mb4_unicode_ci NOT NULL,
  `image_path` varchar(255) COLLATE utf8mb4_unicode_ci DEFAULT NULL,
  `is_active` tinyint(1) NOT NULL DEFAULT '1',
  `sort_order` int NOT NULL DEFAULT '0',
  `created_at` timestamp NULL DEFAULT NULL,
  `updated_at` timestamp NULL DEFAULT NULL,
  PRIMARY KEY (`id`),
  UNIQUE KEY `categories_slug_unique` (`slug`),
  KEY `categories_slug_index` (`slug`),
  KEY `categories_parent_id_index` (`parent_id`),
  KEY `idx_categories_parent_active` (`parent_id`,`is_active`),
  KEY `idx_categories_active_sort` (`is_active`,`sort_order`)
) ENGINE=MyISAM AUTO_INCREMENT=55 DEFAULT CHARSET=utf8mb4 COLLATE=utf8mb4_unicode_ci;

--
-- Dumping data for table `categories`
--

INSERT INTO `categories` (`id`, `parent_id`, `name`, `slug`, `image_path`, `is_active`, `sort_order`, `created_at`, `updated_at`) VALUES
(1, NULL, 'Necklaces', 'necklaces', 'categories/4bf4nUAH9ReY2LBQ0HtsamgiHwbG1ydIsZ42OtkU.jpg', 1, 0, '2025-11-12 08:54:59', '2025-11-12 12:23:30'),
(2, NULL, 'Victorian', 'victorian', 'categories/t13tArDnu4yBZwOB6ANJRBgHFOfDHZUenDPSnDJY.jpg', 1, 0, '2025-11-12 08:54:59', '2025-11-12 12:26:46'),
(3, NULL, 'Earrings', 'earrings', 'categories/v0pViHxtDzL3SKI44hLNTlAdHkEf2OpdZjJogV1m.jpg', 1, 0, '2025-11-12 08:54:59', '2025-11-12 12:27:40'),
(4, NULL, 'Bangles', 'bangles', 'categories/9jjlHvvwQ5LdhrFiha2Yfx0XSVHViKHthtSUAaAJ.jpg', 1, 0, '2025-11-12 08:54:59', '2025-11-12 12:28:15'),
(5, NULL, 'Mangalasutras', 'mangalasutras', 'categories/eeSb8PeEz3zHfoZMZhs0YTD5MDMtx56xM8bUNkcX.jpg', 1, 0, '2025-11-12 08:54:59', '2025-11-12 12:33:04'),
(6, NULL, 'Bridal Sets', 'bridal-sets', 'categories/RFEh0H5RWcJd8qV5AS4GXlslyvQi3fd1MR4eWezA.jpg', 1, 0, '2025-11-12 08:54:59', '2025-11-12 12:33:40'),
(7, NULL, 'Accessories', 'accessories', 'categories/G2xzX69zQpKRPyPgOI5AeTL88aKh9Tg7x91Vxhu2.jpg', 1, 0, '2025-11-12 08:54:59', '2025-11-12 12:36:59'),
(8, 1, 'Chokers', 'chokers', 'categories/49MUw30EQlyPPGKSAm7NiaSG3M5DngW5dFhSz31V.jpg', 1, 1, '2025-11-12 08:55:00', '2025-11-12 12:36:07'),
(9, 1, 'Short necklaces', 'short-necklaces', NULL, 1, 1, '2025-11-12 08:55:00', '2025-11-12 08:55:00'),
(10, 1, 'Long necklaces', 'long-necklaces', NULL, 1, 1, '2025-11-12 08:55:00', '2025-11-12 08:55:00'),
(11, 1, 'Pendants', 'pendants', NULL, 1, 1, '2025-11-12 08:55:00', '2025-11-12 08:55:00'),
(12, 1, 'Layers', 'layers', NULL, 1, 1, '2025-11-12 08:55:00', '2025-11-12 08:55:00'),
(13, 1, 'Guttapoosalu', 'guttapoosalu', NULL, 1, 1, '2025-11-12 08:55:00', '2025-11-12 08:55:00'),
(14, 1, 'Chains', 'chains', NULL, 1, 1, '2025-11-12 08:55:00', '2025-11-12 08:55:00'),
(15, 1, 'Jhumkas', 'jhumkas', NULL, 1, 1, '2025-11-12 08:55:00', '2025-11-12 08:55:00'),
(16, 1, 'Hangings', 'hangings', NULL, 1, 1, '2025-11-12 08:55:00', '2025-11-12 08:55:00'),
(17, 1, 'Chandbalis', 'chandbalis', NULL, 1, 1, '2025-11-12 08:55:00', '2025-11-12 08:55:00'),
(18, 1, 'Studs & tops', 'studs-tops', NULL, 1, 1, '2025-11-12 08:55:00', '2025-11-12 08:55:00'),
(19, 1, 'Kundhan', 'kundhan', NULL, 1, 1, '2025-11-12 08:55:00', '2025-11-12 08:55:00'),
(20, 1, 'Victorian Earrings', 'victorian-earrings', NULL, 1, 1, '2025-11-12 08:55:00', '2025-11-12 08:55:00'),
(21, 1, 'GJ Earrings', 'gj-earrings', NULL, 1, 1, '2025-11-12 08:55:00', '2025-11-12 08:55:00'),
(22, 1, 'Bracelets', 'bracelets', NULL, 1, 1, '2025-11-12 09:07:17', '2025-11-12 09:07:17'),
(23, 1, 'Kadas', 'kadas', NULL, 1, 1, '2025-11-12 09:07:17', '2025-11-12 09:07:17'),
(24, 1, 'Single line  mangalasutras', 'single-line-mangalasutras', NULL, 1, 1, '2025-11-12 09:07:17', '2025-11-12 09:07:17'),
(25, 1, 'Short mangalasutras', 'short-mangalasutras', NULL, 1, 1, '2025-11-12 09:07:17', '2025-11-12 09:07:17'),
(26, 1, 'Long mangalasutras', 'long-mangalasutras', NULL, 1, 1, '2025-11-12 09:07:17', '2025-11-12 09:07:17'),
(27, 1, 'Short Nakshi', 'short-nakshi', NULL, 1, 1, '2025-11-12 09:07:17', '2025-11-12 09:07:17'),
(28, 1, 'Long Nakshi', 'long-nakshi', NULL, 1, 1, '2025-11-12 09:07:17', '2025-11-12 09:07:17'),
(29, 1, 'Short Ganga Jemuna', 'short-ganga-jemuna', NULL, 1, 1, '2025-11-12 09:07:17', '2025-11-12 09:07:17'),
(30, 1, 'Long Ganga Jemuna', 'long-ganga-jemuna', NULL, 1, 1, '2025-11-12 09:07:17', '2025-11-12 09:07:17'),
(31, 1, 'Short Gold Finish', 'short-gold-finish', NULL, 1, 1, '2025-11-12 09:07:18', '2025-11-12 09:07:18'),
(32, 1, 'Long Gold Finish', 'long-gold-finish', NULL, 1, 1, '2025-11-12 09:07:18', '2025-11-12 09:07:18'),
(33, 1, 'Short Mehandi-Kundhan', 'short-mehandi-kundhan', NULL, 1, 1, '2025-11-12 09:07:18', '2025-11-12 09:07:18'),
(34, 1, 'Long Mehandi-Kundhan', 'long-mehandi-kundhan', NULL, 1, 1, '2025-11-12 09:07:18', '2025-11-12 09:07:18'),
(35, 1, 'Matils', 'matils', NULL, 1, 1, '2025-11-12 09:07:18', '2025-11-12 09:07:18'),
(36, 1, 'Nose pins', 'nose-pins', NULL, 1, 1, '2025-11-12 09:07:18', '2025-11-12 09:07:18'),
(37, 1, 'Tikkas', 'tikkas', NULL, 1, 1, '2025-11-12 09:07:18', '2025-11-12 09:07:18'),
(38, 1, 'Bajubands', 'bajubands', NULL, 1, 1, '2025-11-12 09:07:18', '2025-11-12 09:07:18'),
(39, 1, 'Rings', 'rings', NULL, 1, 1, '2025-11-12 09:07:18', '2025-11-12 09:07:18'),
(40, 1, 'Chotis', 'chotis', NULL, 1, 1, '2025-11-12 09:07:18', '2025-11-12 09:07:18'),
(41, 1, 'Waist Belts', 'waist-belts', NULL, 1, 1, '2025-11-12 09:07:18', '2025-11-12 09:07:18'),
(42, 1, 'Payals', 'payals', NULL, 1, 1, '2025-11-12 09:07:18', '2025-11-12 09:07:18'),
(43, 1, 'Toe Rings', 'toe-rings', NULL, 1, 1, '2025-11-12 09:07:18', '2025-11-12 09:07:18'),
(44, 1, 'Saree Pins', 'saree-pins', NULL, 1, 1, '2025-11-12 09:07:18', '2025-11-12 09:07:18'),
(45, 1, 'Tally Chains', 'tally-chains', NULL, 1, 1, '2025-11-12 09:07:18', '2025-11-12 09:07:18'),
(46, 1, 'Long Haar', 'long-haar', NULL, 1, 1, '2025-11-12 09:07:18', '2025-11-12 09:07:18'),
(47, 1, 'Combo Sets', 'combo-sets', NULL, 1, 1, '2025-11-12 09:07:18', '2025-11-12 09:07:18'),
(48, NULL, 'Beeds', 'beeds', 'categories/8ZUvzJwmzRQwMN4sbrmkqTxkwbiSPNoJLe5iexHy.jpg', 1, 0, '2025-11-12 09:07:18', '2025-11-12 12:35:47'),
(49, NULL, 'Kumkum Barina', 'kumkum-barina', 'categories/cvLE0bqeQBuczveXCgN8MfruylhRxxUoCjQGp9Je.jpg', 1, 0, '2025-11-12 09:07:18', '2025-11-12 12:34:55'),
(50, 1, 'Sutra', 'sutra', NULL, 1, 1, '2025-11-12 09:07:18', '2025-11-12 09:07:18'),
(51, 1, 'EAR CUFFS', 'ear-cuffs', NULL, 1, 1, '2025-11-12 09:07:18', '2025-11-12 09:07:18'),
(52, 1, 'BUGADI', 'bugadi', NULL, 1, 1, '2025-11-12 09:07:18', '2025-11-12 09:07:18'),
(53, 1, 'MURUGULU', 'murugulu', NULL, 1, 1, '2025-11-12 09:07:18', '2025-11-12 09:07:18'),
(54, NULL, 'Electronics', 'electronics', NULL, 1, 1, '2025-11-12 19:43:45', '2025-11-12 19:43:45');

-- --------------------------------------------------------

--
-- Table structure for table `coupons`
--

CREATE TABLE IF NOT EXISTS `coupons` (
  `id` bigint UNSIGNED NOT NULL AUTO_INCREMENT,
  `code` varchar(191) COLLATE utf8mb4_unicode_ci NOT NULL,
  `type` enum('percentage','flat') COLLATE utf8mb4_unicode_ci NOT NULL,
  `value` decimal(10,2) NOT NULL,
  `min_cart_value` decimal(10,2) DEFAULT NULL,
  `max_discount` decimal(10,2) DEFAULT NULL,
  `starts_at` timestamp NOT NULL,
  `ends_at` timestamp NOT NULL,
  `usage_limit` int DEFAULT NULL,
  `usage_per_user` int DEFAULT NULL,
  `is_active` tinyint(1) NOT NULL DEFAULT '1',
  `created_at` timestamp NULL DEFAULT NULL,
  `updated_at` timestamp NULL DEFAULT NULL,
  PRIMARY KEY (`id`),
  UNIQUE KEY `coupons_code_unique` (`code`),
  KEY `coupons_code_index` (`code`)
) ENGINE=MyISAM DEFAULT CHARSET=utf8mb4 COLLATE=utf8mb4_unicode_ci;

-- --------------------------------------------------------

--
-- Table structure for table `coupon_redemptions`
--

CREATE TABLE IF NOT EXISTS `coupon_redemptions` (
  `id` bigint UNSIGNED NOT NULL AUTO_INCREMENT,
  `coupon_id` bigint UNSIGNED NOT NULL,
  `user_id` bigint UNSIGNED DEFAULT NULL,
  `order_id` bigint UNSIGNED DEFAULT NULL,
  `used_at` timestamp NOT NULL,
  PRIMARY KEY (`id`),
  KEY `coupon_redemptions_order_id_foreign` (`order_id`),
  KEY `coupon_redemptions_coupon_id_index` (`coupon_id`),
  KEY `coupon_redemptions_user_id_index` (`user_id`)
) ENGINE=MyISAM DEFAULT CHARSET=utf8mb4 COLLATE=utf8mb4_unicode_ci;

-- --------------------------------------------------------

--
-- Table structure for table `feature_flags`
--

CREATE TABLE IF NOT EXISTS `feature_flags` (
  `id` bigint UNSIGNED NOT NULL AUTO_INCREMENT,
  `key` varchar(191) COLLATE utf8mb4_unicode_ci NOT NULL,
  `name` varchar(255) COLLATE utf8mb4_unicode_ci NOT NULL,
  `description` text COLLATE utf8mb4_unicode_ci,
  `is_enabled` tinyint(1) NOT NULL DEFAULT '0',
  `target_users` json DEFAULT NULL,
  `rollout_percentage` decimal(5,2) NOT NULL DEFAULT '0.00',
  `starts_at` timestamp NULL DEFAULT NULL,
  `ends_at` timestamp NULL DEFAULT NULL,
  `metadata` json DEFAULT NULL,
  `created_at` timestamp NULL DEFAULT NULL,
  `updated_at` timestamp NULL DEFAULT NULL,
  PRIMARY KEY (`id`),
  UNIQUE KEY `feature_flags_key_unique` (`key`),
  KEY `feature_flags_is_enabled_index` (`is_enabled`),
  KEY `feature_flags_starts_at_index` (`starts_at`),
  KEY `feature_flags_ends_at_index` (`ends_at`)
) ENGINE=MyISAM DEFAULT CHARSET=utf8mb4 COLLATE=utf8mb4_unicode_ci;

-- --------------------------------------------------------

--
-- Table structure for table `migrations`
--

CREATE TABLE IF NOT EXISTS `migrations` (
  `id` int UNSIGNED NOT NULL AUTO_INCREMENT,
  `migration` varchar(255) COLLATE utf8mb4_unicode_ci NOT NULL,
  `batch` int NOT NULL,
  PRIMARY KEY (`id`)
) ENGINE=MyISAM AUTO_INCREMENT=53 DEFAULT CHARSET=utf8mb4 COLLATE=utf8mb4_unicode_ci;

--
-- Dumping data for table `migrations`
--

INSERT INTO `migrations` (`id`, `migration`, `batch`) VALUES
(1, '2024_01_01_000001_create_users_table', 1),
(2, '2024_01_01_000002_create_addresses_table', 1),
(3, '2024_01_01_000003_create_categories_table', 1),
(4, '2024_01_01_000004_create_products_table', 1),
(5, '2024_01_01_000005_create_coupons_table', 1),
(6, '2024_01_01_000006_create_coupon_redemptions_table', 1),
(7, '2024_01_01_000007_create_carts_table', 1),
(8, '2024_01_01_000008_create_cart_items_table', 1),
(9, '2024_01_01_000009_create_orders_table', 1),
(10, '2024_01_01_000010_create_order_items_table', 1),
(11, '2024_01_01_000011_create_settings_table', 1),
(12, '2024_01_01_000012_create_otp_codes_table', 1),
(13, '2025_10_22_154134_create_cache_table', 1),
(14, '2025_10_22_154224_create_permission_tables', 1),
(15, '2025_10_22_160446_create_sessions_table', 1),
(16, '2025_10_22_165432_add_remember_token_to_users_table', 1),
(17, '2025_10_31_105833_add_image_path_to_categories_table', 1),
(18, '2025_10_31_105905_create_banners_table', 1),
(19, '2025_10_31_142626_add_barcode_to_products_table', 1),
(20, '2025_10_31_155929_update_products_sku_to_keywords', 1),
(21, '2025_10_31_163310_rename_sku_to_tags_in_products_table', 1),
(22, '2025_10_31_164057_make_tags_nullable_in_products_table', 1),
(23, '2025_10_31_170807_add_is_prebooking_to_products_table', 1),
(24, '2025_11_01_104954_create_units_table', 1),
(25, '2025_11_01_105003_add_unit_id_to_products_table', 1),
(26, '2025_11_12_070656_create_stock_reservations_table', 1),
(27, '2025_11_12_071220_add_performance_indexes', 1),
(28, '2025_11_12_073815_create_feature_flags_table', 1),
(29, '2025_11_12_073943_create_ab_tests_table', 1),
(30, '2025_11_12_131236_create_shipping_methods_table', 1),
(31, '2025_11_12_184757_create_attributes_table', 2),
(32, '2025_11_12_184801_create_attribute_values_table', 2),
(33, '2025_11_12_184803_create_product_variants_table', 2),
(34, '2025_11_12_184805_create_product_variant_attribute_value_table', 3),
(35, '2025_11_12_184807_create_variant_stock_movements_table', 3),
(36, '2025_11_12_184808_add_product_variant_id_to_cart_items_table', 3),
(37, '2025_11_12_184810_add_product_variant_id_to_order_items_table', 3),
(38, '2025_11_13_004522_convert_existing_products_to_default_variants', 3),
(39, '2025_11_13_023435_revert_product_variations_system', 4),
(40, '2025_11_13_035034_create_taxes_table', 5),
(41, '2025_11_13_035101_add_tax_fields_to_products_table', 5),
(42, '2025_11_13_081356_add_opening_stock_to_products_table', 6),
(43, '2025_11_13_081420_create_product_stock_movements_table', 6),
(44, '2025_11_21_112204_migrate_existing_stock_data_to_new_fields', 7),
(45, '2025_11_21_112834_remove_stock_column_from_products_table', 8),
(46, '2025_11_21_115626_add_pos_fields_to_orders_table', 9),
(48, '2025_11_21_161842_create_carriers_table', 10),
(49, '2025_11_21_161845_create_shipments_table', 11),
(51, '2025_11_21_162554_migrate_existing_delhivery_data_to_shipments_table', 12),
(52, '2025_11_22_062231_add_type_to_otp_codes_table', 13);

-- --------------------------------------------------------

--
-- Table structure for table `model_has_permissions`
--

CREATE TABLE IF NOT EXISTS `model_has_permissions` (
  `permission_id` bigint UNSIGNED NOT NULL,
  `model_type` varchar(100) COLLATE utf8mb4_unicode_ci NOT NULL,
  `model_id` bigint UNSIGNED NOT NULL,
  PRIMARY KEY (`permission_id`,`model_id`,`model_type`),
  KEY `model_has_permissions_model_id_model_type_index` (`model_id`,`model_type`)
) ENGINE=MyISAM DEFAULT CHARSET=utf8mb4 COLLATE=utf8mb4_unicode_ci;

-- --------------------------------------------------------

--
-- Table structure for table `model_has_roles`
--

CREATE TABLE IF NOT EXISTS `model_has_roles` (
  `role_id` bigint UNSIGNED NOT NULL,
  `model_type` varchar(100) COLLATE utf8mb4_unicode_ci NOT NULL,
  `model_id` bigint UNSIGNED NOT NULL,
  PRIMARY KEY (`role_id`,`model_id`,`model_type`),
  KEY `model_has_roles_model_id_model_type_index` (`model_id`,`model_type`)
) ENGINE=MyISAM DEFAULT CHARSET=utf8mb4 COLLATE=utf8mb4_unicode_ci;

--
-- Dumping data for table `model_has_roles`
--

INSERT INTO `model_has_roles` (`role_id`, `model_type`, `model_id`) VALUES
(1, 'App\\Models\\User', 1);

-- --------------------------------------------------------

--
-- Table structure for table `orders`
--

CREATE TABLE IF NOT EXISTS `orders` (
  `id` bigint UNSIGNED NOT NULL AUTO_INCREMENT,
  `user_id` bigint UNSIGNED NOT NULL,
  `staff_id` bigint UNSIGNED DEFAULT NULL,
  `source` enum('online','pos') COLLATE utf8mb4_unicode_ci NOT NULL DEFAULT 'online',
  `address_snapshot` json NOT NULL,
  `coupon_id` bigint UNSIGNED DEFAULT NULL,
  `subtotal` decimal(10,2) NOT NULL,
  `discount_total` decimal(10,2) NOT NULL DEFAULT '0.00',
  `shipping_total` decimal(10,2) NOT NULL DEFAULT '0.00',
  `total_payable` decimal(10,2) NOT NULL,
  `payment_status` enum('pending','paid','failed','refunded') COLLATE utf8mb4_unicode_ci NOT NULL DEFAULT 'pending',
  `payment_method` enum('online','cod','cash','card','digital_wallet') COLLATE utf8mb4_unicode_ci DEFAULT NULL,
  `status` enum('placed','confirmed','packed','shipped','delivered','cancelled') COLLATE utf8mb4_unicode_ci NOT NULL DEFAULT 'placed',
  `razorpay_order_id` varchar(191) COLLATE utf8mb4_unicode_ci DEFAULT NULL,
  `razorpay_payment_id` varchar(191) COLLATE utf8mb4_unicode_ci DEFAULT NULL,
  `razorpay_signature` varchar(191) COLLATE utf8mb4_unicode_ci DEFAULT NULL,
  `delhivery_awb` varchar(191) COLLATE utf8mb4_unicode_ci DEFAULT NULL,
  `delhivery_label_url` varchar(191) COLLATE utf8mb4_unicode_ci DEFAULT NULL,
  `placed_at` timestamp NULL DEFAULT NULL,
  `created_at` timestamp NULL DEFAULT NULL,
  `updated_at` timestamp NULL DEFAULT NULL,
  PRIMARY KEY (`id`),
  KEY `orders_coupon_id_foreign` (`coupon_id`),
  KEY `orders_user_id_index` (`user_id`),
  KEY `orders_razorpay_order_id_index` (`razorpay_order_id`),
  KEY `orders_delhivery_awb_index` (`delhivery_awb`),
  KEY `idx_orders_status_payment` (`status`,`payment_status`),
  KEY `idx_orders_placed_at` (`placed_at`),
  KEY `idx_orders_user_status` (`user_id`,`status`),
  KEY `idx_orders_payment_status` (`payment_status`),
  KEY `orders_source_index` (`source`),
  KEY `orders_staff_id_index` (`staff_id`)
) ENGINE=MyISAM AUTO_INCREMENT=8 DEFAULT CHARSET=utf8mb4 COLLATE=utf8mb4_unicode_ci;

--
-- Dumping data for table `orders`
--

INSERT INTO `orders` (`id`, `user_id`, `staff_id`, `source`, `address_snapshot`, `coupon_id`, `subtotal`, `discount_total`, `shipping_total`, `total_payable`, `payment_status`, `payment_method`, `status`, `razorpay_order_id`, `razorpay_payment_id`, `razorpay_signature`, `delhivery_awb`, `delhivery_label_url`, `placed_at`, `created_at`, `updated_at`) VALUES
(1, 2, NULL, 'online', '{\"pin\": \"500090\", \"city\": \"Hyderabad\", \"name\": \"Anjaneya Reddy challa\", \"line1\": \"Latha Residency, Prasathi Hills\", \"line2\": \"Pragathi Nagar\", \"state\": \"Telangana\", \"mobile\": \"09966337448\"}', NULL, 495.00, 0.00, 50.00, 545.00, 'paid', NULL, 'packed', 'order_Rerq6n0uaRGOcH', 'pay_RerquN4yDBpbkG', '62a9340481552d79746b039add8c0632286d274e0dc0571c771aa9f5a52cde0a', NULL, NULL, '2025-11-12 09:20:06', '2025-11-12 09:19:02', '2025-11-21 23:15:01'),
(2, 2, NULL, 'online', '{\"pin\": \"500090\", \"city\": \"Hyderabad\", \"name\": \"Anjaneya Reddy challa\", \"line1\": \"Latha Residency, Prasathi Hills\", \"line2\": \"Pragathi Nagar\", \"state\": \"Telangana\", \"mobile\": \"09966337448\"}', NULL, 4890.00, 0.00, 0.00, 4890.00, 'pending', NULL, 'cancelled', 'order_ReuTuP64SmCu7d', NULL, NULL, NULL, NULL, NULL, '2025-11-12 11:54:06', '2025-11-12 11:59:54'),
(3, 2, NULL, 'online', '{\"pin\": \"500090\", \"city\": \"Hyderabad\", \"name\": \"Anjaneya Reddy challa\", \"line1\": \"Latha Residency, Prasathi Hills\", \"line2\": \"Pragathi Nagar\", \"state\": \"Telangana\", \"mobile\": \"09966337448\"}', NULL, 4890.00, 0.00, 0.00, 4890.00, 'paid', NULL, 'packed', 'order_ReuVFQKnfvE02a', 'pay_ReuVX1vegpeb3r', 'e25277f0501586c0d5294ebcdc031258054ff9a755574f0238ce09a159c1cc5a', NULL, NULL, '2025-11-12 11:55:58', '2025-11-12 11:55:24', '2025-11-21 12:16:54'),
(4, 1, NULL, 'online', '{\"pin\": \"500090\", \"city\": \"Hyderabad\", \"name\": \"Anjaneya Reddy challa\", \"line1\": \"Latha Residency, Prasathi Hills\", \"line2\": \"Pragathi Nagar\", \"state\": \"Telangana\", \"mobile\": \"09966337448\"}', NULL, 999.00, 0.00, 0.00, 999.00, 'paid', NULL, 'packed', 'order_RhTE3rBO00wxmW', 'pay_RhTEsyoTDf0d2j', '5fca53288e193fdf1b477a7b9671d73d89abbb4fcbb124df412f0f5cfc1af027', NULL, NULL, '2025-11-18 23:12:31', '2025-11-18 23:11:22', '2025-11-21 10:29:00'),
(5, 2, 1, 'pos', '{\"name\": \"9966337448\", \"email\": \"\", \"mobile\": \"9966337448\"}', NULL, 10020.00, 0.00, 0.00, 10020.00, 'paid', 'cash', 'confirmed', NULL, NULL, NULL, NULL, NULL, '2025-11-21 07:11:29', '2025-11-21 07:11:29', '2025-11-21 07:11:29'),
(6, 3, 1, 'pos', '{\"name\": \"Anu\", \"email\": \"\", \"mobile\": \"773199663\"}', NULL, 1595.00, 79.75, 0.00, 1515.25, 'paid', 'card', 'confirmed', NULL, NULL, NULL, NULL, NULL, '2025-11-21 07:18:54', '2025-11-21 07:18:54', '2025-11-21 07:18:54'),
(7, 3, 1, 'pos', '{\"name\": \"Anu\", \"email\": \"\", \"mobile\": \"773199663\"}', NULL, 4635.00, 1390.50, 0.00, 3244.50, 'paid', 'card', 'confirmed', NULL, NULL, NULL, NULL, NULL, '2025-11-21 08:16:34', '2025-11-21 08:16:34', '2025-11-21 08:16:34');

-- --------------------------------------------------------

--
-- Table structure for table `order_items`
--

CREATE TABLE IF NOT EXISTS `order_items` (
  `id` bigint UNSIGNED NOT NULL AUTO_INCREMENT,
  `order_id` bigint UNSIGNED NOT NULL,
  `product_id` bigint UNSIGNED NOT NULL,
  `name` varchar(255) COLLATE utf8mb4_unicode_ci NOT NULL,
  `sku` varchar(255) COLLATE utf8mb4_unicode_ci NOT NULL,
  `qty` int NOT NULL,
  `price` decimal(10,2) NOT NULL,
  `line_total` decimal(10,2) NOT NULL,
  PRIMARY KEY (`id`),
  KEY `order_items_order_id_index` (`order_id`),
  KEY `order_items_product_id_index` (`product_id`)
) ENGINE=MyISAM AUTO_INCREMENT=13 DEFAULT CHARSET=utf8mb4 COLLATE=utf8mb4_unicode_ci;

--
-- Dumping data for table `order_items`
--

INSERT INTO `order_items` (`id`, `order_id`, `product_id`, `name`, `sku`, `qty`, `price`, `line_total`) VALUES
(1, 1, 103, 'HASSEL', 'BC-20251112-502133', 1, 495.00, 495.00),
(2, 3, 99, 'SHORT NECKLACE WITH EAR RINGS  & TIKKA', 'BC-20251112-200558', 1, 4890.00, 4890.00),
(3, 5, 8, 'SHORT NECKLACE', 'BC-20251112-048327', 1, 1295.00, 1295.00),
(4, 5, 10, 'LONG NECKLACE', 'BC-20251112-936573', 2, 1995.00, 3990.00),
(5, 5, 12, 'HANGINS', 'BC-20251112-658847', 1, 595.00, 595.00),
(6, 5, 40, 'LONG HAAR', 'BC-20251112-523117', 1, 3890.00, 3890.00),
(7, 5, 22, 'MATILS', 'BC-20251112-390308', 1, 250.00, 250.00),
(8, 6, 7, 'Short necklaces with Full Stones', 'BC-20251112-899760', 1, 1595.00, 1595.00),
(9, 7, 8, 'SHORT NECKLACE', 'BC-20251112-048327', 1, 1295.00, 1295.00),
(10, 7, 9, 'CHOKER', 'BC-20251112-672492', 1, 995.00, 995.00),
(11, 7, 10, 'LONG NECKLACE', 'BC-20251112-936573', 1, 1995.00, 1995.00),
(12, 7, 51, 'CHOTIS', 'BC-20251112-160880', 1, 350.00, 350.00);

-- --------------------------------------------------------

--
-- Table structure for table `otp_codes`
--

CREATE TABLE IF NOT EXISTS `otp_codes` (
  `id` bigint UNSIGNED NOT NULL AUTO_INCREMENT,
  `mobile` varchar(15) COLLATE utf8mb4_unicode_ci NOT NULL,
  `type` varchar(255) COLLATE utf8mb4_unicode_ci NOT NULL DEFAULT 'login',
  `otp_hash` varchar(255) COLLATE utf8mb4_unicode_ci NOT NULL,
  `expires_at` timestamp NOT NULL,
  `created_at` timestamp NULL DEFAULT NULL,
  `updated_at` timestamp NULL DEFAULT NULL,
  PRIMARY KEY (`id`),
  KEY `otp_codes_mobile_index` (`mobile`)
) ENGINE=MyISAM AUTO_INCREMENT=8 DEFAULT CHARSET=utf8mb4 COLLATE=utf8mb4_unicode_ci;

--
-- Dumping data for table `otp_codes`
--

INSERT INTO `otp_codes` (`id`, `mobile`, `type`, `otp_hash`, `expires_at`, `created_at`, `updated_at`) VALUES
(6, '9999999999', 'login', '$2y$12$cLFcikvmLlGRJCvO4gQsAucIMHADlkZfqj.0550/RuUDwa7RWk/4m', '2025-11-22 00:52:02', '2025-11-22 00:47:02', '2025-11-22 00:47:02');

-- --------------------------------------------------------

--
-- Table structure for table `permissions`
--

CREATE TABLE IF NOT EXISTS `permissions` (
  `id` bigint UNSIGNED NOT NULL AUTO_INCREMENT,
  `name` varchar(100) COLLATE utf8mb4_unicode_ci NOT NULL,
  `guard_name` varchar(100) COLLATE utf8mb4_unicode_ci NOT NULL,
  `created_at` timestamp NULL DEFAULT NULL,
  `updated_at` timestamp NULL DEFAULT NULL,
  PRIMARY KEY (`id`),
  UNIQUE KEY `permissions_name_guard_name_unique` (`name`,`guard_name`)
) ENGINE=MyISAM AUTO_INCREMENT=18 DEFAULT CHARSET=utf8mb4 COLLATE=utf8mb4_unicode_ci;

--
-- Dumping data for table `permissions`
--

INSERT INTO `permissions` (`id`, `name`, `guard_name`, `created_at`, `updated_at`) VALUES
(1, 'view products', 'web', '2025-11-12 08:45:45', '2025-11-12 08:45:45'),
(2, 'create products', 'web', '2025-11-12 08:45:45', '2025-11-12 08:45:45'),
(3, 'edit products', 'web', '2025-11-12 08:45:45', '2025-11-12 08:45:45'),
(4, 'delete products', 'web', '2025-11-12 08:45:45', '2025-11-12 08:45:45'),
(5, 'view categories', 'web', '2025-11-12 08:45:45', '2025-11-12 08:45:45'),
(6, 'create categories', 'web', '2025-11-12 08:45:45', '2025-11-12 08:45:45'),
(7, 'edit categories', 'web', '2025-11-12 08:45:45', '2025-11-12 08:45:45'),
(8, 'delete categories', 'web', '2025-11-12 08:45:45', '2025-11-12 08:45:45'),
(9, 'view orders', 'web', '2025-11-12 08:45:45', '2025-11-12 08:45:45'),
(10, 'update orders', 'web', '2025-11-12 08:45:45', '2025-11-12 08:45:45'),
(11, 'view users', 'web', '2025-11-12 08:45:45', '2025-11-12 08:45:45'),
(12, 'edit users', 'web', '2025-11-12 08:45:45', '2025-11-12 08:45:45'),
(13, 'view staff', 'web', '2025-11-12 08:45:45', '2025-11-12 08:45:45'),
(14, 'view reports', 'web', '2025-11-12 08:45:45', '2025-11-12 08:45:45'),
(15, 'manage coupons', 'web', '2025-11-12 08:45:45', '2025-11-12 08:45:45'),
(16, 'manage shipping', 'web', '2025-11-12 08:45:45', '2025-11-12 08:45:45'),
(17, 'pos_access', 'web', '2025-11-21 06:45:47', '2025-11-21 06:45:47');

-- --------------------------------------------------------

--
-- Table structure for table `products`
--

CREATE TABLE IF NOT EXISTS `products` (
  `id` bigint UNSIGNED NOT NULL AUTO_INCREMENT,
  `category_id` bigint UNSIGNED NOT NULL,
  `name` varchar(255) COLLATE utf8mb4_unicode_ci NOT NULL,
  `slug` varchar(191) COLLATE utf8mb4_unicode_ci NOT NULL,
  `tags` text COLLATE utf8mb4_unicode_ci,
  `barcode` varchar(191) COLLATE utf8mb4_unicode_ci DEFAULT NULL,
  `price` decimal(10,2) NOT NULL,
  `mrp` decimal(10,2) DEFAULT NULL,
  `opening_stock` int NOT NULL DEFAULT '0',
  `current_stock` int NOT NULL DEFAULT '0',
  `unit_id` bigint UNSIGNED DEFAULT NULL,
  `tax_id` bigint UNSIGNED DEFAULT NULL,
  `tax_rate_snapshot` decimal(5,2) DEFAULT NULL,
  `short_desc` varchar(255) COLLATE utf8mb4_unicode_ci DEFAULT NULL,
  `long_desc` text COLLATE utf8mb4_unicode_ci,
  `image_path` varchar(255) COLLATE utf8mb4_unicode_ci DEFAULT NULL,
  `is_active` tinyint(1) NOT NULL DEFAULT '1',
  `is_featured` tinyint(1) NOT NULL DEFAULT '0',
  `is_prebooking` tinyint(1) NOT NULL DEFAULT '0',
  `created_at` timestamp NULL DEFAULT NULL,
  `updated_at` timestamp NULL DEFAULT NULL,
  PRIMARY KEY (`id`),
  UNIQUE KEY `products_slug_unique` (`slug`),
  UNIQUE KEY `products_barcode_unique` (`barcode`),
  KEY `products_slug_index` (`slug`),
  KEY `products_category_id_index` (`category_id`),
  KEY `products_barcode_index` (`barcode`),
  KEY `products_unit_id_foreign` (`unit_id`),
  KEY `idx_products_active_featured` (`is_active`,`is_featured`),
  KEY `idx_products_active_stock` (`is_active`),
  KEY `idx_products_price` (`price`),
  KEY `products_tax_id_index` (`tax_id`)
) ENGINE=MyISAM AUTO_INCREMENT=107 DEFAULT CHARSET=utf8mb4 COLLATE=utf8mb4_unicode_ci;

--
-- Dumping data for table `products`
--

INSERT INTO `products` (`id`, `category_id`, `name`, `slug`, `tags`, `barcode`, `price`, `mrp`, `opening_stock`, `current_stock`, `unit_id`, `tax_id`, `tax_rate_snapshot`, `short_desc`, `long_desc`, `image_path`, `is_active`, `is_featured`, `is_prebooking`, `created_at`, `updated_at`) VALUES
(1, 9, 'White Stone Necklace', 'white-stone-necklace', 'SKT008', 'BC-20251112-308262', 1395.00, 1395.00, 0, 0, 1, NULL, NULL, '', '', 'products/6914be512ee6a_K35g3hURoTuf5aDTtm1ohItfq4QLN7fxtR94Ktf1.png', 1, 1, 0, '2025-11-12 09:07:41', '2025-11-12 11:35:21'),
(2, 25, 'CHAIN  AND BLACK BEEDS', 'chain-and-black-beeds', 'SKT023', 'BC-20251112-780779', 595.00, 595.00, 0, 0, 2, NULL, NULL, '', '', 'products/6914be5159dd3_SgMhHXAZasDj7UFxj9d5tKPMbOKBDQabtIQLw6U9.png', 1, 0, 0, '2025-11-12 09:07:42', '2025-11-12 11:35:21'),
(3, 9, 'Chandraharam with white Stone', 'chandraharam-with-white-stone', 'SKT009', 'BC-20251112-398473', 1595.00, 1595.00, 0, 0, 2, NULL, NULL, '', '', 'products/6914be5163a3e_46XVRom90s7RfWNZFy7RkmAkRQeElcbfOsN1Ruv2.png', 1, 1, 1, '2025-11-12 09:07:42', '2025-11-12 11:35:21'),
(4, 14, 'lockets with chains', 'lockets-with-chains', 'SKT020', 'BC-20251112-630999', 450.00, 450.00, 1, 1, 2, NULL, NULL, '', '', 'products/6914be516fbed_XMdw3dRmmGNY8n5JcIURbbm4m7KAsfeBj9bwt5gu.png', 1, 0, 0, '2025-11-12 09:07:42', '2025-11-12 11:35:21'),
(5, 47, 'Bridal Set', 'bridal-set', 'SKT021', 'BC-20251112-112065', 4890.00, 4890.00, 0, 0, 2, NULL, NULL, '', '', 'products/6914be517a9b6_5i2ArmNVVULuiJaBaGTkWOHoW0k571lLZg6obRRV.png', 1, 1, 1, '2025-11-12 09:07:42', '2025-11-12 11:35:21'),
(6, 24, 'SINGLE LINE MANGALSUTRA', 'single-line-mangalsutra', 'SKT389', 'BC-20251112-645836', 295.00, 295.00, 30, 30, 2, NULL, NULL, '', '', 'products/6914be7b46393_KKZ662360KPgYNSRPJ8e3pPhwO6OLDKwVIqInZDA.jpeg', 1, 0, 0, '2025-11-12 09:07:42', '2025-11-12 11:36:03'),
(7, 9, 'Short necklaces with Full Stones', 'short-necklaces-with-full-stones', 'SKT014', 'BC-20251112-899760', 1595.00, 1595.00, 15, 14, 1, NULL, NULL, '', '', 'products/6914be5196c48_OiB28PjTcnDCVpDqPWzYjv2ulPJYpKiDBJfdhM4P.png', 1, 0, 0, '2025-11-12 09:07:42', '2025-11-21 07:18:54'),
(8, 9, 'SHORT NECKLACE', 'short-necklace', 'SKT420', 'BC-20251112-048327', 1295.00, 1295.00, 10, 8, 1, NULL, NULL, '', '', 'products/6914be7a91d01_WUolquxypPO3PxrbAagTOiVBUleuoZ24h6KuTBEq.jpeg', 1, 0, 0, '2025-11-12 09:07:42', '2025-11-21 08:16:34'),
(9, 8, 'CHOKER', 'choker', 'SKT402', 'BC-20251112-672492', 995.00, 995.00, 30, 29, 1, NULL, NULL, '', '', 'products/6914be79eb659_1hVOIGa2rWqIrUyYp50OCk99J5WdkDIwADvZReOE.jpeg', 1, 0, 0, '2025-11-12 09:07:42', '2025-11-21 08:16:34'),
(10, 10, 'LONG NECKLACE', 'long-necklace', 'SKT203', 'BC-20251112-936573', 1995.00, 1995.00, 10, 7, 1, NULL, NULL, '', '', 'products/6914be7a9d9a7_wm5FlQObB7f528kNJK4Jxzto7jft6Sj31s6a3486.jpeg', 1, 0, 0, '2025-11-12 09:07:42', '2025-11-21 08:16:34'),
(11, 15, 'JHUMKAS', 'jhumkas', 'SKT406', 'BC-20251112-549495', 99.00, 99.00, 20, 20, 3, NULL, NULL, '', '', 'products/6914be7a18166_zPov7Oq18cyCFpgAvGRq6FOSUts8O2fQuvfSoksV.jpeg', 1, 0, 0, '2025-11-12 09:07:42', '2025-11-12 11:36:02'),
(12, 16, 'HANGINS', 'hangins', 'SKT401', 'BC-20251112-658847', 595.00, 595.00, 50, 49, 3, NULL, NULL, '', '', 'products/6914be794137b_5bO03xI8w8K26UcyofhTNXZ3OSOjHh0n7PHymLLO.jpeg', 1, 0, 0, '2025-11-12 09:07:42', '2025-11-21 07:11:30'),
(13, 15, 'GJ JHUMKAS', 'gj-jhumkas', 'SKT350', 'BC-20251112-058062', 895.00, 895.00, 70, 70, 3, NULL, NULL, '', '', 'products/6914be6462341_3IdVi0hVMudd7c3Q8y73aDdBn7XJ0n7cg3rE3ocD.jpeg', 1, 0, 0, '2025-11-12 09:07:42', '2025-11-12 11:35:40'),
(14, 11, 'PENDENT WITH EAR RINGS', 'pendent-with-ear-rings', 'SKT278', 'BC-20251112-648829', 695.00, 695.00, 0, 0, 1, NULL, NULL, '', '', 'products/6914be6080ca2_c3TlG5fZ1gni6ch7dqIBfSOyO8oRBdz0lKIknD1i.jpeg', 1, 0, 0, '2025-11-12 09:07:42', '2025-11-12 11:35:36'),
(15, 13, 'GUTTAPUSALU NECKLACE WITH EAR RINGS', 'guttapusalu-necklace-with-ear-rings', 'SKT138', 'BC-20251112-468549', 2590.00, 2590.00, 0, 0, 1, NULL, NULL, '', '', 'products/6914be599f84f_u8NYsgyZ9Ec69PoPhFo7ofphZuJbaOZfPrixfnTl.jpeg', 1, 0, 0, '2025-11-12 09:07:42', '2025-11-12 11:35:29'),
(16, 48, 'BEEDS', 'beeds', 'SKT294', 'BC-20251112-165796', 1695.00, 1695.00, 20, 20, 1, NULL, NULL, '', '', 'products/6914be7a0ca8d_lXEYlPrqOJc4f5yc0DHMgElCtg0b5uCIFeHIxkvP.jpeg', 1, 0, 0, '2025-11-12 09:07:42', '2025-11-12 11:36:02'),
(21, 25, 'SHORT MANGALSUTRA', 'short-mangalsutra', 'SKT415', 'BC-20251112-387622', 350.00, 350.00, 10, 10, 2, NULL, NULL, '', '', 'products/6914be7ac408d_828E6fzqjK3Egtvg2fp69qSBahQv9ngwNSZZIAER.jpeg', 1, 0, 0, '2025-11-12 09:07:43', '2025-11-12 11:36:02'),
(17, 14, 'CHAINS', 'chains', 'SKT390', 'BC-20251112-041398', 545.00, 545.00, 50, 50, 1, NULL, NULL, '', '', 'products/6914be7acecf6_zh5696UvEv3GJG72BZvZTYNYq9TBb5tJdR6n5yl6.jpeg', 1, 0, 0, '2025-11-12 09:07:43', '2025-11-12 11:36:02'),
(18, 22, 'BRACELET', 'bracelet', 'SKT382', 'BC-20251112-196700', 295.00, 295.00, 39, 39, 2, NULL, NULL, '', '', 'products/6914be79c01aa_4tHXVe3NgElBe6ixIQ5Pcx1OQkDBHAkD66E2ufaV.jpeg', 1, 0, 0, '2025-11-12 09:07:43', '2025-11-12 11:36:01'),
(19, 35, 'MATIL', 'matil', 'SKT031', 'BC-20251112-565417', 350.00, 350.00, 0, 0, 3, NULL, NULL, '', '', 'products/6914be52eab6b_9undReEeq9iyHnfYCbjOOVzQgCnzdkkbg3nlHNR5.jpeg', 1, 0, 0, '2025-11-12 09:07:43', '2025-11-12 11:35:22'),
(20, 12, 'LAYERS', 'layers', 'SKT353', 'BC-20251112-761463', 695.00, 695.00, 15, 15, 2, NULL, NULL, '', '', 'products/6914be7925c27_ih3qAcR7fYn4F6nwbPmflN84njyIZFK2jhhm4cZP.jpeg', 1, 0, 0, '2025-11-12 09:07:43', '2025-11-12 11:36:01'),
(22, 35, 'MATILS', 'matils', 'SKT280', 'BC-20251112-390308', 250.00, 250.00, 40, 39, 3, NULL, NULL, '', '', 'products/6914be7b38d3c_j1qgNMJXUCmiD3FgOkoTCeLRdoYp448oQ9PlnN4Q.jpeg', 1, 0, 0, '2025-11-12 09:07:43', '2025-11-21 07:11:30'),
(23, 24, 'CHAIN &BLACK BEED WITH EAR RINGS', 'chain-black-beed-with-ear-rings', 'SKT038', 'BC-20251112-662257', 395.00, 395.00, 0, 0, 1, NULL, NULL, '', '', 'products/6914be5350f48_TjjMThJDcKlWQqIz5EktB42nrsRv37NwOW8v7W6L.jpeg', 1, 0, 0, '2025-11-12 09:07:43', '2025-11-12 11:35:23'),
(24, 9, 'CHAIN & BLACK BEED', 'chain-black-beed', 'SKT041', 'BC-20251112-671893', 295.00, 295.00, 0, 0, 2, NULL, NULL, '', '', 'products/6914be537b398_yqA45DOZKgTX1EoqT917HAqXx6jniN2gtaoZRgGM.jpeg', 1, 0, 0, '2025-11-12 09:07:43', '2025-11-12 11:35:23'),
(25, 44, 'SARY PIN', 'sary-pin', 'SKT043', 'BC-20251112-818619', 195.00, 195.00, 0, 0, 2, NULL, NULL, '', '', 'products/6914be5388ab6_B31nJucUTnLCZ97hcpx84HKddIeClafILB7xXjAb.jpeg', 1, 0, 0, '2025-11-12 09:07:43', '2025-11-12 11:35:23'),
(40, 46, 'LONG HAAR', 'long-haar', 'SKT275', 'BC-20251112-523117', 3890.00, 3890.00, 3, 2, 1, NULL, NULL, '', '', 'products/6914be613111b_sDAAlpFA7hDxAo5l7mxFUMalJmqhQHGkgobtp6tn.jpeg', 1, 0, 0, '2025-11-12 09:07:46', '2025-11-21 07:11:30'),
(26, 24, 'CHAIN AND BLACK BEED', 'chain-and-black-beed', 'SKT050', 'BC-20251112-588519', 295.00, 295.00, 0, 0, 2, NULL, NULL, '', '', 'products/6914be53e7195_PlXY0NgALHNehcugcXzPACp8MHGtKe0vLQkXQNKt.jpeg', 1, 0, 0, '2025-11-12 09:07:43', '2025-11-12 11:35:23'),
(27, 14, 'CHAIN', 'chain', 'SKT399', 'BC-20251112-131810', 295.00, 295.00, 50, 50, 2, NULL, NULL, '', '', 'products/6914be763fb1d_lMpF89eYUhb4FYkduByRN8gj5rcsbMe9mIkHLSOB.jpeg', 1, 0, 0, '2025-11-12 09:07:44', '2025-11-12 11:35:58'),
(28, 4, 'BANGLES', 'bangles', 'SKT429', 'BC-20251112-025956', 320.00, 320.00, 0, 0, 2, NULL, NULL, '', '', 'products/6914be7756ffa_sZ5UZSjRXO67VdYyRGUjryYLS51v6aG6xqmOzwyR.jpeg', 1, 0, 0, '2025-11-12 09:07:44', '2025-11-12 11:35:59'),
(29, 4, 'TWO BANGLES', 'two-bangles', 'SKT063', 'BC-20251112-986216', 1.00, 1.00, 0, 0, 3, NULL, NULL, '', '', 'products/6914be557191f_aqoNKGtFFf5o6XsC8feKAUGLsRH0jIzAYkgRyPhD.jpeg', 1, 0, 0, '2025-11-12 09:07:44', '2025-11-12 11:35:25'),
(30, 1, 'CHOKER WITH EAR RINGS', 'choker-with-ear-rings', 'SKT174', 'BC-20251112-638613', 1095.00, 1095.00, 0, 0, 1, NULL, NULL, '', '', 'products/6914be6eea0f5_qYffWVuQDo2LBOlSqpy9jrt1xHhppFHIjnAwkHfH.jpeg', 1, 0, 0, '2025-11-12 09:07:44', '2025-11-12 11:35:50'),
(35, 14, 'LOCKET SET WITH EAR RINGS', 'locket-set-with-ear-rings', 'SKT154', 'BC-20251112-298408', 695.00, 695.00, 49, 49, 1, NULL, NULL, '', '', 'products/6914be5a7b3a5_K0gArXVkAIox8nMhyNXXcKj479ykuRxNgBDJw4lc.jpeg', 1, 0, 0, '2025-11-12 09:07:45', '2025-11-12 11:35:30'),
(31, 39, 'VANKI RINGS', 'vanki-rings', 'SKT430', 'BC-20251112-903274', 150.00, 150.00, 54, 54, 2, NULL, NULL, '', '', 'products/6914be7688ba4_2vF0ddkDD2okvtku6pTYOgps0N37iYl2oh4QdM2G.jpeg', 1, 0, 0, '2025-11-12 09:07:44', '2025-11-12 11:35:58'),
(32, 18, 'EAR RINGS', 'ear-rings', 'SKT217', 'BC-20251112-937587', 150.00, 150.00, 300, 300, 3, NULL, NULL, '', '', 'products/6914be5dbadf6_9aLvOEvDEakzappBJt04NyKbNSjJWkZ5EjJyCwbs.jpeg', 1, 0, 0, '2025-11-12 09:07:44', '2025-11-12 11:35:33'),
(33, 48, 'RICE BALLS BEEDS', 'rice-balls-beeds', 'SKT084', 'BC-20251112-332293', 350.00, 350.00, 70, 70, 2, NULL, NULL, '', '', 'products/6914be569097d_Zqn3N1pyJtkwSUZAg23UCndHkGi3XoVQyuwst1bi.jpeg', 1, 0, 0, '2025-11-12 09:07:45', '2025-11-12 11:35:26'),
(34, 12, 'INVISIBLE CHAINS', 'invisible-chains', 'SKT085', 'BC-20251112-859212', 695.00, 695.00, 0, 0, 2, NULL, NULL, '', '', 'products/6914be569c10a_TlFUicicORZOMEW5FiTl8ZSlGeXhVwjcy4dStLQj.jpeg', 1, 0, 0, '2025-11-12 09:07:45', '2025-11-12 11:35:26'),
(36, 24, 'SINGLE LINE MANGALSUTRAS', 'single-line-mangalsutras', 'SKT248', 'BC-20251112-286392', 450.00, 450.00, 63, 63, 2, NULL, NULL, '', '', 'products/6914be5f8f1e7_VewFzarQjpYo2wg32RD6Gv08ZxWsBooDiDdMZF6Z.jpeg', 1, 0, 0, '2025-11-12 09:07:45', '2025-11-12 11:35:35'),
(37, 14, 'CHAIN WITH LOCKET', 'chain-with-locket', 'SKT168', 'BC-20251112-421311', 545.00, 545.00, 76, 76, 2, NULL, NULL, '', '', 'products/6914be5b70b3a_CDdP6W9HTa6CfcK860fHzxlukeiqbhOYSvKEyzDq.jpeg', 1, 0, 0, '2025-11-12 09:07:45', '2025-11-12 11:35:31'),
(99, 9, 'SHORT NECKLACE WITH EAR RINGS  & TIKKA', 'short-necklace-with-ear-rings-tikka', NULL, 'BC-20251112-200558', 4890.00, 4890.00, 4, 4, 1, NULL, NULL, '', '', 'products/6914be7353fee_47KKbOS6Ndp9GhTr4ROyxP95xiI6Mya62VudtV77.jpeg', 1, 0, 0, '2025-11-12 09:08:06', '2025-11-12 11:55:58'),
(38, 14, 'CHAIN WITH BLACK BEED', 'chain-with-black-beed', 'SKT245', 'BC-20251112-001543', 395.00, 395.00, 79, 79, 2, NULL, NULL, '', '', 'products/6914be5f24bf3_A8XkpItF02jXz3yiQCq0Emf8EnFET8t77o1mDV1R.jpeg', 1, 0, 0, '2025-11-12 09:07:46', '2025-11-12 11:35:35'),
(39, 16, 'EAR CUFF  EAR RINGS', 'ear-cuff-ear-rings', 'SKT106', 'BC-20251112-886184', 795.00, 795.00, 50, 50, 3, NULL, NULL, '', '', 'products/6914be57c69f1_EIafau6EWj3tIEa1fIsJENCZZci787G1hs8EArPI.jpeg', 1, 0, 0, '2025-11-12 09:07:46', '2025-11-12 11:35:27'),
(41, 41, 'VADDANAM', 'vaddanam', 'SKT404', 'BC-20251112-453821', 1695.00, 1695.00, 15, 15, 2, NULL, NULL, '', '', 'products/6914be66e76bf_OuPeDDIuDCG2I1dpyu8KWk32B7lQqc1s2PNKJ9WH.jpeg', 1, 0, 0, '2025-11-12 09:07:46', '2025-11-12 11:35:42'),
(42, 14, 'GOLD BALL LAYERS CHAIN', 'gold-ball-layers-chain', 'SKT120', 'BC-20251112-926070', 695.00, 695.00, 0, 0, 2, NULL, NULL, '', '', 'products/6914be58a0641_lGWeGCCE1xtOhkPkQoEKI260v3gFQqmwqpDo2v88.jpeg', 1, 0, 0, '2025-11-12 09:07:46', '2025-11-12 11:35:28'),
(70, 37, 'TIKKA', 'tikka', 'SKT328', 'BC-20251112-041557', 395.00, 395.00, 10, 10, 2, NULL, NULL, '', '', 'products/6914be74d0a40_fzsE7X5gxJf7DOg8lUL7CYrUCqhE7qP62rKmykAW.jpeg', 1, 0, 0, '2025-11-12 09:07:54', '2025-11-12 11:35:56'),
(43, 18, 'STUDS', 'studs', 'SKT414', 'BC-20251112-711735', 99.00, 99.00, 100, 100, 3, NULL, NULL, '', '', 'products/6914be79a751f_7yQ4mT320FF2TPTO8CyoA77sSSlZ6No6YkQg1ibG.jpeg', 1, 0, 0, '2025-11-12 09:07:46', '2025-11-12 11:36:01'),
(44, 26, 'LONG MANGALSUTRA', 'long-mangalsutra', 'SKT418', 'BC-20251112-991239', 695.00, 695.00, 50, 50, 2, NULL, NULL, '', '', 'products/6914be756d44a_nVArXevnd07ZKxGQiALRUzweS3hefRaHLvfVIQUx.jpeg', 1, 0, 0, '2025-11-12 09:07:46', '2025-11-12 11:35:57'),
(94, 10, 'KAASUMALA', 'kaasumala', NULL, 'BC-20251112-223936', 3190.00, 3190.00, 5, 5, 2, NULL, NULL, '', '', 'products/6914be6cbe5ab_EwuONvBxun5c7G0Cwa6TwBiMlIDwqIx6LBCGElrO.jpeg', 1, 0, 0, '2025-11-12 09:08:02', '2025-11-12 11:35:48'),
(45, 14, 'CHAIN WITH EAR RINGS', 'chain-with-ear-rings', 'SKT316', 'BC-20251112-215501', 495.00, 495.00, 70, 70, 1, NULL, NULL, '', '', 'products/6914be6274f0e_IAOMwHXerYCvpAesB8fjb6dw1WbhLYpAMnqNI76t.jpeg', 1, 0, 0, '2025-11-12 09:07:47', '2025-11-12 11:35:38'),
(46, 48, 'POLKY STONES BEEDS WITH EAR RINGS', 'polky-stones-beeds-with-ear-rings', 'SKT131', 'BC-20251112-469481', 395.00, 395.00, 48, 48, 1, NULL, NULL, '', '', 'products/6914be594a077_yEK9YSCRvJhag0LsPnqyYAzc8pPaYgGRwBelvX5W.jpeg', 1, 0, 0, '2025-11-12 09:07:47', '2025-11-12 11:35:29'),
(47, 9, 'NECKLACE SET', 'necklace-set', 'SKT133', 'BC-20251112-553314', 3190.00, 3190.00, 2, 2, 1, NULL, NULL, '', '', 'products/6914be5ac4cbd_Oul3f3rNQqm8bsWXEsaQwb9Jp8qGVg2Un4UG5PeM.jpeg', 1, 0, 0, '2025-11-12 09:07:47', '2025-11-12 11:35:30'),
(48, 46, 'LONG HARAM', 'long-haram', 'SKT277', 'BC-20251112-207515', 5390.00, 5390.00, 5, 5, 1, NULL, NULL, '', '', 'products/6914be74b9be9_IYoC79qeNgPHIxlry0wuj58C7rrEc5d19Hyzd4WO.jpeg', 1, 0, 0, '2025-11-12 09:07:47', '2025-11-12 11:35:56'),
(49, 51, 'EAR CUFFS', 'ear-cuffs', 'SKT416', 'BC-20251112-652389', 495.00, 495.00, 40, 40, 3, NULL, NULL, '', '', 'products/6914be78b9451_aNShGfm6Z3XBb5IMpJ1tvvLuJMsThLEcwdykW6b1.jpg', 1, 0, 0, '2025-11-12 09:07:47', '2025-11-12 11:36:00'),
(50, 14, 'CHAIN WITH PENDENT', 'chain-with-pendent', 'SKT151', 'BC-20251112-099662', 495.00, 495.00, 49, 49, 2, NULL, NULL, '', '', 'products/6914be5a5e45d_UO4Gpv8A8R7FtFAakXK2CMAiu2F2hcdL8ckwLk40.jpeg', 1, 0, 0, '2025-11-12 09:07:47', '2025-11-12 11:35:30'),
(51, 40, 'CHOTIS', 'chotis', 'SKT152', 'BC-20251112-160880', 350.00, 350.00, 50, 49, 2, NULL, NULL, '', '', 'products/6914be6c64c24_DxVCRXJUslmLfwCuxusjX9InvqmZtKPacNcZHWEF.jpeg', 1, 0, 0, '2025-11-12 09:07:47', '2025-11-21 08:16:34'),
(75, 4, 'BANGES', 'banges', 'SKT368', 'BC-20251112-683386', 1395.00, 1395.00, 0, 140, 3, NULL, NULL, '', '', 'products/6914be69cd4cf_jLo0KQ5k6l2xOOddD6GtbQ2p1eBTi9Nnn1r5n7tc.jpeg', 1, 0, 0, '2025-11-12 09:07:56', '2025-11-21 05:48:47'),
(52, 14, 'LONG GOLD BACK CHAIN', 'long-gold-back-chain', 'SKT11', 'BC-20251112-192611', 60.00, 60.00, 50, 50, 2, NULL, NULL, '', '', 'products/6914be5b11829_szkwuGXNa61xsvCghkSzQZWOBiOUbQqOMDgOXv8q.jpeg', 1, 0, 0, '2025-11-12 09:07:48', '2025-11-12 11:35:31'),
(53, 14, 'LONG MEHANDIBACK CHAIN', 'long-mehandiback-chain', 'SKT22', 'BC-20251112-813205', 60.00, 60.00, 50, 50, 2, NULL, NULL, '', '', 'products/6914be5b1e621_VtkrhspoFktQouDtBlr8h5IHuuwcXmtrWqeQGmik.jpeg', 1, 0, 0, '2025-11-12 09:07:48', '2025-11-12 11:35:31'),
(54, 14, 'SHORT GOLD BACK CHAIN', 'short-gold-back-chain', 'SKT33', 'BC-20251112-091357', 35.00, 35.00, 50, 50, 2, NULL, NULL, '', '', 'products/6914be5b2b220_NssNk38gQPXAnspKB0XibRu405Dh0lzeblra1OLD.jpeg', 1, 0, 0, '2025-11-12 09:07:48', '2025-11-12 11:35:31'),
(55, 29, 'SHORT GANGA JAMUNA', 'short-ganga-jamuna', 'SKT339', 'BC-20251112-259459', 1295.00, 1295.00, 20, 20, 1, NULL, NULL, '', '', 'products/6914be6c35468_ja8zNyLK3VmJbnkiNw0orVByJPlk3Y6DzCa0E5nH.jpeg', 1, 0, 0, '2025-11-12 09:07:48', '2025-11-12 11:35:48'),
(82, 25, 'BLACK BEADS & CHAINS', 'black-beads-chains', 'SKT403', 'BC-20251112-633893', 895.00, 895.00, 40, 40, 2, NULL, NULL, '', '', 'products/6914be66dc6d9_RQjJTmXmPPjjGe828zhfJkbd7YC0VlIQsexVHgoG.jpeg', 1, 0, 0, '2025-11-12 09:07:57', '2025-11-12 11:35:42'),
(56, 46, 'HARAM SETWITH EAR RINGS', 'haram-setwith-ear-rings', 'SKT186', 'BC-20251112-775767', 3190.00, 3190.00, 0, 0, 1, NULL, NULL, '', '', 'products/6914be5c7297e_xqbJXmUNYLGwRLxxKL7OC3LMNQRAFIh38V9Rbuwa.jpeg', 1, 0, 0, '2025-11-12 09:07:49', '2025-11-12 11:35:32'),
(57, 9, 'SHORT HARAM', 'short-haram', 'SKT270', 'BC-20251112-445506', 3490.00, 3490.00, 3, 3, 1, NULL, NULL, '', '', 'products/6914be60eb181_AvF3IjL0VSaPJUyW9cmg43pJkdeQ4zs3u7agkHfk.jpeg', 1, 0, 0, '2025-11-12 09:07:49', '2025-11-12 11:35:36'),
(58, 24, 'SINGLLE LINE MANGALSUTRAS', 'singlle-line-mangalsutras', 'SKT196', 'BC-20251112-861428', 695.00, 695.00, 40, 40, 1, NULL, NULL, '', '', 'products/6914be5ca2a4c_hRfdxLFx0lvRNjbERqUy9yTVbUj0PTONvcYZ0LkG.jpeg', 1, 0, 0, '2025-11-12 09:07:49', '2025-11-12 11:35:32'),
(59, 52, 'BUGADI', 'bugadi', 'SKT218', 'BC-20251112-167652', 150.00, 150.00, 100, 100, 3, NULL, NULL, '', '', 'products/6914be772a974_nMsqf6hnNKabReiXiu50430Hdhs7vUXCTYYIVBXJ.jpeg', 1, 0, 0, '2025-11-12 09:07:50', '2025-11-12 11:35:59'),
(60, 9, 'JADAU STONE SHORT NECKLACE', 'jadau-stone-short-necklace', 'SKT236', 'BC-20251112-596055', 2190.00, 2190.00, 4, 4, 1, NULL, NULL, '', '', 'products/6914be5eb0e9a_bw7eiHURnTdJFZfuMv1ZbECU2z26lyxXUBZVMTty.jpeg', 1, 0, 0, '2025-11-12 09:07:51', '2025-11-12 11:35:34'),
(61, 14, 'FLEXIBLE CHAIN', 'flexible-chain', 'SKT237', 'BC-20251112-376734', 895.00, 895.00, 40, 40, 2, NULL, NULL, '', '', 'products/6914be5ebe4f0_8AVKDOQ2Htbs0YnFnqLyODi0KBNZcXsUnx9kT2EW.jpeg', 1, 0, 0, '2025-11-12 09:07:51', '2025-11-12 11:35:34'),
(62, 39, 'Rings', 'rings', 'SKT262', 'BC-20251112-284520', 195.00, 195.00, 50, 50, 2, NULL, NULL, '', '', 'products/6914be77b2c33_NEYqvieymIaUCO2FHnfuusHpfmfjcbZD6PsxOWIv.jpg', 1, 0, 0, '2025-11-12 09:07:51', '2025-11-12 11:35:59'),
(63, 25, 'SHORT MANGALSUTRAS', 'short-mangalsutras', 'SKT357', 'BC-20251112-968159', 495.00, 495.00, 100, 100, 2, NULL, NULL, '', '', 'products/6914be68a82a4_mc5sib7BwI696wz4p64Wyo0CgC6mZeLpVxYT1hly.jpeg', 1, 0, 0, '2025-11-12 09:07:53', '2025-11-12 11:35:44'),
(64, 14, 'CHAINS WITH EAR RINGS', 'chains-with-ear-rings', 'SKT295', 'BC-20251112-089404', 395.00, 395.00, 100, 100, 1, NULL, NULL, '', '', 'products/6914be6179f11_M9bfZTBoa3VD85cvlkgcR8gnSsSx7zJRedi2r04M.jpeg', 1, 0, 0, '2025-11-12 09:07:53', '2025-11-12 11:35:37'),
(65, 51, 'EARCUFFS', 'earcuffs', 'SKT300', 'BC-20251112-909860', 295.00, 295.00, 100, 124, 3, NULL, NULL, '', '', 'products/6914be61b0af6_aUYFg4ewIrTkhgT91eyqaWTOMaYC4kNtV7KDVWVT.jpeg', 1, 0, 0, '2025-11-12 09:07:53', '2025-11-21 08:13:55'),
(66, 48, 'BEADS', 'beads', 'SKT388', 'BC-20251112-925015', 1895.00, 1895.00, 0, 0, 1, NULL, NULL, '', '', 'products/6914be766fcd6_eHMIukTIgraADVSrTR5Fm9hXAYpGo6vzggNlobUP.jpeg', 1, 0, 0, '2025-11-12 09:07:53', '2025-11-12 11:35:58'),
(67, 11, 'PENDENT', 'pendent', 'SKT307', 'BC-20251112-303935', 895.00, 895.00, 30, 30, 1, NULL, NULL, '', '', 'products/6914be79e0bb7_ebXSKa3KIfnKawakVOZlyg6loK2CbQKvztoJ6LH4.jpeg', 1, 0, 0, '2025-11-12 09:07:53', '2025-11-12 11:36:01'),
(68, 14, 'CHAIIN WITH EARRINGS', 'chaiin-with-earrings', 'SKT314', 'BC-20251112-807062', 395.00, 395.00, 70, 70, 1, NULL, NULL, '', '', 'products/6914be6261ddc_NJf0piw1nINPqzAM9ccLTL0ymbZn6aJLcFMZAyNS.jpeg', 1, 0, 0, '2025-11-12 09:07:54', '2025-11-12 11:35:38'),
(69, 14, 'CHAIN WITH BLACK BEADS', 'chain-with-black-beads', 'SKT322', 'BC-20251112-800351', 695.00, 695.00, 40, 40, 2, NULL, NULL, '', '', 'products/6914be62c14cf_DInSQYNALh2QzCY75jAGUslTKyzYW54Y8X0pn1Tw.jpeg', 1, 0, 0, '2025-11-12 09:07:54', '2025-11-12 11:35:38'),
(71, 16, 'KIDS EAR RINGS', 'kids-ear-rings', 'SKT359', 'BC-20251112-618023', 150.00, 150.00, 190, 190, 3, NULL, NULL, '', '', 'products/6914be64d1ca2_v0DMcEKRRP47qvyVvC7UCsX8QDuuzVYuQzDQRSio.jpeg', 1, 0, 0, '2025-11-12 09:07:56', '2025-11-12 11:35:40'),
(72, 24, 'SINGLE LIE MANGALSUTRAS', 'single-lie-mangalsutras', 'SKT361', 'BC-20251112-113593', 295.00, 295.00, 100, 100, 2, NULL, NULL, '', '', 'products/6914be64e79e2_Livy88Sfwv2vd6OzQglehOHXaiW1WW1Hkkg1Jmci.jpeg', 1, 0, 0, '2025-11-12 09:07:56', '2025-11-12 11:35:40'),
(73, 41, 'KIDS VADDANAM', 'kids-vaddanam', 'SKT362', 'BC-20251112-194060', 895.00, 895.00, 20, 20, 2, NULL, NULL, '', '', 'products/6914be64f19e7_5qf12VAihN5fgsr0QnQNTCPBKHnkLGGCWsLRXqDV.jpeg', 1, 0, 0, '2025-11-12 09:07:56', '2025-11-12 11:35:41'),
(74, 14, 'CHANDRAHARAM', 'chandraharam', 'SKT381', 'BC-20251112-546122', 695.00, 695.00, 80, 80, 2, NULL, NULL, '', '', 'products/6914be65884d8_Z3YKUjtE86GSgc16s8PO0dQZgnwHbwBiqH0oC78k.jpeg', 1, 0, 0, '2025-11-12 09:07:56', '2025-11-12 11:35:41'),
(76, 48, 'REAL BEADS', 'real-beads', 'SKT393', 'BC-20251112-731557', 2190.00, 2190.00, 10, 10, 2, NULL, NULL, '', '', 'products/6914be666c144_ilj0ML7RuhDDxlzsB1neYhysvUUAwXO1OHs5o6jH.jpeg', 1, 0, 0, '2025-11-12 09:07:57', '2025-11-12 11:35:42'),
(77, 48, 'REAL BLACK BEADS', 'real-black-beads', 'SKT386', 'BC-20251112-981016', 895.00, 895.00, 50, 50, 2, NULL, NULL, '', '', 'products/6914be661d03d_X4exo6J8oxHtne0tDzYfBFvMAgzwg9k5PtnRV6Ul.jpeg', 1, 0, 0, '2025-11-12 09:07:57', '2025-11-12 11:35:42'),
(78, 53, 'KIDS MURUGULU', 'kids-murugulu', 'SKT391', 'BC-20251112-706027', 195.00, 195.00, 70, 70, 3, NULL, NULL, '', '', 'products/6914be6658d35_bvLpk8xMBvXpFJdRV06Ix2sgsrcEVbRbtWnijrwE.jpeg', 1, 0, 0, '2025-11-12 09:07:57', '2025-11-12 11:35:42'),
(79, 4, 'MICRO BANGLES', 'micro-bangles', 'SKT394', 'BC-20251112-542779', 795.00, 795.00, 3, 3, 3, NULL, NULL, '', '', 'products/6914be6678e97_I9ujuXXr8iIvADOWSqb9HtuSiiMH3CI0LHtXjwlJ.jpeg', 1, 0, 0, '2025-11-12 09:07:57', '2025-11-12 11:35:42'),
(80, 23, 'MICRO PLATED OPENABLE KADA', 'micro-plated-openable-kada', 'SKT395', 'BC-20251112-597059', 795.00, 795.00, 0, 0, 2, NULL, NULL, '', '', 'products/6914be6682269_qAmOHKVqfIj7ZApAvWZbctn7Vw7UU4RTiyWqiWSG.jpeg', 1, 0, 0, '2025-11-12 09:07:57', '2025-11-12 11:35:42'),
(81, 4, 'MICRO PLATEDBANGLES', 'micro-platedbangles', 'SKT396', 'BC-20251112-551110', 395.00, 395.00, 10, 10, 3, NULL, NULL, '', '', 'products/6914be668a204_HJJONZ3jzkpGwDEvBCnLww2IcflVYZxcHSMtGPBy.jpeg', 1, 0, 0, '2025-11-12 09:07:57', '2025-11-12 11:35:42'),
(83, 25, 'SHORT MANGALSUTRA & CHAINS', 'short-mangalsutra-chains', 'SKT405', 'BC-20251112-335852', 695.00, 695.00, 30, 30, 2, NULL, NULL, '', '', 'products/6914be66f2253_vyBgshdxbXVRxccMvSJsE3DAlMEZ67nw5MHiwMjZ.jpeg', 1, 0, 0, '2025-11-12 09:07:58', '2025-11-12 11:35:43'),
(84, 48, 'PREMIUM BEADS', 'premium-beads', 'SKT409', 'BC-20251112-071454', 1895.00, 1895.00, 10, 10, 2, NULL, NULL, '', '', 'products/6914be671faad_23vU5iprAozV3NW0x5r2nTGSjrJcHfqmLAWSd7ZE.jpeg', 1, 0, 0, '2025-11-12 09:07:58', '2025-11-12 11:35:43'),
(85, 25, 'BEEDS &CHAIN', 'beeds-chain', 'SKT408', 'BC-20251112-256992', 395.00, 395.00, 0, 0, 2, NULL, NULL, '', '', 'products/6914be6729d59_egmQR0PooabCxUAQNTqLPLSfpnF8DcJQVRtOUjUo.jpeg', 1, 0, 0, '2025-11-12 09:07:58', '2025-11-12 11:35:43'),
(87, 14, 'SINGLE LINE MANGALSUTRA & CHAIN', 'single-line-mangalsutra-chain', 'SKT419', 'BC-20251112-463174', 395.00, 395.00, 30, 30, 2, NULL, NULL, '', '', 'products/6914be7547eee_czl8SlZxUvDkmhYSIFo26VOFyi2eNqX8K77UFxjZ.jpeg', 1, 0, 0, '2025-11-12 09:07:58', '2025-11-12 11:35:57'),
(86, 23, 'OPENABLE KADA', 'openable-kada', 'SKT418', 'BC-20251112-478894', 895.00, 895.00, 100, 100, 2, NULL, NULL, '', '', 'products/6914be67a7d49_V5c8itbcDUEROfnOBUbHIuTJnOXqS7Mbzughjbff.jpeg', 1, 0, 0, '2025-11-12 09:07:58', '2025-11-12 11:35:43'),
(88, 30, 'LONG GANGA JAMUNA', 'long-ganga-jamuna', NULL, 'BC-20251112-001550', 4390.00, 4390.00, 6, 6, 2, NULL, NULL, '', '', 'products/6914be718156f_Xs4prP2ycZsRyjJlyCgIk65tQRxt3EP3bmvr7okQ.jpeg', 1, 0, 0, '2025-11-12 09:07:59', '2025-11-12 11:35:53'),
(89, 10, 'CHANGEBLE LONG NECKLACE', 'changeble-long-necklace', NULL, 'BC-20251112-024813', 3290.00, 3290.00, 5, 5, 1, NULL, NULL, '', '', 'products/6914be691fdbe_Hqh7eSW8zS6UCBD1p1tkrkY3EUeIeisGCbraUkw9.jpeg', 1, 0, 0, '2025-11-12 09:07:59', '2025-11-12 11:35:45'),
(90, 9, 'CHANGEBLE  SHORT NECKLACE', 'changeble-short-necklace', NULL, 'BC-20251112-700112', 2490.00, 2490.00, 5, 5, 1, NULL, NULL, '', '', 'products/6914be69286bf_MCn4Sztk101iADwDB2breVORiqFvuIIoaEoQm1C2.jpeg', 1, 0, 0, '2025-11-12 09:07:59', '2025-11-12 11:35:45'),
(92, 35, 'CHAMPASWARALU', 'champaswaralu', NULL, 'BC-20251112-099289', 195.00, 195.00, 30, 30, 3, NULL, NULL, '', '', 'products/6914be6bc2f51_CVZfBoVSy7NpgnabiPhvKSvzljgbtyhefoyn2ufC.jpeg', 1, 0, 0, '2025-11-12 09:08:01', '2025-11-12 11:35:47'),
(91, 18, 'CHANGEABLE EAR RINGS', 'changeable-ear-rings', NULL, 'BC-20251112-586355', 295.00, 295.00, 30, 30, 3, NULL, NULL, '', '', 'products/6914be6af07a3_Le1ysjgMYtFdotWZjJyVgmdQprF9gPXhIrMRb2Af.jpeg', 1, 0, 0, '2025-11-12 09:08:01', '2025-11-12 11:35:47'),
(93, 25, 'SHORT MANGALSUTRAS & CHAIN', 'short-mangalsutras-chain', NULL, 'BC-20251112-237780', 395.00, 395.00, 25, 25, 1, NULL, NULL, '', '', 'products/6914be6bcc702_bH270VB6HrFbyyLFYyDC9iym7rIZSjACtsg3sJSU.jpeg', 1, 0, 0, '2025-11-12 09:08:01', '2025-11-12 11:35:47'),
(96, 15, 'EAR CUFF JHUMKAS', 'ear-cuff-jhumkas', NULL, 'BC-20251112-450961', 695.00, 695.00, 15, 15, 3, NULL, NULL, '', '', 'products/6914be6fcb833_GKarQzcPtm81oz2IHmvMPMaw4O1jXMFDptAZIGeZ.jpeg', 1, 0, 0, '2025-11-12 09:08:05', '2025-11-12 11:35:51'),
(95, 9, 'SHORTNECKLACE', 'shortnecklace', NULL, 'BC-20251112-172319', 695.00, 695.00, 15, 15, 1, NULL, NULL, '', '', 'products/6914be6cc89cb_3sU2zixzw6o31Rw86ASorIyuekwZQ67TJVWxBKxR.jpeg', 1, 0, 0, '2025-11-12 09:08:02', '2025-11-12 11:35:48'),
(97, 39, 'VANKI RINGA', 'vanki-ringa', NULL, 'BC-20251112-118865', 195.00, 195.00, 30, 30, 2, NULL, NULL, '', '', 'products/6914be719ba69_vquuQUjPl3LGKpX2QTcyo0FlBNT4vbmU7gSUwSw2.jpeg', 1, 0, 0, '2025-11-12 09:08:05', '2025-11-12 11:35:53'),
(100, 12, 'LAYER', 'layer', NULL, 'BC-20251112-450223', 595.00, 595.00, 20, 20, 2, NULL, NULL, '', '', 'products/6914be73d2d26_qfxrDNou62c1fSjqD7PkK7woBArnTWQEZ6F2yYkv.jpeg', 1, 0, 0, '2025-11-12 09:08:07', '2025-11-12 11:35:55'),
(98, 22, 'BRACELETS', 'bracelets', NULL, 'BC-20251112-580085', 295.00, 295.00, 50, 50, 2, NULL, NULL, '', '', 'products/6914be7b2ff74_BF3lKcp2KHPGbVR7pLPvkdVaPbzEMEsoQrjEwdmX.jpeg', 1, 0, 0, '2025-11-12 09:08:06', '2025-11-12 11:36:03'),
(101, 47, 'COMBO SET', 'combo-set', NULL, 'BC-20251112-307786', 995.00, 995.00, 5, 5, 2, NULL, NULL, '', '', 'products/6914be740e5ef_uV9wWHEHjcNXMZ75secm0uRqY92eZzOh8uutZdpF.jpeg', 1, 0, 0, '2025-11-12 09:08:07', '2025-11-12 11:35:56'),
(102, 25, 'BLACK BEEDS', 'black-beeds', NULL, 'BC-20251112-299445', 495.00, 495.00, 40, 40, 2, NULL, NULL, '', '', 'products/6914be78c4c5f_Iay2PivGanZjm4xibLb05XkMtaahW7shDxty0qa3.jpg', 1, 0, 0, '2025-11-12 09:08:11', '2025-11-12 11:36:00'),
(103, 12, 'HASSEL', 'hassel', NULL, 'BC-20251112-502133', 495.00, 495.00, 50, 50, 2, NULL, NULL, '', '', 'products/6914be78eed11_CIg2LUzQknOnZeEbGx0rD2oOqL9Nuqiv1jL2p7O8.jpg', 1, 0, 0, '2025-11-12 09:08:12', '2025-11-12 11:36:00'),
(104, 11, 'PENDENTS', 'pendents', NULL, 'BC-20251112-242462', 695.00, 695.00, 30, 30, 2, NULL, NULL, '', '', 'products/6914be7904fe2_ZG7XOoiYkLdsPgAeGAelrmYFqgnP7VOkz4nT9KLr.jpg', 1, 0, 0, '2025-11-12 09:08:12', '2025-11-12 11:36:01'),
(106, 39, 'Rings for women', 'rings-1', NULL, 'BC-20251113-063361', 999.00, 1999.00, 0, 100, 2, NULL, NULL, 'Rings', 'Rings', 'products/Hx3XesZ3eBclc1dQLWvqvzNWCQOR1is7lxkWCHnc.jpg', 1, 1, 1, '2025-11-12 20:18:30', '2025-11-21 05:49:35');

-- --------------------------------------------------------

--
-- Table structure for table `product_stock_movements`
--

CREATE TABLE IF NOT EXISTS `product_stock_movements` (
  `id` bigint UNSIGNED NOT NULL AUTO_INCREMENT,
  `product_id` bigint UNSIGNED NOT NULL,
  `type` enum('opening_stock','restock','sale') COLLATE utf8mb4_unicode_ci NOT NULL DEFAULT 'restock',
  `quantity` int NOT NULL,
  `notes` text COLLATE utf8mb4_unicode_ci,
  `created_by` bigint UNSIGNED NOT NULL,
  `created_at` timestamp NULL DEFAULT NULL,
  `updated_at` timestamp NULL DEFAULT NULL,
  PRIMARY KEY (`id`),
  KEY `product_stock_movements_created_by_foreign` (`created_by`),
  KEY `product_stock_movements_product_id_index` (`product_id`),
  KEY `product_stock_movements_type_index` (`type`),
  KEY `product_stock_movements_created_at_index` (`created_at`)
) ENGINE=MyISAM AUTO_INCREMENT=98 DEFAULT CHARSET=utf8mb4 COLLATE=utf8mb4_unicode_ci;

--
-- Dumping data for table `product_stock_movements`
--

INSERT INTO `product_stock_movements` (`id`, `product_id`, `type`, `quantity`, `notes`, `created_by`, `created_at`, `updated_at`) VALUES
(1, 106, 'restock', 100, NULL, 1, '2025-11-21 05:46:28', '2025-11-21 05:46:28'),
(2, 75, 'restock', 50, NULL, 1, '2025-11-21 05:48:31', '2025-11-21 05:48:31'),
(3, 75, 'restock', 90, NULL, 1, '2025-11-21 05:48:47', '2025-11-21 05:48:47'),
(4, 4, 'opening_stock', 1, 'Migrated from existing stock', 1, '2025-11-21 05:53:01', '2025-11-21 05:53:01'),
(5, 6, 'opening_stock', 30, 'Migrated from existing stock', 1, '2025-11-21 05:53:01', '2025-11-21 05:53:01'),
(6, 7, 'opening_stock', 15, 'Migrated from existing stock', 1, '2025-11-21 05:53:01', '2025-11-21 05:53:01'),
(7, 8, 'opening_stock', 10, 'Migrated from existing stock', 1, '2025-11-21 05:53:01', '2025-11-21 05:53:01'),
(8, 9, 'opening_stock', 30, 'Migrated from existing stock', 1, '2025-11-21 05:53:01', '2025-11-21 05:53:01'),
(9, 10, 'opening_stock', 10, 'Migrated from existing stock', 1, '2025-11-21 05:53:01', '2025-11-21 05:53:01'),
(10, 11, 'opening_stock', 20, 'Migrated from existing stock', 1, '2025-11-21 05:53:01', '2025-11-21 05:53:01'),
(11, 12, 'opening_stock', 50, 'Migrated from existing stock', 1, '2025-11-21 05:53:01', '2025-11-21 05:53:01'),
(12, 13, 'opening_stock', 70, 'Migrated from existing stock', 1, '2025-11-21 05:53:01', '2025-11-21 05:53:01'),
(13, 16, 'opening_stock', 20, 'Migrated from existing stock', 1, '2025-11-21 05:53:01', '2025-11-21 05:53:01'),
(14, 21, 'opening_stock', 10, 'Migrated from existing stock', 1, '2025-11-21 05:53:01', '2025-11-21 05:53:01'),
(15, 17, 'opening_stock', 50, 'Migrated from existing stock', 1, '2025-11-21 05:53:01', '2025-11-21 05:53:01'),
(16, 18, 'opening_stock', 39, 'Migrated from existing stock', 1, '2025-11-21 05:53:01', '2025-11-21 05:53:01'),
(17, 20, 'opening_stock', 15, 'Migrated from existing stock', 1, '2025-11-21 05:53:01', '2025-11-21 05:53:01'),
(18, 22, 'opening_stock', 40, 'Migrated from existing stock', 1, '2025-11-21 05:53:01', '2025-11-21 05:53:01'),
(19, 40, 'opening_stock', 3, 'Migrated from existing stock', 1, '2025-11-21 05:53:01', '2025-11-21 05:53:01'),
(20, 27, 'opening_stock', 50, 'Migrated from existing stock', 1, '2025-11-21 05:53:01', '2025-11-21 05:53:01'),
(21, 35, 'opening_stock', 49, 'Migrated from existing stock', 1, '2025-11-21 05:53:01', '2025-11-21 05:53:01'),
(22, 31, 'opening_stock', 54, 'Migrated from existing stock', 1, '2025-11-21 05:53:01', '2025-11-21 05:53:01'),
(23, 32, 'opening_stock', 300, 'Migrated from existing stock', 1, '2025-11-21 05:53:01', '2025-11-21 05:53:01'),
(24, 33, 'opening_stock', 70, 'Migrated from existing stock', 1, '2025-11-21 05:53:01', '2025-11-21 05:53:01'),
(25, 36, 'opening_stock', 63, 'Migrated from existing stock', 1, '2025-11-21 05:53:01', '2025-11-21 05:53:01'),
(26, 37, 'opening_stock', 76, 'Migrated from existing stock', 1, '2025-11-21 05:53:01', '2025-11-21 05:53:01'),
(27, 99, 'opening_stock', 4, 'Migrated from existing stock', 1, '2025-11-21 05:53:01', '2025-11-21 05:53:01'),
(28, 38, 'opening_stock', 79, 'Migrated from existing stock', 1, '2025-11-21 05:53:01', '2025-11-21 05:53:01'),
(29, 39, 'opening_stock', 50, 'Migrated from existing stock', 1, '2025-11-21 05:53:01', '2025-11-21 05:53:01'),
(30, 41, 'opening_stock', 15, 'Migrated from existing stock', 1, '2025-11-21 05:53:01', '2025-11-21 05:53:01'),
(31, 70, 'opening_stock', 10, 'Migrated from existing stock', 1, '2025-11-21 05:53:01', '2025-11-21 05:53:01'),
(32, 43, 'opening_stock', 100, 'Migrated from existing stock', 1, '2025-11-21 05:53:01', '2025-11-21 05:53:01'),
(33, 44, 'opening_stock', 50, 'Migrated from existing stock', 1, '2025-11-21 05:53:01', '2025-11-21 05:53:01'),
(34, 94, 'opening_stock', 5, 'Migrated from existing stock', 1, '2025-11-21 05:53:01', '2025-11-21 05:53:01'),
(35, 45, 'opening_stock', 70, 'Migrated from existing stock', 1, '2025-11-21 05:53:01', '2025-11-21 05:53:01'),
(36, 46, 'opening_stock', 48, 'Migrated from existing stock', 1, '2025-11-21 05:53:01', '2025-11-21 05:53:01'),
(37, 47, 'opening_stock', 2, 'Migrated from existing stock', 1, '2025-11-21 05:53:01', '2025-11-21 05:53:01'),
(38, 48, 'opening_stock', 5, 'Migrated from existing stock', 1, '2025-11-21 05:53:01', '2025-11-21 05:53:01'),
(39, 49, 'opening_stock', 40, 'Migrated from existing stock', 1, '2025-11-21 05:53:01', '2025-11-21 05:53:01'),
(40, 50, 'opening_stock', 49, 'Migrated from existing stock', 1, '2025-11-21 05:53:01', '2025-11-21 05:53:01'),
(41, 51, 'opening_stock', 50, 'Migrated from existing stock', 1, '2025-11-21 05:53:01', '2025-11-21 05:53:01'),
(42, 52, 'opening_stock', 50, 'Migrated from existing stock', 1, '2025-11-21 05:53:01', '2025-11-21 05:53:01'),
(43, 53, 'opening_stock', 50, 'Migrated from existing stock', 1, '2025-11-21 05:53:01', '2025-11-21 05:53:01'),
(44, 54, 'opening_stock', 50, 'Migrated from existing stock', 1, '2025-11-21 05:53:01', '2025-11-21 05:53:01'),
(45, 55, 'opening_stock', 20, 'Migrated from existing stock', 1, '2025-11-21 05:53:01', '2025-11-21 05:53:01'),
(46, 82, 'opening_stock', 40, 'Migrated from existing stock', 1, '2025-11-21 05:53:01', '2025-11-21 05:53:01'),
(47, 57, 'opening_stock', 3, 'Migrated from existing stock', 1, '2025-11-21 05:53:01', '2025-11-21 05:53:01'),
(48, 58, 'opening_stock', 40, 'Migrated from existing stock', 1, '2025-11-21 05:53:01', '2025-11-21 05:53:01'),
(49, 59, 'opening_stock', 100, 'Migrated from existing stock', 1, '2025-11-21 05:53:01', '2025-11-21 05:53:01'),
(50, 60, 'opening_stock', 4, 'Migrated from existing stock', 1, '2025-11-21 05:53:01', '2025-11-21 05:53:01'),
(51, 61, 'opening_stock', 40, 'Migrated from existing stock', 1, '2025-11-21 05:53:01', '2025-11-21 05:53:01'),
(52, 62, 'opening_stock', 50, 'Migrated from existing stock', 1, '2025-11-21 05:53:01', '2025-11-21 05:53:01'),
(53, 63, 'opening_stock', 100, 'Migrated from existing stock', 1, '2025-11-21 05:53:01', '2025-11-21 05:53:01'),
(54, 64, 'opening_stock', 100, 'Migrated from existing stock', 1, '2025-11-21 05:53:01', '2025-11-21 05:53:01'),
(55, 65, 'opening_stock', 100, 'Migrated from existing stock', 1, '2025-11-21 05:53:01', '2025-11-21 05:53:01'),
(56, 67, 'opening_stock', 30, 'Migrated from existing stock', 1, '2025-11-21 05:53:01', '2025-11-21 05:53:01'),
(57, 68, 'opening_stock', 70, 'Migrated from existing stock', 1, '2025-11-21 05:53:01', '2025-11-21 05:53:01'),
(58, 69, 'opening_stock', 40, 'Migrated from existing stock', 1, '2025-11-21 05:53:01', '2025-11-21 05:53:01'),
(59, 71, 'opening_stock', 190, 'Migrated from existing stock', 1, '2025-11-21 05:53:01', '2025-11-21 05:53:01'),
(60, 72, 'opening_stock', 100, 'Migrated from existing stock', 1, '2025-11-21 05:53:01', '2025-11-21 05:53:01'),
(61, 73, 'opening_stock', 20, 'Migrated from existing stock', 1, '2025-11-21 05:53:01', '2025-11-21 05:53:01'),
(62, 74, 'opening_stock', 80, 'Migrated from existing stock', 1, '2025-11-21 05:53:01', '2025-11-21 05:53:01'),
(63, 76, 'opening_stock', 10, 'Migrated from existing stock', 1, '2025-11-21 05:53:01', '2025-11-21 05:53:01'),
(64, 77, 'opening_stock', 50, 'Migrated from existing stock', 1, '2025-11-21 05:53:01', '2025-11-21 05:53:01'),
(65, 78, 'opening_stock', 70, 'Migrated from existing stock', 1, '2025-11-21 05:53:01', '2025-11-21 05:53:01'),
(66, 79, 'opening_stock', 3, 'Migrated from existing stock', 1, '2025-11-21 05:53:01', '2025-11-21 05:53:01'),
(67, 81, 'opening_stock', 10, 'Migrated from existing stock', 1, '2025-11-21 05:53:01', '2025-11-21 05:53:01'),
(68, 83, 'opening_stock', 30, 'Migrated from existing stock', 1, '2025-11-21 05:53:01', '2025-11-21 05:53:01'),
(69, 84, 'opening_stock', 10, 'Migrated from existing stock', 1, '2025-11-21 05:53:01', '2025-11-21 05:53:01'),
(70, 87, 'opening_stock', 30, 'Migrated from existing stock', 1, '2025-11-21 05:53:01', '2025-11-21 05:53:01'),
(71, 86, 'opening_stock', 100, 'Migrated from existing stock', 1, '2025-11-21 05:53:01', '2025-11-21 05:53:01'),
(72, 88, 'opening_stock', 6, 'Migrated from existing stock', 1, '2025-11-21 05:53:01', '2025-11-21 05:53:01'),
(73, 89, 'opening_stock', 5, 'Migrated from existing stock', 1, '2025-11-21 05:53:01', '2025-11-21 05:53:01'),
(74, 90, 'opening_stock', 5, 'Migrated from existing stock', 1, '2025-11-21 05:53:01', '2025-11-21 05:53:01'),
(75, 92, 'opening_stock', 30, 'Migrated from existing stock', 1, '2025-11-21 05:53:01', '2025-11-21 05:53:01'),
(76, 91, 'opening_stock', 30, 'Migrated from existing stock', 1, '2025-11-21 05:53:01', '2025-11-21 05:53:01'),
(77, 93, 'opening_stock', 25, 'Migrated from existing stock', 1, '2025-11-21 05:53:01', '2025-11-21 05:53:01'),
(78, 96, 'opening_stock', 15, 'Migrated from existing stock', 1, '2025-11-21 05:53:01', '2025-11-21 05:53:01'),
(79, 95, 'opening_stock', 15, 'Migrated from existing stock', 1, '2025-11-21 05:53:01', '2025-11-21 05:53:01'),
(80, 97, 'opening_stock', 30, 'Migrated from existing stock', 1, '2025-11-21 05:53:01', '2025-11-21 05:53:01'),
(81, 100, 'opening_stock', 20, 'Migrated from existing stock', 1, '2025-11-21 05:53:01', '2025-11-21 05:53:01'),
(82, 98, 'opening_stock', 50, 'Migrated from existing stock', 1, '2025-11-21 05:53:01', '2025-11-21 05:53:01'),
(83, 101, 'opening_stock', 5, 'Migrated from existing stock', 1, '2025-11-21 05:53:01', '2025-11-21 05:53:01'),
(84, 102, 'opening_stock', 40, 'Migrated from existing stock', 1, '2025-11-21 05:53:01', '2025-11-21 05:53:01'),
(85, 103, 'opening_stock', 50, 'Migrated from existing stock', 1, '2025-11-21 05:53:01', '2025-11-21 05:53:01'),
(86, 104, 'opening_stock', 30, 'Migrated from existing stock', 1, '2025-11-21 05:53:01', '2025-11-21 05:53:01'),
(87, 8, 'sale', -1, 'POS Order #5', 1, '2025-11-21 07:11:29', '2025-11-21 07:11:29'),
(88, 10, 'sale', -2, 'POS Order #5', 1, '2025-11-21 07:11:30', '2025-11-21 07:11:30'),
(89, 12, 'sale', -1, 'POS Order #5', 1, '2025-11-21 07:11:30', '2025-11-21 07:11:30'),
(90, 40, 'sale', -1, 'POS Order #5', 1, '2025-11-21 07:11:30', '2025-11-21 07:11:30'),
(91, 22, 'sale', -1, 'POS Order #5', 1, '2025-11-21 07:11:30', '2025-11-21 07:11:30'),
(92, 7, 'sale', -1, 'POS Order #6', 1, '2025-11-21 07:18:54', '2025-11-21 07:18:54'),
(93, 65, 'restock', 24, NULL, 1, '2025-11-21 08:13:55', '2025-11-21 08:13:55'),
(94, 8, 'sale', -1, 'POS Order #7', 1, '2025-11-21 08:16:34', '2025-11-21 08:16:34'),
(95, 9, 'sale', -1, 'POS Order #7', 1, '2025-11-21 08:16:34', '2025-11-21 08:16:34'),
(96, 10, 'sale', -1, 'POS Order #7', 1, '2025-11-21 08:16:34', '2025-11-21 08:16:34'),
(97, 51, 'sale', -1, 'POS Order #7', 1, '2025-11-21 08:16:34', '2025-11-21 08:16:34');

-- --------------------------------------------------------

--
-- Table structure for table `roles`
--

CREATE TABLE IF NOT EXISTS `roles` (
  `id` bigint UNSIGNED NOT NULL AUTO_INCREMENT,
  `name` varchar(100) COLLATE utf8mb4_unicode_ci NOT NULL,
  `guard_name` varchar(100) COLLATE utf8mb4_unicode_ci NOT NULL,
  `created_at` timestamp NULL DEFAULT NULL,
  `updated_at` timestamp NULL DEFAULT NULL,
  PRIMARY KEY (`id`),
  UNIQUE KEY `roles_name_guard_name_unique` (`name`,`guard_name`)
) ENGINE=MyISAM AUTO_INCREMENT=3 DEFAULT CHARSET=utf8mb4 COLLATE=utf8mb4_unicode_ci;

--
-- Dumping data for table `roles`
--

INSERT INTO `roles` (`id`, `name`, `guard_name`, `created_at`, `updated_at`) VALUES
(1, 'admin', 'web', '2025-11-12 08:45:45', '2025-11-12 08:45:45'),
(2, 'staff', 'web', '2025-11-12 08:45:45', '2025-11-12 08:45:45');

-- --------------------------------------------------------

--
-- Table structure for table `role_has_permissions`
--

CREATE TABLE IF NOT EXISTS `role_has_permissions` (
  `permission_id` bigint UNSIGNED NOT NULL,
  `role_id` bigint UNSIGNED NOT NULL,
  PRIMARY KEY (`permission_id`,`role_id`),
  KEY `role_has_permissions_role_id_foreign` (`role_id`)
) ENGINE=MyISAM DEFAULT CHARSET=utf8mb4 COLLATE=utf8mb4_unicode_ci;

--
-- Dumping data for table `role_has_permissions`
--

INSERT INTO `role_has_permissions` (`permission_id`, `role_id`) VALUES
(1, 1),
(1, 2),
(2, 1),
(3, 1),
(3, 2),
(4, 1),
(5, 1),
(5, 2),
(6, 1),
(7, 1),
(8, 1),
(9, 1),
(9, 2),
(10, 1),
(10, 2),
(11, 1),
(11, 2),
(12, 1),
(13, 1),
(14, 1),
(14, 2),
(15, 1),
(16, 1),
(17, 1),
(17, 2);

-- --------------------------------------------------------

--
-- Table structure for table `sessions`
--

CREATE TABLE IF NOT EXISTS `sessions` (
  `id` varchar(191) COLLATE utf8mb4_unicode_ci NOT NULL,
  `user_id` bigint UNSIGNED DEFAULT NULL,
  `ip_address` varchar(45) COLLATE utf8mb4_unicode_ci DEFAULT NULL,
  `user_agent` text COLLATE utf8mb4_unicode_ci,
  `payload` longtext COLLATE utf8mb4_unicode_ci NOT NULL,
  `last_activity` int NOT NULL,
  PRIMARY KEY (`id`),
  KEY `sessions_user_id_index` (`user_id`),
  KEY `sessions_last_activity_index` (`last_activity`)
) ENGINE=MyISAM DEFAULT CHARSET=utf8mb4 COLLATE=utf8mb4_unicode_ci;

--
-- Dumping data for table `sessions`
--

INSERT INTO `sessions` (`id`, `user_id`, `ip_address`, `user_agent`, `payload`, `last_activity`) VALUES
('dFeHETRggPPtCoOb7TlBozyU7byPGteovLnm606u', 1, '::1', 'Mozilla/5.0 (Windows NT 10.0; Win64; x64) AppleWebKit/537.36 (KHTML, like Gecko) Chrome/142.0.0.0 Safari/537.36', 'YTo0OntzOjY6Il90b2tlbiI7czo0MDoiTzJldkdINDg4aFFZM3YxVXhEcmt4aTVvWWFodzdtem9kMGFSOGpWeSI7czo1MDoibG9naW5fd2ViXzU5YmEzNmFkZGMyYjJmOTQwMTU4MGYwMTRjN2Y1OGVhNGUzMDk4OWQiO2k6MTtzOjk6Il9wcmV2aW91cyI7YToyOntzOjM6InVybCI7czoyMToiaHR0cDovL2Vjb20ubGl0ZS9jYXJ0IjtzOjU6InJvdXRlIjtzOjEwOiJjYXJ0LmluZGV4Ijt9czo2OiJfZmxhc2giO2E6Mjp7czozOiJvbGQiO2E6MDp7fXM6MzoibmV3IjthOjA6e319fQ==', 1763748337),
('SOnM2lTcTtaf9WRzy6gY6kMwkTbKdkshXlKwUHrJ', 1, '::1', 'Mozilla/5.0 (Windows NT 10.0; Win64; x64) AppleWebKit/537.36 (KHTML, like Gecko) Chrome/142.0.0.0 Safari/537.36', 'YTo0OntzOjY6Il90b2tlbiI7czo0MDoialhFbHRrUDZOQ09GcEZpZDdtMnNzMG1pN1VRYnMyRm1pakhWblR6SiI7czo1MDoibG9naW5fd2ViXzU5YmEzNmFkZGMyYjJmOTQwMTU4MGYwMTRjN2Y1OGVhNGUzMDk4OWQiO2k6MTtzOjk6Il9wcmV2aW91cyI7YToyOntzOjM6InVybCI7czozMjoiaHR0cDovL2Vjb20ubGl0ZS9wcm9kdWN0L3JpbmdzLTEiO3M6NToicm91dGUiO3M6MTI6InByb2R1Y3Quc2hvdyI7fXM6NjoiX2ZsYXNoIjthOjI6e3M6Mzoib2xkIjthOjA6e31zOjM6Im5ldyI7YTowOnt9fX0=', 1763992554),
('tRUJCHOadUvdLEKLfc7fNQPih2cp76uKCm4cacLr', 1, '::1', 'Mozilla/5.0 (Windows NT 10.0; Win64; x64) AppleWebKit/537.36 (KHTML, like Gecko) Chrome/142.0.0.0 Safari/537.36', 'YTo0OntzOjY6Il90b2tlbiI7czo0MDoiaDRZOUlIRFR1VGZjMHhZSkRvVmY3UWZQb0ZPczIzb2pHdFhvNWpIeiI7czo1MDoibG9naW5fd2ViXzU5YmEzNmFkZGMyYjJmOTQwMTU4MGYwMTRjN2Y1OGVhNGUzMDk4OWQiO2k6MTtzOjk6Il9wcmV2aW91cyI7YToyOntzOjM6InVybCI7czozMToiaHR0cDovL2Vjb20ubGl0ZS9hZG1pbi9wcm9kdWN0cyI7czo1OiJyb3V0ZSI7czoyMDoiYWRtaW4ucHJvZHVjdHMuaW5kZXgiO31zOjY6Il9mbGFzaCI7YToyOntzOjM6Im9sZCI7YTowOnt9czozOiJuZXciO2E6MDp7fX19', 1763815527),
('9qZdSJwR6hLf1T6CUn1CtFZqTKAFMSXv96Pu9avP', 1, '::1', 'Mozilla/5.0 (Windows NT 10.0; Win64; x64) AppleWebKit/537.36 (KHTML, like Gecko) Chrome/142.0.0.0 Safari/537.36', 'YTo0OntzOjY6Il90b2tlbiI7czo0MDoiMm5ieVBXYTJCMWEyb3ZzWTNIeUF2OWVHaDdQRDlTT1hMYVNCWlR2SyI7czo2OiJfZmxhc2giO2E6Mjp7czozOiJuZXciO2E6MDp7fXM6Mzoib2xkIjthOjA6e319czo5OiJfcHJldmlvdXMiO2E6Mjp7czozOiJ1cmwiO3M6MTAzOiJodHRwOi8vZWNvbS5saXRlL2FkbWluL29yZGVycz9kYXRlX2ZpbHRlcj1sYXN0X3llYXImZGF0ZV9mcm9tPSZkYXRlX3RvPSZwYXltZW50X3N0YXR1cz0mc291cmNlPSZzdGF0dXM9IjtzOjU6InJvdXRlIjtzOjE4OiJhZG1pbi5vcmRlcnMuaW5kZXgiO31zOjUwOiJsb2dpbl93ZWJfNTliYTM2YWRkYzJiMmY5NDAxNTgwZjAxNGM3ZjU4ZWE0ZTMwOTg5ZCI7aToxO30=', 1763794678);

-- --------------------------------------------------------

--
-- Table structure for table `settings`
--

CREATE TABLE IF NOT EXISTS `settings` (
  `id` bigint UNSIGNED NOT NULL AUTO_INCREMENT,
  `key` varchar(191) COLLATE utf8mb4_unicode_ci NOT NULL,
  `value` text COLLATE utf8mb4_unicode_ci,
  `created_at` timestamp NULL DEFAULT NULL,
  `updated_at` timestamp NULL DEFAULT NULL,
  PRIMARY KEY (`id`),
  UNIQUE KEY `settings_key_unique` (`key`),
  KEY `settings_key_index` (`key`)
) ENGINE=MyISAM AUTO_INCREMENT=20 DEFAULT CHARSET=utf8mb4 COLLATE=utf8mb4_unicode_ci;

--
-- Dumping data for table `settings`
--

INSERT INTO `settings` (`id`, `key`, `value`, `created_at`, `updated_at`) VALUES
(1, 'site_logo', 'settings/3m0fFygT14aSFO9xAqXNYx9wqNJOGKPxkRc6Wnx2.png', '2025-11-12 09:03:22', '2025-11-12 09:03:22'),
(2, 'site_logo_dark', 'settings/CeqqgOhXi1qWrnjh8Lla3xvPEGhYlxeDmA1W3XHY.png', '2025-11-12 09:03:22', '2025-11-12 09:03:22'),
(3, 'site_name', 'Sudheer KT One Gram Gold', '2025-11-12 09:03:22', '2025-11-12 12:12:15'),
(4, 'site_email', 'anjaneya@kiyocrm.com', '2025-11-12 09:03:22', '2025-11-12 09:03:22'),
(5, 'site_phone', '09966337448', '2025-11-12 09:03:22', '2025-11-12 09:03:22'),
(6, 'site_address', 'Latha Residency, Prasathi Hills\r\nPragathi Nagar', '2025-11-12 09:03:22', '2025-11-12 09:03:22'),
(7, 'meta_title', 'One Gram Gold Bangles | Latest Designs & Offers – Sudheer KT', '2025-11-12 09:03:22', '2025-11-12 09:03:22'),
(8, 'meta_description', NULL, '2025-11-12 09:03:22', '2025-11-12 09:03:22'),
(9, 'meta_keywords', 'One Gram Gold Bangles | Latest Designs & Offers – Sudheer KT', '2025-11-12 09:03:22', '2025-11-12 09:03:22'),
(10, 'payment_razorpay_enabled', '1', '2025-11-12 09:03:29', '2025-11-12 09:03:29'),
(11, 'payment_cod_enabled', '1', '2025-11-12 09:03:29', '2025-11-12 09:03:29'),
(12, 'sms_fast2sms_api_key', 'L7aFsP6iVn4TmN2hXEHgtB0YpAxjzRdCcWbey5lqfwkMSIU183swLiZqCHQf7eGT6EIzXWuYbrJNSgPU', '2025-11-21 10:10:54', '2025-11-21 10:10:54'),
(13, 'sms_fast2sms_sender', 'KiyoIT', '2025-11-21 10:10:54', '2025-11-21 10:10:54'),
(14, 'sms_fast2sms_route', 'dlt_manual', '2025-11-21 10:10:54', '2025-11-21 10:10:54'),
(15, 'sms_fast2sms_entity_id', '1701162780716530150', '2025-11-21 10:10:54', '2025-11-21 10:10:54'),
(16, 'sms_fast2sms_template_id_login', '1707171081385586580', '2025-11-21 10:10:54', '2025-11-21 10:10:54'),
(17, 'payment_razorpay_key_id', 'rzp_test_STh4nuMCZllhhB', '2025-11-21 10:20:49', '2025-11-21 10:20:49'),
(18, 'payment_razorpay_secret_key', 'ZUoPiEzMd71wpN2I9jtg5opi', '2025-11-21 10:20:49', '2025-11-21 10:20:49'),
(19, 'payment_razorpay_webhook_secret', '', '2025-11-21 10:20:49', '2025-11-21 10:20:49');

-- --------------------------------------------------------

--
-- Table structure for table `shipments`
--

CREATE TABLE IF NOT EXISTS `shipments` (
  `id` bigint UNSIGNED NOT NULL AUTO_INCREMENT,
  `order_id` bigint UNSIGNED NOT NULL,
  `carrier_id` bigint UNSIGNED NOT NULL,
  `tracking_id` varchar(255) COLLATE utf8mb4_unicode_ci DEFAULT NULL,
  `status` enum('pending','created','failed','delivered') COLLATE utf8mb4_unicode_ci NOT NULL DEFAULT 'pending',
  `label_url` varchar(255) COLLATE utf8mb4_unicode_ci DEFAULT NULL,
  `raw_response` json DEFAULT NULL,
  `metadata` json DEFAULT NULL,
  `created_at` timestamp NULL DEFAULT NULL,
  `updated_at` timestamp NULL DEFAULT NULL,
  PRIMARY KEY (`id`),
  KEY `shipments_order_id_index` (`order_id`),
  KEY `shipments_carrier_id_index` (`carrier_id`)
) ENGINE=MyISAM AUTO_INCREMENT=3 DEFAULT CHARSET=utf8mb4 COLLATE=utf8mb4_unicode_ci;

--
-- Dumping data for table `shipments`
--

INSERT INTO `shipments` (`id`, `order_id`, `carrier_id`, `tracking_id`, `status`, `label_url`, `raw_response`, `metadata`, `created_at`, `updated_at`) VALUES
(1, 4, 1, NULL, 'pending', NULL, NULL, '[]', '2025-11-21 11:42:10', '2025-11-21 11:42:10'),
(2, 3, 1, NULL, 'pending', NULL, NULL, NULL, '2025-11-21 12:16:59', '2025-11-21 12:16:59');

-- --------------------------------------------------------

--
-- Table structure for table `shipping_methods`
--

CREATE TABLE IF NOT EXISTS `shipping_methods` (
  `id` bigint UNSIGNED NOT NULL AUTO_INCREMENT,
  `name` varchar(255) COLLATE utf8mb4_unicode_ci NOT NULL,
  `code` varchar(191) COLLATE utf8mb4_unicode_ci NOT NULL,
  `description` text COLLATE utf8mb4_unicode_ci,
  `price` decimal(10,2) NOT NULL DEFAULT '0.00',
  `estimated_days_min` int DEFAULT NULL,
  `estimated_days_max` int DEFAULT NULL,
  `is_active` tinyint(1) NOT NULL DEFAULT '1',
  `sort_order` int NOT NULL DEFAULT '0',
  `created_at` timestamp NULL DEFAULT NULL,
  `updated_at` timestamp NULL DEFAULT NULL,
  PRIMARY KEY (`id`),
  UNIQUE KEY `shipping_methods_code_unique` (`code`),
  KEY `shipping_methods_code_index` (`code`),
  KEY `shipping_methods_is_active_index` (`is_active`),
  KEY `shipping_methods_sort_order_index` (`sort_order`)
) ENGINE=MyISAM AUTO_INCREMENT=2 DEFAULT CHARSET=utf8mb4 COLLATE=utf8mb4_unicode_ci;

--
-- Dumping data for table `shipping_methods`
--

INSERT INTO `shipping_methods` (`id`, `name`, `code`, `description`, `price`, `estimated_days_min`, `estimated_days_max`, `is_active`, `sort_order`, `created_at`, `updated_at`) VALUES
(1, 'Standard Delivery', 'standard', 'Standard Delivery', 100.00, 5, 7, 1, 0, '2025-11-12 08:51:42', '2025-11-12 08:51:42');

-- --------------------------------------------------------

--
-- Table structure for table `stock_reservations`
--

CREATE TABLE IF NOT EXISTS `stock_reservations` (
  `id` bigint UNSIGNED NOT NULL AUTO_INCREMENT,
  `product_id` bigint UNSIGNED NOT NULL,
  `order_id` bigint UNSIGNED DEFAULT NULL,
  `quantity` int NOT NULL,
  `reservation_token` varchar(64) COLLATE utf8mb4_unicode_ci NOT NULL,
  `expires_at` timestamp NOT NULL,
  `status` enum('pending','confirmed','expired','released') COLLATE utf8mb4_unicode_ci NOT NULL DEFAULT 'pending',
  `created_at` timestamp NULL DEFAULT NULL,
  `updated_at` timestamp NULL DEFAULT NULL,
  PRIMARY KEY (`id`),
  UNIQUE KEY `stock_reservations_reservation_token_unique` (`reservation_token`),
  KEY `stock_reservations_order_id_foreign` (`order_id`),
  KEY `stock_reservations_product_id_status_index` (`product_id`,`status`),
  KEY `stock_reservations_reservation_token_index` (`reservation_token`),
  KEY `stock_reservations_expires_at_index` (`expires_at`),
  KEY `idx_stock_reservations_product_status` (`product_id`,`status`)
) ENGINE=MyISAM AUTO_INCREMENT=5 DEFAULT CHARSET=utf8mb4 COLLATE=utf8mb4_unicode_ci;

--
-- Dumping data for table `stock_reservations`
--

INSERT INTO `stock_reservations` (`id`, `product_id`, `order_id`, `quantity`, `reservation_token`, `expires_at`, `status`, `created_at`, `updated_at`) VALUES
(1, 103, 1, 1, '277PDRC1EhrA6iFWxd6cPZNetLZjtQIDoWMTQgrqWBrupPqTWp0XJMWuM9MEHo72', '2025-11-12 09:24:02', 'confirmed', '2025-11-12 09:19:02', '2025-11-12 09:20:06'),
(2, 99, 2, 1, 'oTYiIoMsUyeFlK9zzfe5LamUz2oTbonUcA3rARUAG3FlZkYGGwQ0sBNtSuWdp4Aj', '2025-11-12 11:59:07', 'pending', '2025-11-12 11:54:07', '2025-11-12 11:54:07'),
(3, 99, 3, 1, 'PzTCL9dNIJLXuo9Hxa1f8O4WIUf9ONeNwYbMyV3nMaHHgmCY9nKqV1100hduuHm4', '2025-11-12 12:00:24', 'confirmed', '2025-11-12 11:55:24', '2025-11-12 11:55:58'),
(4, 106, 4, 1, 'YCFEPZPH6vmNs51Q0IJFLTDvqZdwMdSy9TDAWTIUpDa5Ty3VJnxfpI0Z0dUX0ezY', '2025-11-18 23:16:22', 'confirmed', '2025-11-18 23:11:22', '2025-11-18 23:12:31');

-- --------------------------------------------------------

--
-- Table structure for table `taxes`
--

CREATE TABLE IF NOT EXISTS `taxes` (
  `id` bigint UNSIGNED NOT NULL AUTO_INCREMENT,
  `name` varchar(255) COLLATE utf8mb4_unicode_ci NOT NULL,
  `type` enum('single','multiple') COLLATE utf8mb4_unicode_ci NOT NULL DEFAULT 'single',
  `rate` decimal(5,2) NOT NULL DEFAULT '0.00',
  `components` json DEFAULT NULL,
  `is_active` tinyint(1) NOT NULL DEFAULT '1',
  `created_at` timestamp NULL DEFAULT NULL,
  `updated_at` timestamp NULL DEFAULT NULL,
  PRIMARY KEY (`id`),
  KEY `taxes_is_active_index` (`is_active`)
) ENGINE=MyISAM AUTO_INCREMENT=3 DEFAULT CHARSET=utf8mb4 COLLATE=utf8mb4_unicode_ci;

--
-- Dumping data for table `taxes`
--

INSERT INTO `taxes` (`id`, `name`, `type`, `rate`, `components`, `is_active`, `created_at`, `updated_at`) VALUES
(1, 'GST - 18%', 'single', 18.00, NULL, 0, '2025-11-12 22:43:09', '2025-11-12 23:26:41'),
(2, 'GST - 3%', 'multiple', 3.00, '[{\"name\": \"SGST\", \"rate\": \"1.5\"}, {\"name\": \"IGST\", \"rate\": \"1.5\"}]', 1, '2025-11-12 22:44:03', '2025-11-12 23:27:03');

-- --------------------------------------------------------

--
-- Table structure for table `units`
--

CREATE TABLE IF NOT EXISTS `units` (
  `id` bigint UNSIGNED NOT NULL AUTO_INCREMENT,
  `name` varchar(100) COLLATE utf8mb4_unicode_ci NOT NULL,
  `created_at` timestamp NULL DEFAULT NULL,
  `updated_at` timestamp NULL DEFAULT NULL,
  PRIMARY KEY (`id`),
  UNIQUE KEY `units_name_unique` (`name`)
) ENGINE=MyISAM AUTO_INCREMENT=5 DEFAULT CHARSET=utf8mb4 COLLATE=utf8mb4_unicode_ci;

--
-- Dumping data for table `units`
--

INSERT INTO `units` (`id`, `name`, `created_at`, `updated_at`) VALUES
(1, 'set', '2025-11-12 11:21:03', '2025-11-12 11:21:03'),
(2, 'pc', '2025-11-12 11:21:23', '2025-11-12 11:21:23'),
(3, 'pair', '2025-11-12 11:21:32', '2025-11-12 11:21:32'),
(4, 'set of 4', '2025-11-12 11:37:40', '2025-11-12 11:37:40');

-- --------------------------------------------------------

--
-- Table structure for table `users`
--

CREATE TABLE IF NOT EXISTS `users` (
  `id` bigint UNSIGNED NOT NULL AUTO_INCREMENT,
  `name` varchar(255) COLLATE utf8mb4_unicode_ci NOT NULL,
  `mobile` varchar(15) COLLATE utf8mb4_unicode_ci NOT NULL,
  `email` varchar(255) COLLATE utf8mb4_unicode_ci DEFAULT NULL,
  `password` varchar(255) COLLATE utf8mb4_unicode_ci DEFAULT NULL,
  `remember_token` varchar(100) COLLATE utf8mb4_unicode_ci DEFAULT NULL,
  `last_login_at` timestamp NULL DEFAULT NULL,
  `created_at` timestamp NULL DEFAULT NULL,
  `updated_at` timestamp NULL DEFAULT NULL,
  PRIMARY KEY (`id`),
  UNIQUE KEY `users_mobile_unique` (`mobile`),
  KEY `users_mobile_index` (`mobile`)
) ENGINE=MyISAM AUTO_INCREMENT=4 DEFAULT CHARSET=utf8mb4 COLLATE=utf8mb4_unicode_ci;

--
-- Dumping data for table `users`
--

INSERT INTO `users` (`id`, `name`, `mobile`, `email`, `password`, `remember_token`, `last_login_at`, `created_at`, `updated_at`) VALUES
(1, 'Admin User', '9966337448', 'admin@kiyokart.com', '$2y$12$5j.X17c1Q87h..BqxoDdMO8F.6PPkzaZ5AvoC64r6eF3vhVbE.ezK', 'UQPneCw2tIhltva3IsFapHvZjkHyC8drvU25zXiVsK2hgdCwm5nwPWs6tFJ8', '2025-11-22 01:04:33', '2025-11-12 08:45:46', '2025-11-22 01:04:33'),
(2, 'anjaneya', '9966337446', NULL, NULL, 'lf4L5BEc9O3tU9lNvdgvkApFpj6AeGEkkDGXhhYLKp7dPDjaPwTGbdeF2JWe', '2025-11-22 00:30:07', '2025-11-12 08:48:58', '2025-11-22 00:30:07'),
(3, 'Anu', '773199663', NULL, '$2y$12$mkuskHkg3Mve0SmeSQL2semW6CzvbybtMzhvJvo6tjw7sIt4YOW16', NULL, NULL, '2025-11-21 07:18:46', '2025-11-21 07:18:46');
COMMIT;

